INSERT INTO `wh_woocommerce_order_itemmeta` VALUES
(2568, 256, '_product_id', '2272'),
(2569, 256, '_variation_id', '0'),
(2570, 256, '_qty', '1'),
(2571, 256, '_tax_class', ''),
(2572, 256, '_line_subtotal', '100'),
(2573, 256, '_line_subtotal_tax', '0'),
(2574, 256, '_line_total', '100'),
(2575, 256, '_line_tax', '0'),
(2576, 256, '_line_tax_data', 'a:2:{s:5:"total";a:0:{}s:8:"subtotal";a:0:{}}'),
(2577, 257, 'method_id', 'free_shipping'),
(2578, 257, 'instance_id', '17'),
(2579, 257, 'cost', '0.00'),
(2580, 257, 'total_tax', '0'),
(2581, 257, 'taxes', 'a:1:{s:5:"total";a:0:{}}'),
(2582, 257, 'Items', 'Vsw1 &times; 1'),
(2583, 258, 'discount_amount', '0'),
(2584, 258, 'discount_amount_tax', '0'),
(2585, 258, 'coupon_data', 'a:25:{s:2:"id";i:1924;s:4:"code";s:6:"love24";s:6:"amount";s:1:"0";s:6:"status";s:7:"publish";s:12:"date_created";O:11:"WC_DateTime":4:{s:13:"\0*\0utc_offset";i:0;s:4:"date";s:26:"2022-02-03 04:25:35.000000";s:13:"timezone_type";i:1;s:8:"timezone";s:6:"+00:00";}s:13:"date_modified";O:11:"WC_DateTime":4:{s:13:"\0*\0utc_offset";i:0;s:4:"date";s:26:"2024-02-09 01:39:04.000000";s:13:"timezone_type";i:1;s:8:"timezone";s:6:"+00:00";}s:12:"date_expires";O:11:"WC_DateTime":4:{s:13:"\0*\0utc_offset";i:0;s:4:"date";s:26:"2024-02-12 00:00:00.000000";s:13:"timezone_type";i:1;s:8:"timezone";s:6:"+00:00";}s:13:"discount_type";s:10:"fixed_cart";s:11:"description";s:18:"valentine wig sale";s:11:"usage_count";i:3;s:14:"individual_use";b:0;s:11:"product_ids";a:0:{}s:20:"excluded_product_ids";a:0:{}s:11:"usage_limit";i:0;s:20:"usage_limit_per_user";i:0;s:22:"limit_usage_to_x_items";N;s:13:"free_shipping";b:1;s:18:"product_categories";a:0:{}s:27:"excluded_product_categories";a:0:{}s:18:"exclude_sale_items";b:0;s:14:"minimum_amount";s:0:"";s:14:"maximum_amount";s:0:"";s:18:"email_restrictions";a:0:{}s:7:"virtual";b:0;s:9:"meta_data";a:26:{i:0;O:12:"WC_Meta_Data":2:{s:15:"\0*\0current_data";a:3:{s:2:"id";i:14044;s:3:"key";s:26:"sa_cbl_locations_lookup_in";s:5:"value";a:1:{s:7:"address";s:7:"billing";}}s:7:"\0*\0data";a:3:{s:2:"id";i:14044;s:3:"key";s:26:"sa_cbl_locations_lookup_in";s:5:"value";a:1:{s:7:"address";s:7:"billing";}}}i:1;O:12:"WC_Meta_Data":2:{s:15:"\0*\0current_data";a:3:{s:2:"id";i:14047;s:3:"key";s:17:"wc_coupon_message";s:5:"value";s:0:"";}s:7:"\0*\0data";a:3:{s:2:"id";i:14047;s:3:"key";s:17:"wc_coupon_message";s:5:"value";s:0:"";}}i:2;O:12:"WC_Meta_Data":2:{s:15:"\0*\0current_data";a:3:{s:2:"id";i:14048;s:3:"key";s:16:"wc_email_message";s:5:"value";s:2:"no";}s:7:"\0*\0data";a:3:{s:2:"id";i:14048;s:3:"key";s:16:"wc_email_message";s:5:"value";s:2:"no";}}i:3;O:12:"WC_Meta_Data":2:{s:15:"\0*\0current_data";a:3:{s:2:"id";i:14059;s:3:"key";s:23:"sc_restrict_to_new_user";s:5:"value";s:2:"no";}s:7:"\0*\0data";a:3:{s:2:"id";i:14059;s:3:"key";s:23:"sc_restrict_to_new_user";s:5:"value";s:2:"no";}}i:4;O:12:"WC_Meta_Data":2:{s:15:"\0*\0current_data";a:3:{s:2:"id";i:14060;s:3:"key";s:20:"auto_generate_coupon";s:5:"value";s:3:"yes";}s:7:"\0*\0data";a:3:{s:2:"id";i:14060;s:3:"key";s:20:"auto_generate_coupon";s:5:"value";s:3:"yes";}}i:5;O:12:"WC_Meta_Data":2:{s:15:"\0*\0current_data";a:3:{s:2:"id";i:14061;s:3:"key";s:19:"coupon_title_prefix";s:5:"value";s:0:"";}s:7:"\0*\0data";a:3:{s:2:"id";i:14061;s:3:"key";s:19:"coupon_title_prefix";s:5:"value";s:0:"";}}i:6;O:12:"WC_Meta_Data":2:{s:15:"\0*\0current_data";a:3:{s:2:"id";i:14062;s:3:"key";s:19:"coupon_title_suffix";s:5:"value";s:0:"";}s:7:"\0*\0data";a:3:{s:2:"id";i:14062;s:3:"key";s:19:"coupon_title_suffix";s:5:"value";s:0:"";}}i:7;O:12:"WC_Meta_Data":2:{s:15:"\0*\0current_data";a:3:{s:2:"id";i:14063;s:3:"key";s:18:"sc_coupon_validity";s:5:"value";s:1:"1";}s:7:"\0*\0data";a:3:{s:2:"id";i:14063;s:3:"key";s:18:"sc_coupon_validity";s:5:"value";s:1:"1";}}i:8;O:12:"WC_Meta_Data":2:{s:15:"\0*\0current_data";a:3:{s:2:"id";i:14064;s:3:"key";s:15:"validity_suffix";s:5:"value";s:4:"days";}s:7:"\0*\0data";a:3:{s:2:"id";i:14064;s:3:"key";s:15:"validity_suffix";s:5:"value";s:4:"days";}}i:9;O:12:"WC_Meta_Data":2:{s:15:"\0*\0current_data";a:3:{s:2:"id";i:14065;s:3:"key";s:23:"sc_is_visible_storewide";s:5:"value";s:3:"yes";}s:7:"\0*\0data";a:3:{s:2:"id";i:14065;s:3:"key";s:23:"sc_is_visible_storewide";s:5:"value";s:3:"yes";}}i:10;O:12:"WC_Meta_Data":2:{s:15:"\0*\0current_data";a:3:{s:2:"id";i:14066;s:3:"key";s:28:"sc_disable_email_restriction";s:5:"value";s:2:"no";}s:7:"\0*\0data";a:3:{s:2:"id";i:14066;s:3:"key";s:28:"sc_disable_email_restriction";s:5:"value";s:2:"no";}}i:11;O:12:"WC_Meta_Data":2:{s:15:"\0*\0current_data";a:3:{s:2:"id";i:14067;s:3:"key";s:24:"is_pick_price_of_product";s:5:"value";s:2:"no";}s:7:"\0*\0data";a:3:{s:2:"id";i:14067;s:3:"key";s:24:"is_pick_price_of_product";s:5:"value";s:2:"no";}}i:12;O:12:"WC_Meta_Data":2:{s:15:"\0*\0current_data";a:3:{s:2:"id";i:14068;s:3:"key";s:25:"wc_sc_add_product_details";s:5:"value";a:0:{}}s:7:"\0*\0data";a:3:{s:2:"id";i:14068;s:3:"key";s:25:"wc_sc_add_product_details";s:5:"value";a:0:{}}}i:13;O:12:"WC_Meta_Data":2:{s:15:"\0*\0current_data";a:3:{s:2:"id";i:14069;s:3:"key";s:18:"wc_sc_max_discount";s:5:"value";s:0:"";}s:7:"\0*\0data";a:3:{s:2:"id";i:14069;s:3:"key";s:18:"wc_sc_max_discount";s:5:"value";s:0:"";}}i:14;O:12:"WC_Meta_Data":2:{s:15:"\0*\0current_data";a:3:{s:2:"id";i:14070;s:3:"key";s:17:"wc_sc_expiry_time";s:5:"value";s:5:"43200";}s:7:"\0*\0data";a:3:{s:2:"id";i:14070;s:3:"key";s:17:"wc_sc_expiry_time";s:5:"value";s:5:"43200";}}i:15;O:12:"WC_Meta_Data":2:{s:15:"\0*\0current_data";a:3:{s:2:"id";i:14071;s:3:"key";s:23:"wc_sc_auto_apply_coupon";s:5:"value";s:3:"yes";}s:7:"\0*\0data";a:3:{s:2:"id";i:14071;s:3:"key";s:23:"wc_sc_auto_apply_coupon";s:5:"value";s:3:"yes";}}i:16;O:12:"WC_Meta_Data":2:{s:15:"\0*\0current_data";a:3:{s:2:"id";i:14072;s:3:"key";s:24:"sa_cbl_billing_locations";s:5:"value";a:0:{}}s:7:"\0*\0data";a:3:{s:2:"id";i:14072;s:3:"key";s:24:"sa_cbl_billing_locations";s:5:"value";a:0:{}}}i:17;O:12:"WC_Meta_Data":2:{s:15:"\0*\0current_data";a:3:{s:2:"id";i:14073;s:3:"key";s:24:"wc_sc_payment_method_ids";s:5:"value";a:0:{}}s:7:"\0*\0data";a:3:{s:2:"id";i:14073;s:3:"key";s:24:"wc_sc_payment_method_ids";s:5:"value";a:0:{}}}i:18;O:12:"WC_Meta_Data":2:{s:15:"\0*\0current_data";a:3:{s:2:"id";i:14074;s:3:"key";s:25:"wc_sc_shipping_method_ids";s:5:"value";a:0:{}}s:7:"\0*\0data";a:3:{s:2:"id";i:14074;s:3:"key";s:25:"wc_sc_shipping_method_ids";s:5:"value";a:0:{}}}i:19;O:12:"WC_Meta_Data":2:{s:15:"\0*\0current_data";a:3:{s:2:"id";i:14075;s:3:"key";s:19:"wc_sc_user_role_ids";s:5:"value";a:0:{}}s:7:"\0*\0data";a:3:{s:2:"id";i:14075;s:3:"key";s:19:"wc_sc_user_role_ids";s:5:"value";a:0:{}}}i:20;O:12:"WC_Meta_Data":2:{s:15:"\0*\0current_data";a:3:{s:2:"id";i:14076;s:3:"key";s:27:"wc_sc_exclude_user_role_ids";s:5:"value";a:0:{}}s:7:"\0*\0data";a:3:{s:2:"id";i:14076;s:3:"key";s:27:"wc_sc_exclude_user_role_ids";s:5:"value";a:0:{}}}i:21;O:12:"WC_Meta_Data":2:{s:15:"\0*\0current_data";a:3:{s:2:"id";i:14077;s:3:"key";s:27:"wc_sc_product_attribute_ids";s:5:"value";s:0:"";}s:7:"\0*\0data";a:3:{s:2:"id";i:14077;s:3:"key";s:27:"wc_sc_product_attribute_ids";s:5:"value";s:0:"";}}i:22;O:12:"WC_Meta_Data":2:{s:15:"\0*\0current_data";a:3:{s:2:"id";i:14078;s:3:"key";s:35:"wc_sc_exclude_product_attribute_ids";s:5:"value";s:0:"";}s:7:"\0*\0data";a:3:{s:2:"id";i:14078;s:3:"key";s:35:"wc_sc_exclude_product_attribute_ids";s:5:"value";s:0:"";}}i:23;O:12:"WC_Meta_Data":2:{s:15:"\0*\0current_data";a:3:{s:2:"id";i:14079;s:3:"key";s:27:"wc_sc_taxonomy_restrictions";s:5:"value";a:0:{}}s:7:"\0*\0data";a:3:{s:2:"id";i:14079;s:3:"key";s:27:"wc_sc_taxonomy_restrictions";s:5:"value";a:0:{}}}i:24;O:12:"WC_Meta_Data":2:{s:15:"\0*\0current_data";a:3:{s:2:"id";i:14080;s:3:"key";s:15:"wptr_hide_title";s:5:"value";s:1:"0";}s:7:"\0*\0data";a:3:{s:2:"id";i:14080;s:3:"key";s:15:"wptr_hide_title";s:5:"value";s:1:"0";}}i:25;O:12:"WC_Meta_Data":2:{s:15:"\0*\0current_data";a:3:{s:2:"id";i:17931;s:3:"key";s:12:"_wp_old_slug";s:5:"value";s:17:"wheval22__trashed";}s:7:"\0*\0data";a:3:{s:2:"id";i:17931;s:3:"key";s:12:"_wp_old_slug";s:5:"value";s:17:"wheval22__trashed";}}}}'),
(2586, 259, '_product_id', '2241'),
(2587, 259, '_variation_id', '0'),
(2588, 259, '_qty', '1'),
(2589, 259, '_tax_class', ''),
(2590, 259, '_line_subtotal', '155'),
(2591, 259, '_line_subtotal_tax', '0'),
(2592, 259, '_line_total', '155'),
(2593, 259, '_line_tax', '0'),
(2594, 259, '_line_tax_data', 'a:2:{s:5:"total";a:0:{}s:8:"subtotal";a:0:{}}'),
(2595, 260, 'method_id', 'free_shipping'),
(2596, 260, 'instance_id', '17'),
(2597, 260, 'cost', '0.00'),
(2598, 260, 'total_tax', '0'),
(2599, 260, 'taxes', 'a:1:{s:5:"total";a:0:{}}'),
(2600, 260, 'Items', 'Jane 2X &times; 1'),
(2601, 261, 'discount_amount', '0'),
(2602, 261, 'discount_amount_tax', '0'),
(2603, 261, 'coupon_data', 'a:25:{s:2:"id";i:1924;s:4:"code";s:6:"love24";s:6:"amount";s:1:"0";s:6:"status";s:7:"publish";s:12:"date_created";O:11:"WC_DateTime":4:{s:13:"\0*\0utc_offset";i:0;s:4:"date";s:26:"2022-02-03 04:25:35.000000";s:13:"timezone_type";i:1;s:8:"timezone";s:6:"+00:00";}s:13:"date_modified";O:11:"WC_DateTime":4:{s:13:"\0*\0utc_offset";i:0;s:4:"date";s:26:"2024-02-09 01:39:04.000000";s:13:"timezone_type";i:1;s:8:"timezone";s:6:"+00:00";}s:12:"date_expires";O:11:"WC_DateTime":4:{s:13:"\0*\0utc_offset";i:0;s:4:"date";s:26:"2024-02-12 00:00:00.000000";s:13:"timezone_type";i:1;s:8:"timezone";s:6:"+00:00";}s:13:"discount_type";s:10:"fixed_cart";s:11:"description";s:18:"valentine wig sale";s:11:"usage_count";i:4;s:14:"individual_use";b:0;s:11:"product_ids";a:0:{}s:20:"excluded_product_ids";a:0:{}s:11:"usage_limit";i:0;s:20:"usage_limit_per_user";i:0;s:22:"limit_usage_to_x_items";N;s:13:"free_shipping";b:1;s:18:"product_categories";a:0:{}s:27:"excluded_product_categories";a:0:{}s:18:"exclude_sale_items";b:0;s:14:"minimum_amount";s:0:"";s:14:"maximum_amount";s:0:"";s:18:"email_restrictions";a:0:{}s:7:"virtual";b:0;s:9:"meta_data";a:26:{i:0;O:12:"WC_Meta_Data":2:{s:15:"\0*\0current_data";a:3:{s:2:"id";i:14044;s:3:"key";s:26:"sa_cbl_locations_lookup_in";s:5:"value";a:1:{s:7:"address";s:7:"billing";}}s:7:"\0*\0data";a:3:{s:2:"id";i:14044;s:3:"key";s:26:"sa_cbl_locations_lookup_in";s:5:"value";a:1:{s:7:"address";s:7:"billing";}}}i:1;O:12:"WC_Meta_Data":2:{s:15:"\0*\0current_data";a:3:{s:2:"id";i:14047;s:3:"key";s:17:"wc_coupon_message";s:5:"value";s:0:"";}s:7:"\0*\0data";a:3:{s:2:"id";i:14047;s:3:"key";s:17:"wc_coupon_message";s:5:"value";s:0:"";}}i:2;O:12:"WC_Meta_Data":2:{s:15:"\0*\0current_data";a:3:{s:2:"id";i:14048;s:3:"key";s:16:"wc_email_message";s:5:"value";s:2:"no";}s:7:"\0*\0data";a:3:{s:2:"id";i:14048;s:3:"key";s:16:"wc_email_message";s:5:"value";s:2:"no";}}i:3;O:12:"WC_Meta_Data":2:{s:15:"\0*\0current_data";a:3:{s:2:"id";i:14059;s:3:"key";s:23:"sc_restrict_to_new_user";s:5:"value";s:2:"no";}s:7:"\0*\0data";a:3:{s:2:"id";i:14059;s:3:"key";s:23:"sc_restrict_to_new_user";s:5:"value";s:2:"no";}}i:4;O:12:"WC_Meta_Data":2:{s:15:"\0*\0current_data";a:3:{s:2:"id";i:14060;s:3:"key";s:20:"auto_generate_coupon";s:5:"value";s:3:"yes";}s:7:"\0*\0data";a:3:{s:2:"id";i:14060;s:3:"key";s:20:"auto_generate_coupon";s:5:"value";s:3:"yes";}}i:5;O:12:"WC_Meta_Data":2:{s:15:"\0*\0current_data";a:3:{s:2:"id";i:14061;s:3:"key";s:19:"coupon_title_prefix";s:5:"value";s:0:"";}s:7:"\0*\0data";a:3:{s:2:"id";i:14061;s:3:"key";s:19:"coupon_title_prefix";s:5:"value";s:0:"";}}i:6;O:12:"WC_Meta_Data":2:{s:15:"\0*\0current_data";a:3:{s:2:"id";i:14062;s:3:"key";s:19:"coupon_title_suffix";s:5:"value";s:0:"";}s:7:"\0*\0data";a:3:{s:2:"id";i:14062;s:3:"key";s:19:"coupon_title_suffix";s:5:"value";s:0:"";}}i:7;O:12:"WC_Meta_Data":2:{s:15:"\0*\0current_data";a:3:{s:2:"id";i:14063;s:3:"key";s:18:"sc_coupon_validity";s:5:"value";s:1:"1";}s:7:"\0*\0data";a:3:{s:2:"id";i:14063;s:3:"key";s:18:"sc_coupon_validity";s:5:"value";s:1:"1";}}i:8;O:12:"WC_Meta_Data":2:{s:15:"\0*\0current_data";a:3:{s:2:"id";i:14064;s:3:"key";s:15:"validity_suffix";s:5:"value";s:4:"days";}s:7:"\0*\0data";a:3:{s:2:"id";i:14064;s:3:"key";s:15:"validity_suffix";s:5:"value";s:4:"days";}}i:9;O:12:"WC_Meta_Data":2:{s:15:"\0*\0current_data";a:3:{s:2:"id";i:14065;s:3:"key";s:23:"sc_is_visible_storewide";s:5:"value";s:3:"yes";}s:7:"\0*\0data";a:3:{s:2:"id";i:14065;s:3:"key";s:23:"sc_is_visible_storewide";s:5:"value";s:3:"yes";}}i:10;O:12:"WC_Meta_Data":2:{s:15:"\0*\0current_data";a:3:{s:2:"id";i:14066;s:3:"key";s:28:"sc_disable_email_restriction";s:5:"value";s:2:"no";}s:7:"\0*\0data";a:3:{s:2:"id";i:14066;s:3:"key";s:28:"sc_disable_email_restriction";s:5:"value";s:2:"no";}}i:11;O:12:"WC_Meta_Data":2:{s:15:"\0*\0current_data";a:3:{s:2:"id";i:14067;s:3:"key";s:24:"is_pick_price_of_product";s:5:"value";s:2:"no";}s:7:"\0*\0data";a:3:{s:2:"id";i:14067;s:3:"key";s:24:"is_pick_price_of_product";s:5:"value";s:2:"no";}}i:12;O:12:"WC_Meta_Data":2:{s:15:"\0*\0current_data";a:3:{s:2:"id";i:14068;s:3:"key";s:25:"wc_sc_add_product_details";s:5:"value";a:0:{}}s:7:"\0*\0data";a:3:{s:2:"id";i:14068;s:3:"key";s:25:"wc_sc_add_product_details";s:5:"value";a:0:{}}}i:13;O:12:"WC_Meta_Data":2:{s:15:"\0*\0current_data";a:3:{s:2:"id";i:14069;s:3:"key";s:18:"wc_sc_max_discount";s:5:"value";s:0:"";}s:7:"\0*\0data";a:3:{s:2:"id";i:14069;s:3:"key";s:18:"wc_sc_max_discount";s:5:"value";s:0:"";}}i:14;O:12:"WC_Meta_Data":2:{s:15:"\0*\0current_data";a:3:{s:2:"id";i:14070;s:3:"key";s:17:"wc_sc_expiry_time";s:5:"value";s:5:"43200";}s:7:"\0*\0data";a:3:{s:2:"id";i:14070;s:3:"key";s:17:"wc_sc_expiry_time";s:5:"value";s:5:"43200";}}i:15;O:12:"WC_Meta_Data":2:{s:15:"\0*\0current_data";a:3:{s:2:"id";i:14071;s:3:"key";s:23:"wc_sc_auto_apply_coupon";s:5:"value";s:3:"yes";}s:7:"\0*\0data";a:3:{s:2:"id";i:14071;s:3:"key";s:23:"wc_sc_auto_apply_coupon";s:5:"value";s:3:"yes";}}i:16;O:12:"WC_Meta_Data":2:{s:15:"\0*\0current_data";a:3:{s:2:"id";i:14072;s:3:"key";s:24:"sa_cbl_billing_locations";s:5:"value";a:0:{}}s:7:"\0*\0data";a:3:{s:2:"id";i:14072;s:3:"key";s:24:"sa_cbl_billing_locations";s:5:"value";a:0:{}}}i:17;O:12:"WC_Meta_Data":2:{s:15:"\0*\0current_data";a:3:{s:2:"id";i:14073;s:3:"key";s:24:"wc_sc_payment_method_ids";s:5:"value";a:0:{}}s:7:"\0*\0data";a:3:{s:2:"id";i:14073;s:3:"key";s:24:"wc_sc_payment_method_ids";s:5:"value";a:0:{}}}i:18;O:12:"WC_Meta_Data":2:{s:15:"\0*\0current_data";a:3:{s:2:"id";i:14074;s:3:"key";s:25:"wc_sc_shipping_method_ids";s:5:"value";a:0:{}}s:7:"\0*\0data";a:3:{s:2:"id";i:14074;s:3:"key";s:25:"wc_sc_shipping_method_ids";s:5:"value";a:0:{}}}i:19;O:12:"WC_Meta_Data":2:{s:15:"\0*\0current_data";a:3:{s:2:"id";i:14075;s:3:"key";s:19:"wc_sc_user_role_ids";s:5:"value";a:0:{}}s:7:"\0*\0data";a:3:{s:2:"id";i:14075;s:3:"key";s:19:"wc_sc_user_role_ids";s:5:"value";a:0:{}}}i:20;O:12:"WC_Meta_Data":2:{s:15:"\0*\0current_data";a:3:{s:2:"id";i:14076;s:3:"key";s:27:"wc_sc_exclude_user_role_ids";s:5:"value";a:0:{}}s:7:"\0*\0data";a:3:{s:2:"id";i:14076;s:3:"key";s:27:"wc_sc_exclude_user_role_ids";s:5:"value";a:0:{}}}i:21;O:12:"WC_Meta_Data":2:{s:15:"\0*\0current_data";a:3:{s:2:"id";i:14077;s:3:"key";s:27:"wc_sc_product_attribute_ids";s:5:"value";s:0:"";}s:7:"\0*\0data";a:3:{s:2:"id";i:14077;s:3:"key";s:27:"wc_sc_product_attribute_ids";s:5:"value";s:0:"";}}i:22;O:12:"WC_Meta_Data":2:{s:15:"\0*\0current_data";a:3:{s:2:"id";i:14078;s:3:"key";s:35:"wc_sc_exclude_product_attribute_ids";s:5:"value";s:0:"";}s:7:"\0*\0data";a:3:{s:2:"id";i:14078;s:3:"key";s:35:"wc_sc_exclude_product_attribute_ids";s:5:"value";s:0:"";}}i:23;O:12:"WC_Meta_Data":2:{s:15:"\0*\0current_data";a:3:{s:2:"id";i:14079;s:3:"key";s:27:"wc_sc_taxonomy_restrictions";s:5:"value";a:0:{}}s:7:"\0*\0data";a:3:{s:2:"id";i:14079;s:3:"key";s:27:"wc_sc_taxonomy_restrictions";s:5:"value";a:0:{}}}i:24;O:12:"WC_Meta_Data":2:{s:15:"\0*\0current_data";a:3:{s:2:"id";i:14080;s:3:"key";s:15:"wptr_hide_title";s:5:"value";s:1:"0";}s:7:"\0*\0data";a:3:{s:2:"id";i:14080;s:3:"key";s:15:"wptr_hide_title";s:5:"value";s:1:"0";}}i:25;O:12:"WC_Meta_Data":2:{s:15:"\0*\0current_data";a:3:{s:2:"id";i:17931;s:3:"key";s:12:"_wp_old_slug";s:5:"value";s:17:"wheval22__trashed";}s:7:"\0*\0data";a:3:{s:2:"id";i:17931;s:3:"key";s:12:"_wp_old_slug";s:5:"value";s:17:"wheval22__trashed";}}}}'),
(2604, 262, '_product_id', '2452'),
(2605, 262, '_variation_id', '0'),
(2606, 262, '_qty', '1'),
(2607, 262, '_tax_class', ''),
(2608, 262, '_line_subtotal', '100'),
(2609, 262, '_line_subtotal_tax', '0'),
(2610, 262, '_line_total', '100'),
(2611, 262, '_line_tax', '0'),
(2612, 262, '_line_tax_data', 'a:2:{s:5:"total";a:0:{}s:8:"subtotal";a:0:{}}'),
(2613, 263, '_product_id', '2241'),
(2614, 263, '_variation_id', '0'),
(2615, 263, '_qty', '1'),
(2616, 263, '_tax_class', ''),
(2617, 263, '_line_subtotal', '155'),
(2618, 263, '_line_subtotal_tax', '0'),
(2619, 263, '_line_total', '155'),
(2620, 263, '_line_tax', '0'),
(2621, 263, '_line_tax_data', 'a:2:{s:5:"total";a:0:{}s:8:"subtotal";a:0:{}}'),
(2622, 264, 'method_id', 'free_shipping'),
(2623, 264, 'instance_id', '17'),
(2624, 264, 'cost', '0.00'),
(2625, 264, 'total_tax', '0'),
(2626, 264, 'taxes', 'a:1:{s:5:"total";a:0:{}}'),
(2627, 264, 'Items', 'Vsw 7 &times; 1, Jane 2X &times; 1'),
(2628, 265, 'discount_amount', '0'),
(2629, 265, 'discount_amount_tax', '0'),
(2630, 265, 'coupon_data', 'a:25:{s:2:"id";i:1924;s:4:"code";s:6:"love24";s:6:"amount";s:1:"0";s:6:"status";s:7:"publish";s:12:"date_created";O:11:"WC_DateTime":4:{s:13:"\0*\0utc_offset";i:0;s:4:"date";s:26:"2022-02-03 04:25:35.000000";s:13:"timezone_type";i:1;s:8:"timezone";s:6:"+00:00";}s:13:"date_modified";O:11:"WC_DateTime":4:{s:13:"\0*\0utc_offset";i:0;s:4:"date";s:26:"2024-02-09 01:39:04.000000";s:13:"timezone_type";i:1;s:8:"timezone";s:6:"+00:00";}s:12:"date_expires";O:11:"WC_DateTime":4:{s:13:"\0*\0utc_offset";i:0;s:4:"date";s:26:"2024-02-12 00:00:00.000000";s:13:"timezone_type";i:1;s:8:"timezone";s:6:"+00:00";}s:13:"discount_type";s:10:"fixed_cart";s:11:"description";s:18:"valentine wig sale";s:11:"usage_count";i:4;s:14:"individual_use";b:0;s:11:"product_ids";a:0:{}s:20:"excluded_product_ids";a:0:{}s:11:"usage_limit";i:0;s:20:"usage_limit_per_user";i:0;s:22:"limit_usage_to_x_items";N;s:13:"free_shipping";b:1;s:18:"product_categories";a:0:{}s:27:"excluded_product_categories";a:0:{}s:18:"exclude_sale_items";b:0;s:14:"minimum_amount";s:0:"";s:14:"maximum_amount";s:0:"";s:18:"email_restrictions";a:0:{}s:7:"virtual";b:0;s:9:"meta_data";a:26:{i:0;O:12:"WC_Meta_Data":2:{s:15:"\0*\0current_data";a:3:{s:2:"id";i:14044;s:3:"key";s:26:"sa_cbl_locations_lookup_in";s:5:"value";a:1:{s:7:"address";s:7:"billing";}}s:7:"\0*\0data";a:3:{s:2:"id";i:14044;s:3:"key";s:26:"sa_cbl_locations_lookup_in";s:5:"value";a:1:{s:7:"address";s:7:"billing";}}}i:1;O:12:"WC_Meta_Data":2:{s:15:"\0*\0current_data";a:3:{s:2:"id";i:14047;s:3:"key";s:17:"wc_coupon_message";s:5:"value";s:0:"";}s:7:"\0*\0data";a:3:{s:2:"id";i:14047;s:3:"key";s:17:"wc_coupon_message";s:5:"value";s:0:"";}}i:2;O:12:"WC_Meta_Data":2:{s:15:"\0*\0current_data";a:3:{s:2:"id";i:14048;s:3:"key";s:16:"wc_email_message";s:5:"value";s:2:"no";}s:7:"\0*\0data";a:3:{s:2:"id";i:14048;s:3:"key";s:16:"wc_email_message";s:5:"value";s:2:"no";}}i:3;O:12:"WC_Meta_Data":2:{s:15:"\0*\0current_data";a:3:{s:2:"id";i:14059;s:3:"key";s:23:"sc_restrict_to_new_user";s:5:"value";s:2:"no";}s:7:"\0*\0data";a:3:{s:2:"id";i:14059;s:3:"key";s:23:"sc_restrict_to_new_user";s:5:"value";s:2:"no";}}i:4;O:12:"WC_Meta_Data":2:{s:15:"\0*\0current_data";a:3:{s:2:"id";i:14060;s:3:"key";s:20:"auto_generate_coupon";s:5:"value";s:3:"yes";}s:7:"\0*\0data";a:3:{s:2:"id";i:14060;s:3:"key";s:20:"auto_generate_coupon";s:5:"value";s:3:"yes";}}i:5;O:12:"WC_Meta_Data":2:{s:15:"\0*\0current_data";a:3:{s:2:"id";i:14061;s:3:"key";s:19:"coupon_title_prefix";s:5:"value";s:0:"";}s:7:"\0*\0data";a:3:{s:2:"id";i:14061;s:3:"key";s:19:"coupon_title_prefix";s:5:"value";s:0:"";}}i:6;O:12:"WC_Meta_Data":2:{s:15:"\0*\0current_data";a:3:{s:2:"id";i:14062;s:3:"key";s:19:"coupon_title_suffix";s:5:"value";s:0:"";}s:7:"\0*\0data";a:3:{s:2:"id";i:14062;s:3:"key";s:19:"coupon_title_suffix";s:5:"value";s:0:"";}}i:7;O:12:"WC_Meta_Data":2:{s:15:"\0*\0current_data";a:3:{s:2:"id";i:14063;s:3:"key";s:18:"sc_coupon_validity";s:5:"value";s:1:"1";}s:7:"\0*\0data";a:3:{s:2:"id";i:14063;s:3:"key";s:18:"sc_coupon_validity";s:5:"value";s:1:"1";}}i:8;O:12:"WC_Meta_Data":2:{s:15:"\0*\0current_data";a:3:{s:2:"id";i:14064;s:3:"key";s:15:"validity_suffix";s:5:"value";s:4:"days";}s:7:"\0*\0data";a:3:{s:2:"id";i:14064;s:3:"key";s:15:"validity_suffix";s:5:"value";s:4:"days";}}i:9;O:12:"WC_Meta_Data":2:{s:15:"\0*\0current_data";a:3:{s:2:"id";i:14065;s:3:"key";s:23:"sc_is_visible_storewide";s:5:"value";s:3:"yes";}s:7:"\0*\0data";a:3:{s:2:"id";i:14065;s:3:"key";s:23:"sc_is_visible_storewide";s:5:"value";s:3:"yes";}}i:10;O:12:"WC_Meta_Data":2:{s:15:"\0*\0current_data";a:3:{s:2:"id";i:14066;s:3:"key";s:28:"sc_disable_email_restriction";s:5:"value";s:2:"no";}s:7:"\0*\0data";a:3:{s:2:"id";i:14066;s:3:"key";s:28:"sc_disable_email_restriction";s:5:"value";s:2:"no";}}i:11;O:12:"WC_Meta_Data":2:{s:15:"\0*\0current_data";a:3:{s:2:"id";i:14067;s:3:"key";s:24:"is_pick_price_of_product";s:5:"value";s:2:"no";}s:7:"\0*\0data";a:3:{s:2:"id";i:14067;s:3:"key";s:24:"is_pick_price_of_product";s:5:"value";s:2:"no";}}i:12;O:12:"WC_Meta_Data":2:{s:15:"\0*\0current_data";a:3:{s:2:"id";i:14068;s:3:"key";s:25:"wc_sc_add_product_details";s:5:"value";a:0:{}}s:7:"\0*\0data";a:3:{s:2:"id";i:14068;s:3:"key";s:25:"wc_sc_add_product_details";s:5:"value";a:0:{}}}i:13;O:12:"WC_Meta_Data":2:{s:15:"\0*\0current_data";a:3:{s:2:"id";i:14069;s:3:"key";s:18:"wc_sc_max_discount";s:5:"value";s:0:"";}s:7:"\0*\0data";a:3:{s:2:"id";i:14069;s:3:"key";s:18:"wc_sc_max_discount";s:5:"value";s:0:"";}}i:14;O:12:"WC_Meta_Data":2:{s:15:"\0*\0current_data";a:3:{s:2:"id";i:14070;s:3:"key";s:17:"wc_sc_expiry_time";s:5:"value";s:5:"43200";}s:7:"\0*\0data";a:3:{s:2:"id";i:14070;s:3:"key";s:17:"wc_sc_expiry_time";s:5:"value";s:5:"43200";}}i:15;O:12:"WC_Meta_Data":2:{s:15:"\0*\0current_data";a:3:{s:2:"id";i:14071;s:3:"key";s:23:"wc_sc_auto_apply_coupon";s:5:"value";s:3:"yes";}s:7:"\0*\0data";a:3:{s:2:"id";i:14071;s:3:"key";s:23:"wc_sc_auto_apply_coupon";s:5:"value";s:3:"yes";}}i:16;O:12:"WC_Meta_Data":2:{s:15:"\0*\0current_data";a:3:{s:2:"id";i:14072;s:3:"key";s:24:"sa_cbl_billing_locations";s:5:"value";a:0:{}}s:7:"\0*\0data";a:3:{s:2:"id";i:14072;s:3:"key";s:24:"sa_cbl_billing_locations";s:5:"value";a:0:{}}}i:17;O:12:"WC_Meta_Data":2:{s:15:"\0*\0current_data";a:3:{s:2:"id";i:14073;s:3:"key";s:24:"wc_sc_payment_method_ids";s:5:"value";a:0:{}}s:7:"\0*\0data";a:3:{s:2:"id";i:14073;s:3:"key";s:24:"wc_sc_payment_method_ids";s:5:"value";a:0:{}}}i:18;O:12:"WC_Meta_Data":2:{s:15:"\0*\0current_data";a:3:{s:2:"id";i:14074;s:3:"key";s:25:"wc_sc_shipping_method_ids";s:5:"value";a:0:{}}s:7:"\0*\0data";a:3:{s:2:"id";i:14074;s:3:"key";s:25:"wc_sc_shipping_method_ids";s:5:"value";a:0:{}}}i:19;O:12:"WC_Meta_Data":2:{s:15:"\0*\0current_data";a:3:{s:2:"id";i:14075;s:3:"key";s:19:"wc_sc_user_role_ids";s:5:"value";a:0:{}}s:7:"\0*\0data";a:3:{s:2:"id";i:14075;s:3:"key";s:19:"wc_sc_user_role_ids";s:5:"value";a:0:{}}}i:20;O:12:"WC_Meta_Data":2:{s:15:"\0*\0current_data";a:3:{s:2:"id";i:14076;s:3:"key";s:27:"wc_sc_exclude_user_role_ids";s:5:"value";a:0:{}}s:7:"\0*\0data";a:3:{s:2:"id";i:14076;s:3:"key";s:27:"wc_sc_exclude_user_role_ids";s:5:"value";a:0:{}}}i:21;O:12:"WC_Meta_Data":2:{s:15:"\0*\0current_data";a:3:{s:2:"id";i:14077;s:3:"key";s:27:"wc_sc_product_attribute_ids";s:5:"value";s:0:"";}s:7:"\0*\0data";a:3:{s:2:"id";i:14077;s:3:"key";s:27:"wc_sc_product_attribute_ids";s:5:"value";s:0:"";}}i:22;O:12:"WC_Meta_Data":2:{s:15:"\0*\0current_data";a:3:{s:2:"id";i:14078;s:3:"key";s:35:"wc_sc_exclude_product_attribute_ids";s:5:"value";s:0:"";}s:7:"\0*\0data";a:3:{s:2:"id";i:14078;s:3:"key";s:35:"wc_sc_exclude_product_attribute_ids";s:5:"value";s:0:"";}}i:23;O:12:"WC_Meta_Data":2:{s:15:"\0*\0current_data";a:3:{s:2:"id";i:14079;s:3:"key";s:27:"wc_sc_taxonomy_restrictions";s:5:"value";a:0:{}}s:7:"\0*\0data";a:3:{s:2:"id";i:14079;s:3:"key";s:27:"wc_sc_taxonomy_restrictions";s:5:"value";a:0:{}}}i:24;O:12:"WC_Meta_Data":2:{s:15:"\0*\0current_data";a:3:{s:2:"id";i:14080;s:3:"key";s:15:"wptr_hide_title";s:5:"value";s:1:"0";}s:7:"\0*\0data";a:3:{s:2:"id";i:14080;s:3:"key";s:15:"wptr_hide_title";s:5:"value";s:1:"0";}}i:25;O:12:"WC_Meta_Data":2:{s:15:"\0*\0current_data";a:3:{s:2:"id";i:17931;s:3:"key";s:12:"_wp_old_slug";s:5:"value";s:17:"wheval22__trashed";}s:7:"\0*\0data";a:3:{s:2:"id";i:17931;s:3:"key";s:12:"_wp_old_slug";s:5:"value";s:17:"wheval22__trashed";}}}}'),
(2631, 266, '_product_id', '2422'),
(2632, 266, '_variation_id', '0'),
(2633, 266, '_qty', '1'),
(2634, 266, '_tax_class', ''),
(2635, 266, '_line_subtotal', '155'),
(2636, 266, '_line_subtotal_tax', '0'),
(2637, 266, '_line_total', '155'),
(2638, 266, '_line_tax', '0'),
(2639, 266, '_line_tax_data', 'a:2:{s:5:"total";a:0:{}s:8:"subtotal";a:0:{}}'),
(2640, 267, 'method_id', 'free_shipping'),
(2641, 267, 'instance_id', '17'),
(2642, 267, 'cost', '0.00'),
(2643, 267, 'total_tax', '0'),
(2644, 267, 'taxes', 'a:1:{s:5:"total";a:0:{}}'),
(2645, 267, 'Items', 'Vsw 5 &times; 1'),
(2646, 268, 'discount_amount', '0'),
(2647, 268, 'discount_amount_tax', '0'),
(2648, 268, 'coupon_data', 'a:25:{s:2:"id";i:1924;s:4:"code";s:6:"love24";s:6:"amount";s:1:"0";s:6:"status";s:7:"publish";s:12:"date_created";O:11:"WC_DateTime":4:{s:13:"\0*\0utc_offset";i:0;s:4:"date";s:26:"2022-02-03 04:25:35.000000";s:13:"timezone_type";i:1;s:8:"timezone";s:6:"+00:00";}s:13:"date_modified";O:11:"WC_DateTime":4:{s:13:"\0*\0utc_offset";i:0;s:4:"date";s:26:"2024-02-09 01:39:04.000000";s:13:"timezone_type";i:1;s:8:"timezone";s:6:"+00:00";}s:12:"date_expires";O:11:"WC_DateTime":4:{s:13:"\0*\0utc_offset";i:0;s:4:"date";s:26:"2024-02-12 00:00:00.000000";s:13:"timezone_type";i:1;s:8:"timezone";s:6:"+00:00";}s:13:"discount_type";s:10:"fixed_cart";s:11:"description";s:18:"valentine wig sale";s:11:"usage_count";i:5;s:14:"individual_use";b:0;s:11:"product_ids";a:0:{}s:20:"excluded_product_ids";a:0:{}s:11:"usage_limit";i:0;s:20:"usage_limit_per_user";i:0;s:22:"limit_usage_to_x_items";N;s:13:"free_shipping";b:1;s:18:"product_categories";a:0:{}s:27:"excluded_product_categories";a:0:{}s:18:"exclude_sale_items";b:0;s:14:"minimum_amount";s:0:"";s:14:"maximum_amount";s:0:"";s:18:"email_restrictions";a:0:{}s:7:"virtual";b:0;s:9:"meta_data";a:26:{i:0;O:12:"WC_Meta_Data":2:{s:15:"\0*\0current_data";a:3:{s:2:"id";i:14044;s:3:"key";s:26:"sa_cbl_locations_lookup_in";s:5:"value";a:1:{s:7:"address";s:7:"billing";}}s:7:"\0*\0data";a:3:{s:2:"id";i:14044;s:3:"key";s:26:"sa_cbl_locations_lookup_in";s:5:"value";a:1:{s:7:"address";s:7:"billing";}}}i:1;O:12:"WC_Meta_Data":2:{s:15:"\0*\0current_data";a:3:{s:2:"id";i:14047;s:3:"key";s:17:"wc_coupon_message";s:5:"value";s:0:"";}s:7:"\0*\0data";a:3:{s:2:"id";i:14047;s:3:"key";s:17:"wc_coupon_message";s:5:"value";s:0:"";}}i:2;O:12:"WC_Meta_Data":2:{s:15:"\0*\0current_data";a:3:{s:2:"id";i:14048;s:3:"key";s:16:"wc_email_message";s:5:"value";s:2:"no";}s:7:"\0*\0data";a:3:{s:2:"id";i:14048;s:3:"key";s:16:"wc_email_message";s:5:"value";s:2:"no";}}i:3;O:12:"WC_Meta_Data":2:{s:15:"\0*\0current_data";a:3:{s:2:"id";i:14059;s:3:"key";s:23:"sc_restrict_to_new_user";s:5:"value";s:2:"no";}s:7:"\0*\0data";a:3:{s:2:"id";i:14059;s:3:"key";s:23:"sc_restrict_to_new_user";s:5:"value";s:2:"no";}}i:4;O:12:"WC_Meta_Data":2:{s:15:"\0*\0current_data";a:3:{s:2:"id";i:14060;s:3:"key";s:20:"auto_generate_coupon";s:5:"value";s:3:"yes";}s:7:"\0*\0data";a:3:{s:2:"id";i:14060;s:3:"key";s:20:"auto_generate_coupon";s:5:"value";s:3:"yes";}}i:5;O:12:"WC_Meta_Data":2:{s:15:"\0*\0current_data";a:3:{s:2:"id";i:14061;s:3:"key";s:19:"coupon_title_prefix";s:5:"value";s:0:"";}s:7:"\0*\0data";a:3:{s:2:"id";i:14061;s:3:"key";s:19:"coupon_title_prefix";s:5:"value";s:0:"";}}i:6;O:12:"WC_Meta_Data":2:{s:15:"\0*\0current_data";a:3:{s:2:"id";i:14062;s:3:"key";s:19:"coupon_title_suffix";s:5:"value";s:0:"";}s:7:"\0*\0data";a:3:{s:2:"id";i:14062;s:3:"key";s:19:"coupon_title_suffix";s:5:"value";s:0:"";}}i:7;O:12:"WC_Meta_Data":2:{s:15:"\0*\0current_data";a:3:{s:2:"id";i:14063;s:3:"key";s:18:"sc_coupon_validity";s:5:"value";s:1:"1";}s:7:"\0*\0data";a:3:{s:2:"id";i:14063;s:3:"key";s:18:"sc_coupon_validity";s:5:"value";s:1:"1";}}i:8;O:12:"WC_Meta_Data":2:{s:15:"\0*\0current_data";a:3:{s:2:"id";i:14064;s:3:"key";s:15:"validity_suffix";s:5:"value";s:4:"days";}s:7:"\0*\0data";a:3:{s:2:"id";i:14064;s:3:"key";s:15:"validity_suffix";s:5:"value";s:4:"days";}}i:9;O:12:"WC_Meta_Data":2:{s:15:"\0*\0current_data";a:3:{s:2:"id";i:14065;s:3:"key";s:23:"sc_is_visible_storewide";s:5:"value";s:3:"yes";}s:7:"\0*\0data";a:3:{s:2:"id";i:14065;s:3:"key";s:23:"sc_is_visible_storewide";s:5:"value";s:3:"yes";}}i:10;O:12:"WC_Meta_Data":2:{s:15:"\0*\0current_data";a:3:{s:2:"id";i:14066;s:3:"key";s:28:"sc_disable_email_restriction";s:5:"value";s:2:"no";}s:7:"\0*\0data";a:3:{s:2:"id";i:14066;s:3:"key";s:28:"sc_disable_email_restriction";s:5:"value";s:2:"no";}}i:11;O:12:"WC_Meta_Data":2:{s:15:"\0*\0current_data";a:3:{s:2:"id";i:14067;s:3:"key";s:24:"is_pick_price_of_product";s:5:"value";s:2:"no";}s:7:"\0*\0data";a:3:{s:2:"id";i:14067;s:3:"key";s:24:"is_pick_price_of_product";s:5:"value";s:2:"no";}}i:12;O:12:"WC_Meta_Data":2:{s:15:"\0*\0current_data";a:3:{s:2:"id";i:14068;s:3:"key";s:25:"wc_sc_add_product_details";s:5:"value";a:0:{}}s:7:"\0*\0data";a:3:{s:2:"id";i:14068;s:3:"key";s:25:"wc_sc_add_product_details";s:5:"value";a:0:{}}}i:13;O:12:"WC_Meta_Data":2:{s:15:"\0*\0current_data";a:3:{s:2:"id";i:14069;s:3:"key";s:18:"wc_sc_max_discount";s:5:"value";s:0:"";}s:7:"\0*\0data";a:3:{s:2:"id";i:14069;s:3:"key";s:18:"wc_sc_max_discount";s:5:"value";s:0:"";}}i:14;O:12:"WC_Meta_Data":2:{s:15:"\0*\0current_data";a:3:{s:2:"id";i:14070;s:3:"key";s:17:"wc_sc_expiry_time";s:5:"value";s:5:"43200";}s:7:"\0*\0data";a:3:{s:2:"id";i:14070;s:3:"key";s:17:"wc_sc_expiry_time";s:5:"value";s:5:"43200";}}i:15;O:12:"WC_Meta_Data":2:{s:15:"\0*\0current_data";a:3:{s:2:"id";i:14071;s:3:"key";s:23:"wc_sc_auto_apply_coupon";s:5:"value";s:3:"yes";}s:7:"\0*\0data";a:3:{s:2:"id";i:14071;s:3:"key";s:23:"wc_sc_auto_apply_coupon";s:5:"value";s:3:"yes";}}i:16;O:12:"WC_Meta_Data":2:{s:15:"\0*\0current_data";a:3:{s:2:"id";i:14072;s:3:"key";s:24:"sa_cbl_billing_locations";s:5:"value";a:0:{}}s:7:"\0*\0data";a:3:{s:2:"id";i:14072;s:3:"key";s:24:"sa_cbl_billing_locations";s:5:"value";a:0:{}}}i:17;O:12:"WC_Meta_Data":2:{s:15:"\0*\0current_data";a:3:{s:2:"id";i:14073;s:3:"key";s:24:"wc_sc_payment_method_ids";s:5:"value";a:0:{}}s:7:"\0*\0data";a:3:{s:2:"id";i:14073;s:3:"key";s:24:"wc_sc_payment_method_ids";s:5:"value";a:0:{}}}i:18;O:12:"WC_Meta_Data":2:{s:15:"\0*\0current_data";a:3:{s:2:"id";i:14074;s:3:"key";s:25:"wc_sc_shipping_method_ids";s:5:"value";a:0:{}}s:7:"\0*\0data";a:3:{s:2:"id";i:14074;s:3:"key";s:25:"wc_sc_shipping_method_ids";s:5:"value";a:0:{}}}i:19;O:12:"WC_Meta_Data":2:{s:15:"\0*\0current_data";a:3:{s:2:"id";i:14075;s:3:"key";s:19:"wc_sc_user_role_ids";s:5:"value";a:0:{}}s:7:"\0*\0data";a:3:{s:2:"id";i:14075;s:3:"key";s:19:"wc_sc_user_role_ids";s:5:"value";a:0:{}}}i:20;O:12:"WC_Meta_Data":2:{s:15:"\0*\0current_data";a:3:{s:2:"id";i:14076;s:3:"key";s:27:"wc_sc_exclude_user_role_ids";s:5:"value";a:0:{}}s:7:"\0*\0data";a:3:{s:2:"id";i:14076;s:3:"key";s:27:"wc_sc_exclude_user_role_ids";s:5:"value";a:0:{}}}i:21;O:12:"WC_Meta_Data":2:{s:15:"\0*\0current_data";a:3:{s:2:"id";i:14077;s:3:"key";s:27:"wc_sc_product_attribute_ids";s:5:"value";s:0:"";}s:7:"\0*\0data";a:3:{s:2:"id";i:14077;s:3:"key";s:27:"wc_sc_product_attribute_ids";s:5:"value";s:0:"";}}i:22;O:12:"WC_Meta_Data":2:{s:15:"\0*\0current_data";a:3:{s:2:"id";i:14078;s:3:"key";s:35:"wc_sc_exclude_product_attribute_ids";s:5:"value";s:0:"";}s:7:"\0*\0data";a:3:{s:2:"id";i:14078;s:3:"key";s:35:"wc_sc_exclude_product_attribute_ids";s:5:"value";s:0:"";}}i:23;O:12:"WC_Meta_Data":2:{s:15:"\0*\0current_data";a:3:{s:2:"id";i:14079;s:3:"key";s:27:"wc_sc_taxonomy_restrictions";s:5:"value";a:0:{}}s:7:"\0*\0data";a:3:{s:2:"id";i:14079;s:3:"key";s:27:"wc_sc_taxonomy_restrictions";s:5:"value";a:0:{}}}i:24;O:12:"WC_Meta_Data":2:{s:15:"\0*\0current_data";a:3:{s:2:"id";i:14080;s:3:"key";s:15:"wptr_hide_title";s:5:"value";s:1:"0";}s:7:"\0*\0data";a:3:{s:2:"id";i:14080;s:3:"key";s:15:"wptr_hide_title";s:5:"value";s:1:"0";}}i:25;O:12:"WC_Meta_Data":2:{s:15:"\0*\0current_data";a:3:{s:2:"id";i:17931;s:3:"key";s:12:"_wp_old_slug";s:5:"value";s:17:"wheval22__trashed";}s:7:"\0*\0data";a:3:{s:2:"id";i:17931;s:3:"key";s:12:"_wp_old_slug";s:5:"value";s:17:"wheval22__trashed";}}}}'),
(2649, 269, '_product_id', '2452'),
(2650, 269, '_variation_id', '0'),
(2651, 269, '_qty', '1'),
(2652, 269, '_tax_class', ''),
(2653, 269, '_line_subtotal', '100'),
(2654, 269, '_line_subtotal_tax', '0'),
(2655, 269, '_line_total', '100'),
(2656, 269, '_line_tax', '0'),
(2657, 269, '_line_tax_data', 'a:2:{s:5:"total";a:0:{}s:8:"subtotal";a:0:{}}'),
(2658, 269, '_tinvwl_wishlist_cart', 'a:1:{s:6:"f6f086";i:1;}'),
(2659, 270, 'method_id', 'free_shipping'),
(2660, 270, 'instance_id', '17'),
(2661, 270, 'cost', '0.00'),
(2662, 270, 'total_tax', '0'),
(2663, 270, 'taxes', 'a:1:{s:5:"total";a:0:{}}'),
(2664, 270, 'Items', 'Vsw 7 &times; 1'),
(2665, 271, 'discount_amount', '0'),
(2666, 271, 'discount_amount_tax', '0'),
(2667, 271, 'coupon_data', 'a:25:{s:2:"id";i:1924;s:4:"code";s:6:"love24";s:6:"amount";s:1:"0";s:6:"status";s:7:"publish";s:12:"date_created";O:11:"WC_DateTime":4:{s:13:"\0*\0utc_offset";i:0;s:4:"date";s:26:"2022-02-03 04:25:35.000000";s:13:"timezone_type";i:1;s:8:"timezone";s:6:"+00:00";}s:13:"date_modified";O:11:"WC_DateTime":4:{s:13:"\0*\0utc_offset";i:0;s:4:"date";s:26:"2024-02-14 01:03:54.000000";s:13:"timezone_type";i:1;s:8:"timezone";s:6:"+00:00";}s:12:"date_expires";O:11:"WC_DateTime":4:{s:13:"\0*\0utc_offset";i:0;s:4:"date";s:26:"2024-02-18 00:00:00.000000";s:13:"timezone_type";i:1;s:8:"timezone";s:6:"+00:00";}s:13:"discount_type";s:10:"fixed_cart";s:11:"description";s:18:"valentine wig sale";s:11:"usage_count";i:6;s:14:"individual_use";b:0;s:11:"product_ids";a:0:{}s:20:"excluded_product_ids";a:0:{}s:11:"usage_limit";i:0;s:20:"usage_limit_per_user";i:0;s:22:"limit_usage_to_x_items";N;s:13:"free_shipping";b:1;s:18:"product_categories";a:0:{}s:27:"excluded_product_categories";a:0:{}s:18:"exclude_sale_items";b:0;s:14:"minimum_amount";s:0:"";s:14:"maximum_amount";s:0:"";s:18:"email_restrictions";a:0:{}s:7:"virtual";b:0;s:9:"meta_data";a:26:{i:0;O:12:"WC_Meta_Data":2:{s:15:"\0*\0current_data";a:3:{s:2:"id";i:14044;s:3:"key";s:26:"sa_cbl_locations_lookup_in";s:5:"value";a:1:{s:7:"address";s:7:"billing";}}s:7:"\0*\0data";a:3:{s:2:"id";i:14044;s:3:"key";s:26:"sa_cbl_locations_lookup_in";s:5:"value";a:1:{s:7:"address";s:7:"billing";}}}i:1;O:12:"WC_Meta_Data":2:{s:15:"\0*\0current_data";a:3:{s:2:"id";i:14047;s:3:"key";s:17:"wc_coupon_message";s:5:"value";s:0:"";}s:7:"\0*\0data";a:3:{s:2:"id";i:14047;s:3:"key";s:17:"wc_coupon_message";s:5:"value";s:0:"";}}i:2;O:12:"WC_Meta_Data":2:{s:15:"\0*\0current_data";a:3:{s:2:"id";i:14048;s:3:"key";s:16:"wc_email_message";s:5:"value";s:2:"no";}s:7:"\0*\0data";a:3:{s:2:"id";i:14048;s:3:"key";s:16:"wc_email_message";s:5:"value";s:2:"no";}}i:3;O:12:"WC_Meta_Data":2:{s:15:"\0*\0current_data";a:3:{s:2:"id";i:14059;s:3:"key";s:23:"sc_restrict_to_new_user";s:5:"value";s:2:"no";}s:7:"\0*\0data";a:3:{s:2:"id";i:14059;s:3:"key";s:23:"sc_restrict_to_new_user";s:5:"value";s:2:"no";}}i:4;O:12:"WC_Meta_Data":2:{s:15:"\0*\0current_data";a:3:{s:2:"id";i:14060;s:3:"key";s:20:"auto_generate_coupon";s:5:"value";s:3:"yes";}s:7:"\0*\0data";a:3:{s:2:"id";i:14060;s:3:"key";s:20:"auto_generate_coupon";s:5:"value";s:3:"yes";}}i:5;O:12:"WC_Meta_Data":2:{s:15:"\0*\0current_data";a:3:{s:2:"id";i:14061;s:3:"key";s:19:"coupon_title_prefix";s:5:"value";s:0:"";}s:7:"\0*\0data";a:3:{s:2:"id";i:14061;s:3:"key";s:19:"coupon_title_prefix";s:5:"value";s:0:"";}}i:6;O:12:"WC_Meta_Data":2:{s:15:"\0*\0current_data";a:3:{s:2:"id";i:14062;s:3:"key";s:19:"coupon_title_suffix";s:5:"value";s:0:"";}s:7:"\0*\0data";a:3:{s:2:"id";i:14062;s:3:"key";s:19:"coupon_title_suffix";s:5:"value";s:0:"";}}i:7;O:12:"WC_Meta_Data":2:{s:15:"\0*\0current_data";a:3:{s:2:"id";i:14063;s:3:"key";s:18:"sc_coupon_validity";s:5:"value";s:1:"1";}s:7:"\0*\0data";a:3:{s:2:"id";i:14063;s:3:"key";s:18:"sc_coupon_validity";s:5:"value";s:1:"1";}}i:8;O:12:"WC_Meta_Data":2:{s:15:"\0*\0current_data";a:3:{s:2:"id";i:14064;s:3:"key";s:15:"validity_suffix";s:5:"value";s:4:"days";}s:7:"\0*\0data";a:3:{s:2:"id";i:14064;s:3:"key";s:15:"validity_suffix";s:5:"value";s:4:"days";}}i:9;O:12:"WC_Meta_Data":2:{s:15:"\0*\0current_data";a:3:{s:2:"id";i:14065;s:3:"key";s:23:"sc_is_visible_storewide";s:5:"value";s:3:"yes";}s:7:"\0*\0data";a:3:{s:2:"id";i:14065;s:3:"key";s:23:"sc_is_visible_storewide";s:5:"value";s:3:"yes";}}i:10;O:12:"WC_Meta_Data":2:{s:15:"\0*\0current_data";a:3:{s:2:"id";i:14066;s:3:"key";s:28:"sc_disable_email_restriction";s:5:"value";s:2:"no";}s:7:"\0*\0data";a:3:{s:2:"id";i:14066;s:3:"key";s:28:"sc_disable_email_restriction";s:5:"value";s:2:"no";}}i:11;O:12:"WC_Meta_Data":2:{s:15:"\0*\0current_data";a:3:{s:2:"id";i:14067;s:3:"key";s:24:"is_pick_price_of_product";s:5:"value";s:2:"no";}s:7:"\0*\0data";a:3:{s:2:"id";i:14067;s:3:"key";s:24:"is_pick_price_of_product";s:5:"value";s:2:"no";}}i:12;O:12:"WC_Meta_Data":2:{s:15:"\0*\0current_data";a:3:{s:2:"id";i:14068;s:3:"key";s:25:"wc_sc_add_product_details";s:5:"value";a:0:{}}s:7:"\0*\0data";a:3:{s:2:"id";i:14068;s:3:"key";s:25:"wc_sc_add_product_details";s:5:"value";a:0:{}}}i:13;O:12:"WC_Meta_Data":2:{s:15:"\0*\0current_data";a:3:{s:2:"id";i:14069;s:3:"key";s:18:"wc_sc_max_discount";s:5:"value";s:0:"";}s:7:"\0*\0data";a:3:{s:2:"id";i:14069;s:3:"key";s:18:"wc_sc_max_discount";s:5:"value";s:0:"";}}i:14;O:12:"WC_Meta_Data":2:{s:15:"\0*\0current_data";a:3:{s:2:"id";i:14070;s:3:"key";s:17:"wc_sc_expiry_time";s:5:"value";s:5:"43200";}s:7:"\0*\0data";a:3:{s:2:"id";i:14070;s:3:"key";s:17:"wc_sc_expiry_time";s:5:"value";s:5:"43200";}}i:15;O:12:"WC_Meta_Data":2:{s:15:"\0*\0current_data";a:3:{s:2:"id";i:14071;s:3:"key";s:23:"wc_sc_auto_apply_coupon";s:5:"value";s:3:"yes";}s:7:"\0*\0data";a:3:{s:2:"id";i:14071;s:3:"key";s:23:"wc_sc_auto_apply_coupon";s:5:"value";s:3:"yes";}}i:16;O:12:"WC_Meta_Data":2:{s:15:"\0*\0current_data";a:3:{s:2:"id";i:14072;s:3:"key";s:24:"sa_cbl_billing_locations";s:5:"value";a:0:{}}s:7:"\0*\0data";a:3:{s:2:"id";i:14072;s:3:"key";s:24:"sa_cbl_billing_locations";s:5:"value";a:0:{}}}i:17;O:12:"WC_Meta_Data":2:{s:15:"\0*\0current_data";a:3:{s:2:"id";i:14073;s:3:"key";s:24:"wc_sc_payment_method_ids";s:5:"value";a:0:{}}s:7:"\0*\0data";a:3:{s:2:"id";i:14073;s:3:"key";s:24:"wc_sc_payment_method_ids";s:5:"value";a:0:{}}}i:18;O:12:"WC_Meta_Data":2:{s:15:"\0*\0current_data";a:3:{s:2:"id";i:14074;s:3:"key";s:25:"wc_sc_shipping_method_ids";s:5:"value";a:0:{}}s:7:"\0*\0data";a:3:{s:2:"id";i:14074;s:3:"key";s:25:"wc_sc_shipping_method_ids";s:5:"value";a:0:{}}}i:19;O:12:"WC_Meta_Data":2:{s:15:"\0*\0current_data";a:3:{s:2:"id";i:14075;s:3:"key";s:19:"wc_sc_user_role_ids";s:5:"value";a:0:{}}s:7:"\0*\0data";a:3:{s:2:"id";i:14075;s:3:"key";s:19:"wc_sc_user_role_ids";s:5:"value";a:0:{}}}i:20;O:12:"WC_Meta_Data":2:{s:15:"\0*\0current_data";a:3:{s:2:"id";i:14076;s:3:"key";s:27:"wc_sc_exclude_user_role_ids";s:5:"value";a:0:{}}s:7:"\0*\0data";a:3:{s:2:"id";i:14076;s:3:"key";s:27:"wc_sc_exclude_user_role_ids";s:5:"value";a:0:{}}}i:21;O:12:"WC_Meta_Data":2:{s:15:"\0*\0current_data";a:3:{s:2:"id";i:14077;s:3:"key";s:27:"wc_sc_product_attribute_ids";s:5:"value";s:0:"";}s:7:"\0*\0data";a:3:{s:2:"id";i:14077;s:3:"key";s:27:"wc_sc_product_attribute_ids";s:5:"value";s:0:"";}}i:22;O:12:"WC_Meta_Data":2:{s:15:"\0*\0current_data";a:3:{s:2:"id";i:14078;s:3:"key";s:35:"wc_sc_exclude_product_attribute_ids";s:5:"value";s:0:"";}s:7:"\0*\0data";a:3:{s:2:"id";i:14078;s:3:"key";s:35:"wc_sc_exclude_product_attribute_ids";s:5:"value";s:0:"";}}i:23;O:12:"WC_Meta_Data":2:{s:15:"\0*\0current_data";a:3:{s:2:"id";i:14079;s:3:"key";s:27:"wc_sc_taxonomy_restrictions";s:5:"value";a:0:{}}s:7:"\0*\0data";a:3:{s:2:"id";i:14079;s:3:"key";s:27:"wc_sc_taxonomy_restrictions";s:5:"value";a:0:{}}}i:24;O:12:"WC_Meta_Data":2:{s:15:"\0*\0current_data";a:3:{s:2:"id";i:14080;s:3:"key";s:15:"wptr_hide_title";s:5:"value";s:1:"0";}s:7:"\0*\0data";a:3:{s:2:"id";i:14080;s:3:"key";s:15:"wptr_hide_title";s:5:"value";s:1:"0";}}i:25;O:12:"WC_Meta_Data":2:{s:15:"\0*\0current_data";a:3:{s:2:"id";i:17931;s:3:"key";s:12:"_wp_old_slug";s:5:"value";s:17:"wheval22__trashed";}s:7:"\0*\0data";a:3:{s:2:"id";i:17931;s:3:"key";s:12:"_wp_old_slug";s:5:"value";s:17:"wheval22__trashed";}}}}'),
(2668, 272, '_product_id', '2452'),
(2669, 272, '_variation_id', '0'),
(2670, 272, '_qty', '1'),
(2671, 272, '_tax_class', ''),
(2672, 272, '_line_subtotal', '100'),
(2673, 272, '_line_subtotal_tax', '0'),
(2674, 272, '_line_total', '100'),
(2675, 272, '_line_tax', '0'),
(2676, 272, '_line_tax_data', 'a:2:{s:5:"total";a:0:{}s:8:"subtotal";a:0:{}}'),
(2677, 273, 'method_id', 'free_shipping'),
(2678, 273, 'instance_id', '17'),
(2679, 273, 'cost', '0.00'),
(2680, 273, 'total_tax', '0'),
(2681, 273, 'taxes', 'a:1:{s:5:"total";a:0:{}}'),
(2682, 273, 'Items', 'Vsw 7 &times; 1'),
(2683, 274, 'discount_amount', '0'),
(2684, 274, 'discount_amount_tax', '0'),
(2685, 274, 'coupon_data', 'a:25:{s:2:"id";i:1924;s:4:"code";s:6:"love24";s:6:"amount";s:1:"0";s:6:"status";s:7:"publish";s:12:"date_created";O:11:"WC_DateTime":4:{s:13:"\0*\0utc_offset";i:0;s:4:"date";s:26:"2022-02-03 04:25:35.000000";s:13:"timezone_type";i:1;s:8:"timezone";s:6:"+00:00";}s:13:"date_modified";O:11:"WC_DateTime":4:{s:13:"\0*\0utc_offset";i:0;s:4:"date";s:26:"2024-02-14 01:03:54.000000";s:13:"timezone_type";i:1;s:8:"timezone";s:6:"+00:00";}s:12:"date_expires";O:11:"WC_DateTime":4:{s:13:"\0*\0utc_offset";i:0;s:4:"date";s:26:"2024-02-18 00:00:00.000000";s:13:"timezone_type";i:1;s:8:"timezone";s:6:"+00:00";}s:13:"discount_type";s:10:"fixed_cart";s:11:"description";s:18:"valentine wig sale";s:11:"usage_count";i:7;s:14:"individual_use";b:0;s:11:"product_ids";a:0:{}s:20:"excluded_product_ids";a:0:{}s:11:"usage_limit";i:0;s:20:"usage_limit_per_user";i:0;s:22:"limit_usage_to_x_items";N;s:13:"free_shipping";b:1;s:18:"product_categories";a:0:{}s:27:"excluded_product_categories";a:0:{}s:18:"exclude_sale_items";b:0;s:14:"minimum_amount";s:0:"";s:14:"maximum_amount";s:0:"";s:18:"email_restrictions";a:0:{}s:7:"virtual";b:0;s:9:"meta_data";a:26:{i:0;O:12:"WC_Meta_Data":2:{s:15:"\0*\0current_data";a:3:{s:2:"id";i:14044;s:3:"key";s:26:"sa_cbl_locations_lookup_in";s:5:"value";a:1:{s:7:"address";s:7:"billing";}}s:7:"\0*\0data";a:3:{s:2:"id";i:14044;s:3:"key";s:26:"sa_cbl_locations_lookup_in";s:5:"value";a:1:{s:7:"address";s:7:"billing";}}}i:1;O:12:"WC_Meta_Data":2:{s:15:"\0*\0current_data";a:3:{s:2:"id";i:14047;s:3:"key";s:17:"wc_coupon_message";s:5:"value";s:0:"";}s:7:"\0*\0data";a:3:{s:2:"id";i:14047;s:3:"key";s:17:"wc_coupon_message";s:5:"value";s:0:"";}}i:2;O:12:"WC_Meta_Data":2:{s:15:"\0*\0current_data";a:3:{s:2:"id";i:14048;s:3:"key";s:16:"wc_email_message";s:5:"value";s:2:"no";}s:7:"\0*\0data";a:3:{s:2:"id";i:14048;s:3:"key";s:16:"wc_email_message";s:5:"value";s:2:"no";}}i:3;O:12:"WC_Meta_Data":2:{s:15:"\0*\0current_data";a:3:{s:2:"id";i:14059;s:3:"key";s:23:"sc_restrict_to_new_user";s:5:"value";s:2:"no";}s:7:"\0*\0data";a:3:{s:2:"id";i:14059;s:3:"key";s:23:"sc_restrict_to_new_user";s:5:"value";s:2:"no";}}i:4;O:12:"WC_Meta_Data":2:{s:15:"\0*\0current_data";a:3:{s:2:"id";i:14060;s:3:"key";s:20:"auto_generate_coupon";s:5:"value";s:3:"yes";}s:7:"\0*\0data";a:3:{s:2:"id";i:14060;s:3:"key";s:20:"auto_generate_coupon";s:5:"value";s:3:"yes";}}i:5;O:12:"WC_Meta_Data":2:{s:15:"\0*\0current_data";a:3:{s:2:"id";i:14061;s:3:"key";s:19:"coupon_title_prefix";s:5:"value";s:0:"";}s:7:"\0*\0data";a:3:{s:2:"id";i:14061;s:3:"key";s:19:"coupon_title_prefix";s:5:"value";s:0:"";}}i:6;O:12:"WC_Meta_Data":2:{s:15:"\0*\0current_data";a:3:{s:2:"id";i:14062;s:3:"key";s:19:"coupon_title_suffix";s:5:"value";s:0:"";}s:7:"\0*\0data";a:3:{s:2:"id";i:14062;s:3:"key";s:19:"coupon_title_suffix";s:5:"value";s:0:"";}}i:7;O:12:"WC_Meta_Data":2:{s:15:"\0*\0current_data";a:3:{s:2:"id";i:14063;s:3:"key";s:18:"sc_coupon_validity";s:5:"value";s:1:"1";}s:7:"\0*\0data";a:3:{s:2:"id";i:14063;s:3:"key";s:18:"sc_coupon_validity";s:5:"value";s:1:"1";}}i:8;O:12:"WC_Meta_Data":2:{s:15:"\0*\0current_data";a:3:{s:2:"id";i:14064;s:3:"key";s:15:"validity_suffix";s:5:"value";s:4:"days";}s:7:"\0*\0data";a:3:{s:2:"id";i:14064;s:3:"key";s:15:"validity_suffix";s:5:"value";s:4:"days";}}i:9;O:12:"WC_Meta_Data":2:{s:15:"\0*\0current_data";a:3:{s:2:"id";i:14065;s:3:"key";s:23:"sc_is_visible_storewide";s:5:"value";s:3:"yes";}s:7:"\0*\0data";a:3:{s:2:"id";i:14065;s:3:"key";s:23:"sc_is_visible_storewide";s:5:"value";s:3:"yes";}}i:10;O:12:"WC_Meta_Data":2:{s:15:"\0*\0current_data";a:3:{s:2:"id";i:14066;s:3:"key";s:28:"sc_disable_email_restriction";s:5:"value";s:2:"no";}s:7:"\0*\0data";a:3:{s:2:"id";i:14066;s:3:"key";s:28:"sc_disable_email_restriction";s:5:"value";s:2:"no";}}i:11;O:12:"WC_Meta_Data":2:{s:15:"\0*\0current_data";a:3:{s:2:"id";i:14067;s:3:"key";s:24:"is_pick_price_of_product";s:5:"value";s:2:"no";}s:7:"\0*\0data";a:3:{s:2:"id";i:14067;s:3:"key";s:24:"is_pick_price_of_product";s:5:"value";s:2:"no";}}i:12;O:12:"WC_Meta_Data":2:{s:15:"\0*\0current_data";a:3:{s:2:"id";i:14068;s:3:"key";s:25:"wc_sc_add_product_details";s:5:"value";a:0:{}}s:7:"\0*\0data";a:3:{s:2:"id";i:14068;s:3:"key";s:25:"wc_sc_add_product_details";s:5:"value";a:0:{}}}i:13;O:12:"WC_Meta_Data":2:{s:15:"\0*\0current_data";a:3:{s:2:"id";i:14069;s:3:"key";s:18:"wc_sc_max_discount";s:5:"value";s:0:"";}s:7:"\0*\0data";a:3:{s:2:"id";i:14069;s:3:"key";s:18:"wc_sc_max_discount";s:5:"value";s:0:"";}}i:14;O:12:"WC_Meta_Data":2:{s:15:"\0*\0current_data";a:3:{s:2:"id";i:14070;s:3:"key";s:17:"wc_sc_expiry_time";s:5:"value";s:5:"43200";}s:7:"\0*\0data";a:3:{s:2:"id";i:14070;s:3:"key";s:17:"wc_sc_expiry_time";s:5:"value";s:5:"43200";}}i:15;O:12:"WC_Meta_Data":2:{s:15:"\0*\0current_data";a:3:{s:2:"id";i:14071;s:3:"key";s:23:"wc_sc_auto_apply_coupon";s:5:"value";s:3:"yes";}s:7:"\0*\0data";a:3:{s:2:"id";i:14071;s:3:"key";s:23:"wc_sc_auto_apply_coupon";s:5:"value";s:3:"yes";}}i:16;O:12:"WC_Meta_Data":2:{s:15:"\0*\0current_data";a:3:{s:2:"id";i:14072;s:3:"key";s:24:"sa_cbl_billing_locations";s:5:"value";a:0:{}}s:7:"\0*\0data";a:3:{s:2:"id";i:14072;s:3:"key";s:24:"sa_cbl_billing_locations";s:5:"value";a:0:{}}}i:17;O:12:"WC_Meta_Data":2:{s:15:"\0*\0current_data";a:3:{s:2:"id";i:14073;s:3:"key";s:24:"wc_sc_payment_method_ids";s:5:"value";a:0:{}}s:7:"\0*\0data";a:3:{s:2:"id";i:14073;s:3:"key";s:24:"wc_sc_payment_method_ids";s:5:"value";a:0:{}}}i:18;O:12:"WC_Meta_Data":2:{s:15:"\0*\0current_data";a:3:{s:2:"id";i:14074;s:3:"key";s:25:"wc_sc_shipping_method_ids";s:5:"value";a:0:{}}s:7:"\0*\0data";a:3:{s:2:"id";i:14074;s:3:"key";s:25:"wc_sc_shipping_method_ids";s:5:"value";a:0:{}}}i:19;O:12:"WC_Meta_Data":2:{s:15:"\0*\0current_data";a:3:{s:2:"id";i:14075;s:3:"key";s:19:"wc_sc_user_role_ids";s:5:"value";a:0:{}}s:7:"\0*\0data";a:3:{s:2:"id";i:14075;s:3:"key";s:19:"wc_sc_user_role_ids";s:5:"value";a:0:{}}}i:20;O:12:"WC_Meta_Data":2:{s:15:"\0*\0current_data";a:3:{s:2:"id";i:14076;s:3:"key";s:27:"wc_sc_exclude_user_role_ids";s:5:"value";a:0:{}}s:7:"\0*\0data";a:3:{s:2:"id";i:14076;s:3:"key";s:27:"wc_sc_exclude_user_role_ids";s:5:"value";a:0:{}}}i:21;O:12:"WC_Meta_Data":2:{s:15:"\0*\0current_data";a:3:{s:2:"id";i:14077;s:3:"key";s:27:"wc_sc_product_attribute_ids";s:5:"value";s:0:"";}s:7:"\0*\0data";a:3:{s:2:"id";i:14077;s:3:"key";s:27:"wc_sc_product_attribute_ids";s:5:"value";s:0:"";}}i:22;O:12:"WC_Meta_Data":2:{s:15:"\0*\0current_data";a:3:{s:2:"id";i:14078;s:3:"key";s:35:"wc_sc_exclude_product_attribute_ids";s:5:"value";s:0:"";}s:7:"\0*\0data";a:3:{s:2:"id";i:14078;s:3:"key";s:35:"wc_sc_exclude_product_attribute_ids";s:5:"value";s:0:"";}}i:23;O:12:"WC_Meta_Data":2:{s:15:"\0*\0current_data";a:3:{s:2:"id";i:14079;s:3:"key";s:27:"wc_sc_taxonomy_restrictions";s:5:"value";a:0:{}}s:7:"\0*\0data";a:3:{s:2:"id";i:14079;s:3:"key";s:27:"wc_sc_taxonomy_restrictions";s:5:"value";a:0:{}}}i:24;O:12:"WC_Meta_Data":2:{s:15:"\0*\0current_data";a:3:{s:2:"id";i:14080;s:3:"key";s:15:"wptr_hide_title";s:5:"value";s:1:"0";}s:7:"\0*\0data";a:3:{s:2:"id";i:14080;s:3:"key";s:15:"wptr_hide_title";s:5:"value";s:1:"0";}}i:25;O:12:"WC_Meta_Data":2:{s:15:"\0*\0current_data";a:3:{s:2:"id";i:17931;s:3:"key";s:12:"_wp_old_slug";s:5:"value";s:17:"wheval22__trashed";}s:7:"\0*\0data";a:3:{s:2:"id";i:17931;s:3:"key";s:12:"_wp_old_slug";s:5:"value";s:17:"wheval22__trashed";}}}}'),
(2704, 278, '_product_id', '2452'),
(2705, 278, '_variation_id', '0'),
(2706, 278, '_qty', '1'),
(2707, 278, '_tax_class', ''),
(2708, 278, '_line_subtotal', '100'),
(2709, 278, '_line_subtotal_tax', '0'),
(2710, 278, '_line_total', '100'),
(2711, 278, '_line_tax', '0'),
(2712, 278, '_line_tax_data', 'a:2:{s:5:"total";a:0:{}s:8:"subtotal";a:0:{}}'),
(2713, 279, 'method_id', 'flat_rate'),
(2714, 279, 'instance_id', '16'),
(2715, 279, 'cost', '45.00'),
(2716, 279, 'total_tax', '0'),
(2717, 279, 'taxes', 'a:1:{s:5:"total";a:0:{}}'),
(2718, 279, 'Items', 'Vsw 7 &times; 1'),
(2719, 280, 'discount_amount', '0'),
(2720, 280, 'discount_amount_tax', '0'),
(2721, 280, 'coupon_data', 'a:25:{s:2:"id";i:1924;s:4:"code";s:6:"love24";s:6:"amount";s:1:"0";s:6:"status";s:7:"publish";s:12:"date_created";O:11:"WC_DateTime":4:{s:13:"\0*\0utc_offset";i:0;s:4:"date";s:26:"2022-02-03 04:25:35.000000";s:13:"timezone_type";i:1;s:8:"timezone";s:6:"+00:00";}s:13:"date_modified";O:11:"WC_DateTime":4:{s:13:"\0*\0utc_offset";i:0;s:4:"date";s:26:"2024-02-14 01:03:54.000000";s:13:"timezone_type";i:1;s:8:"timezone";s:6:"+00:00";}s:12:"date_expires";O:11:"WC_DateTime":4:{s:13:"\0*\0utc_offset";i:0;s:4:"date";s:26:"2024-02-18 00:00:00.000000";s:13:"timezone_type";i:1;s:8:"timezone";s:6:"+00:00";}s:13:"discount_type";s:10:"fixed_cart";s:11:"description";s:18:"valentine wig sale";s:11:"usage_count";i:7;s:14:"individual_use";b:0;s:11:"product_ids";a:0:{}s:20:"excluded_product_ids";a:0:{}s:11:"usage_limit";i:0;s:20:"usage_limit_per_user";i:0;s:22:"limit_usage_to_x_items";N;s:13:"free_shipping";b:1;s:18:"product_categories";a:0:{}s:27:"excluded_product_categories";a:0:{}s:18:"exclude_sale_items";b:0;s:14:"minimum_amount";s:0:"";s:14:"maximum_amount";s:0:"";s:18:"email_restrictions";a:0:{}s:7:"virtual";b:0;s:9:"meta_data";a:26:{i:0;O:12:"WC_Meta_Data":2:{s:15:"\0*\0current_data";a:3:{s:2:"id";i:14044;s:3:"key";s:26:"sa_cbl_locations_lookup_in";s:5:"value";a:1:{s:7:"address";s:7:"billing";}}s:7:"\0*\0data";a:3:{s:2:"id";i:14044;s:3:"key";s:26:"sa_cbl_locations_lookup_in";s:5:"value";a:1:{s:7:"address";s:7:"billing";}}}i:1;O:12:"WC_Meta_Data":2:{s:15:"\0*\0current_data";a:3:{s:2:"id";i:14047;s:3:"key";s:17:"wc_coupon_message";s:5:"value";s:0:"";}s:7:"\0*\0data";a:3:{s:2:"id";i:14047;s:3:"key";s:17:"wc_coupon_message";s:5:"value";s:0:"";}}i:2;O:12:"WC_Meta_Data":2:{s:15:"\0*\0current_data";a:3:{s:2:"id";i:14048;s:3:"key";s:16:"wc_email_message";s:5:"value";s:2:"no";}s:7:"\0*\0data";a:3:{s:2:"id";i:14048;s:3:"key";s:16:"wc_email_message";s:5:"value";s:2:"no";}}i:3;O:12:"WC_Meta_Data":2:{s:15:"\0*\0current_data";a:3:{s:2:"id";i:14059;s:3:"key";s:23:"sc_restrict_to_new_user";s:5:"value";s:2:"no";}s:7:"\0*\0data";a:3:{s:2:"id";i:14059;s:3:"key";s:23:"sc_restrict_to_new_user";s:5:"value";s:2:"no";}}i:4;O:12:"WC_Meta_Data":2:{s:15:"\0*\0current_data";a:3:{s:2:"id";i:14060;s:3:"key";s:20:"auto_generate_coupon";s:5:"value";s:3:"yes";}s:7:"\0*\0data";a:3:{s:2:"id";i:14060;s:3:"key";s:20:"auto_generate_coupon";s:5:"value";s:3:"yes";}}i:5;O:12:"WC_Meta_Data":2:{s:15:"\0*\0current_data";a:3:{s:2:"id";i:14061;s:3:"key";s:19:"coupon_title_prefix";s:5:"value";s:0:"";}s:7:"\0*\0data";a:3:{s:2:"id";i:14061;s:3:"key";s:19:"coupon_title_prefix";s:5:"value";s:0:"";}}i:6;O:12:"WC_Meta_Data":2:{s:15:"\0*\0current_data";a:3:{s:2:"id";i:14062;s:3:"key";s:19:"coupon_title_suffix";s:5:"value";s:0:"";}s:7:"\0*\0data";a:3:{s:2:"id";i:14062;s:3:"key";s:19:"coupon_title_suffix";s:5:"value";s:0:"";}}i:7;O:12:"WC_Meta_Data":2:{s:15:"\0*\0current_data";a:3:{s:2:"id";i:14063;s:3:"key";s:18:"sc_coupon_validity";s:5:"value";s:1:"1";}s:7:"\0*\0data";a:3:{s:2:"id";i:14063;s:3:"key";s:18:"sc_coupon_validity";s:5:"value";s:1:"1";}}i:8;O:12:"WC_Meta_Data":2:{s:15:"\0*\0current_data";a:3:{s:2:"id";i:14064;s:3:"key";s:15:"validity_suffix";s:5:"value";s:4:"days";}s:7:"\0*\0data";a:3:{s:2:"id";i:14064;s:3:"key";s:15:"validity_suffix";s:5:"value";s:4:"days";}}i:9;O:12:"WC_Meta_Data":2:{s:15:"\0*\0current_data";a:3:{s:2:"id";i:14065;s:3:"key";s:23:"sc_is_visible_storewide";s:5:"value";s:3:"yes";}s:7:"\0*\0data";a:3:{s:2:"id";i:14065;s:3:"key";s:23:"sc_is_visible_storewide";s:5:"value";s:3:"yes";}}i:10;O:12:"WC_Meta_Data":2:{s:15:"\0*\0current_data";a:3:{s:2:"id";i:14066;s:3:"key";s:28:"sc_disable_email_restriction";s:5:"value";s:2:"no";}s:7:"\0*\0data";a:3:{s:2:"id";i:14066;s:3:"key";s:28:"sc_disable_email_restriction";s:5:"value";s:2:"no";}}i:11;O:12:"WC_Meta_Data":2:{s:15:"\0*\0current_data";a:3:{s:2:"id";i:14067;s:3:"key";s:24:"is_pick_price_of_product";s:5:"value";s:2:"no";}s:7:"\0*\0data";a:3:{s:2:"id";i:14067;s:3:"key";s:24:"is_pick_price_of_product";s:5:"value";s:2:"no";}}i:12;O:12:"WC_Meta_Data":2:{s:15:"\0*\0current_data";a:3:{s:2:"id";i:14068;s:3:"key";s:25:"wc_sc_add_product_details";s:5:"value";a:0:{}}s:7:"\0*\0data";a:3:{s:2:"id";i:14068;s:3:"key";s:25:"wc_sc_add_product_details";s:5:"value";a:0:{}}}i:13;O:12:"WC_Meta_Data":2:{s:15:"\0*\0current_data";a:3:{s:2:"id";i:14069;s:3:"key";s:18:"wc_sc_max_discount";s:5:"value";s:0:"";}s:7:"\0*\0data";a:3:{s:2:"id";i:14069;s:3:"key";s:18:"wc_sc_max_discount";s:5:"value";s:0:"";}}i:14;O:12:"WC_Meta_Data":2:{s:15:"\0*\0current_data";a:3:{s:2:"id";i:14070;s:3:"key";s:17:"wc_sc_expiry_time";s:5:"value";s:5:"43200";}s:7:"\0*\0data";a:3:{s:2:"id";i:14070;s:3:"key";s:17:"wc_sc_expiry_time";s:5:"value";s:5:"43200";}}i:15;O:12:"WC_Meta_Data":2:{s:15:"\0*\0current_data";a:3:{s:2:"id";i:14071;s:3:"key";s:23:"wc_sc_auto_apply_coupon";s:5:"value";s:3:"yes";}s:7:"\0*\0data";a:3:{s:2:"id";i:14071;s:3:"key";s:23:"wc_sc_auto_apply_coupon";s:5:"value";s:3:"yes";}}i:16;O:12:"WC_Meta_Data":2:{s:15:"\0*\0current_data";a:3:{s:2:"id";i:14072;s:3:"key";s:24:"sa_cbl_billing_locations";s:5:"value";a:0:{}}s:7:"\0*\0data";a:3:{s:2:"id";i:14072;s:3:"key";s:24:"sa_cbl_billing_locations";s:5:"value";a:0:{}}}i:17;O:12:"WC_Meta_Data":2:{s:15:"\0*\0current_data";a:3:{s:2:"id";i:14073;s:3:"key";s:24:"wc_sc_payment_method_ids";s:5:"value";a:0:{}}s:7:"\0*\0data";a:3:{s:2:"id";i:14073;s:3:"key";s:24:"wc_sc_payment_method_ids";s:5:"value";a:0:{}}}i:18;O:12:"WC_Meta_Data":2:{s:15:"\0*\0current_data";a:3:{s:2:"id";i:14074;s:3:"key";s:25:"wc_sc_shipping_method_ids";s:5:"value";a:0:{}}s:7:"\0*\0data";a:3:{s:2:"id";i:14074;s:3:"key";s:25:"wc_sc_shipping_method_ids";s:5:"value";a:0:{}}}i:19;O:12:"WC_Meta_Data":2:{s:15:"\0*\0current_data";a:3:{s:2:"id";i:14075;s:3:"key";s:19:"wc_sc_user_role_ids";s:5:"value";a:0:{}}s:7:"\0*\0data";a:3:{s:2:"id";i:14075;s:3:"key";s:19:"wc_sc_user_role_ids";s:5:"value";a:0:{}}}i:20;O:12:"WC_Meta_Data":2:{s:15:"\0*\0current_data";a:3:{s:2:"id";i:14076;s:3:"key";s:27:"wc_sc_exclude_user_role_ids";s:5:"value";a:0:{}}s:7:"\0*\0data";a:3:{s:2:"id";i:14076;s:3:"key";s:27:"wc_sc_exclude_user_role_ids";s:5:"value";a:0:{}}}i:21;O:12:"WC_Meta_Data":2:{s:15:"\0*\0current_data";a:3:{s:2:"id";i:14077;s:3:"key";s:27:"wc_sc_product_attribute_ids";s:5:"value";s:0:"";}s:7:"\0*\0data";a:3:{s:2:"id";i:14077;s:3:"key";s:27:"wc_sc_product_attribute_ids";s:5:"value";s:0:"";}}i:22;O:12:"WC_Meta_Data":2:{s:15:"\0*\0current_data";a:3:{s:2:"id";i:14078;s:3:"key";s:35:"wc_sc_exclude_product_attribute_ids";s:5:"value";s:0:"";}s:7:"\0*\0data";a:3:{s:2:"id";i:14078;s:3:"key";s:35:"wc_sc_exclude_product_attribute_ids";s:5:"value";s:0:"";}}i:23;O:12:"WC_Meta_Data":2:{s:15:"\0*\0current_data";a:3:{s:2:"id";i:14079;s:3:"key";s:27:"wc_sc_taxonomy_restrictions";s:5:"value";a:0:{}}s:7:"\0*\0data";a:3:{s:2:"id";i:14079;s:3:"key";s:27:"wc_sc_taxonomy_restrictions";s:5:"value";a:0:{}}}i:24;O:12:"WC_Meta_Data":2:{s:15:"\0*\0current_data";a:3:{s:2:"id";i:14080;s:3:"key";s:15:"wptr_hide_title";s:5:"value";s:1:"0";}s:7:"\0*\0data";a:3:{s:2:"id";i:14080;s:3:"key";s:15:"wptr_hide_title";s:5:"value";s:1:"0";}}i:25;O:12:"WC_Meta_Data":2:{s:15:"\0*\0current_data";a:3:{s:2:"id";i:17931;s:3:"key";s:12:"_wp_old_slug";s:5:"value";s:17:"wheval22__trashed";}s:7:"\0*\0data";a:3:{s:2:"id";i:17931;s:3:"key";s:12:"_wp_old_slug";s:5:"value";s:17:"wheval22__trashed";}}}}');
INSERT INTO `wh_woocommerce_order_itemmeta` VALUES
(2722, 281, '_product_id', '2241'),
(2723, 281, '_variation_id', '0'),
(2724, 281, '_qty', '1'),
(2725, 281, '_tax_class', ''),
(2726, 281, '_line_subtotal', '155'),
(2727, 281, '_line_subtotal_tax', '0'),
(2728, 281, '_line_total', '155'),
(2729, 281, '_line_tax', '0'),
(2730, 281, '_line_tax_data', 'a:2:{s:5:"total";a:0:{}s:8:"subtotal";a:0:{}}'),
(2731, 282, 'method_id', 'flat_rate'),
(2732, 282, 'instance_id', '16'),
(2733, 282, 'cost', '45.00'),
(2734, 282, 'total_tax', '0'),
(2735, 282, 'taxes', 'a:1:{s:5:"total";a:0:{}}'),
(2736, 282, 'Items', 'Jane 2X &times; 1'),
(2737, 283, '_product_id', '2418'),
(2738, 283, '_variation_id', '0'),
(2739, 283, '_qty', '1'),
(2740, 283, '_tax_class', ''),
(2741, 283, '_line_subtotal', '100'),
(2742, 283, '_line_subtotal_tax', '0'),
(2743, 283, '_line_total', '100'),
(2744, 283, '_line_tax', '0'),
(2745, 283, '_line_tax_data', 'a:2:{s:5:"total";a:0:{}s:8:"subtotal";a:0:{}}'),
(2746, 284, 'method_id', 'flat_rate'),
(2747, 284, 'instance_id', '16'),
(2748, 284, 'cost', '45.00'),
(2749, 284, 'total_tax', '0'),
(2750, 284, 'taxes', 'a:1:{s:5:"total";a:0:{}}'),
(2751, 284, 'Items', 'Vsw 4 &times; 1'),
(2752, 285, '_product_id', '3557'),
(2753, 285, '_variation_id', '0'),
(2754, 285, '_qty', '1'),
(2755, 285, '_tax_class', ''),
(2756, 285, '_line_subtotal', '195'),
(2757, 285, '_line_subtotal_tax', '0'),
(2758, 285, '_line_total', '195'),
(2759, 285, '_line_tax', '0'),
(2760, 285, '_line_tax_data', 'a:2:{s:5:"total";a:0:{}s:8:"subtotal";a:0:{}}'),
(2761, 286, 'method_id', 'flat_rate'),
(2762, 286, 'instance_id', '16'),
(2763, 286, 'cost', '45.00'),
(2764, 286, 'total_tax', '0'),
(2765, 286, 'taxes', 'a:1:{s:5:"total";a:0:{}}'),
(2766, 286, 'Items', 'Micro locs twists &times; 1'),
(2785, 290, '_product_id', '1710'),
(2786, 290, '_variation_id', '0'),
(2787, 290, '_qty', '1'),
(2788, 290, '_tax_class', ''),
(2789, 290, '_line_subtotal', '200'),
(2790, 290, '_line_subtotal_tax', '0'),
(2791, 290, '_line_total', '100'),
(2792, 290, '_line_tax', '0'),
(2793, 290, '_line_tax_data', 'a:2:{s:5:"total";a:0:{}s:8:"subtotal";a:0:{}}'),
(2794, 291, 'method_id', 'flat_rate'),
(2795, 291, 'instance_id', '16'),
(2796, 291, 'cost', '45.00'),
(2797, 291, 'total_tax', '0'),
(2798, 291, 'taxes', 'a:1:{s:5:"total";a:0:{}}'),
(2799, 291, 'Items', 'Aqua &times; 1'),
(2800, 292, 'discount_amount', '100'),
(2801, 292, 'discount_amount_tax', '0'),
(2802, 292, 'coupon_data', 'a:25:{s:2:"id";i:1924;s:4:"code";s:5:"hbd46";s:6:"amount";s:2:"50";s:6:"status";s:7:"publish";s:12:"date_created";O:11:"WC_DateTime":4:{s:13:"\0*\0utc_offset";i:0;s:4:"date";s:26:"2022-02-03 04:25:35.000000";s:13:"timezone_type";i:1;s:8:"timezone";s:6:"+00:00";}s:13:"date_modified";O:11:"WC_DateTime":4:{s:13:"\0*\0utc_offset";i:0;s:4:"date";s:26:"2024-03-18 20:49:28.000000";s:13:"timezone_type";i:1;s:8:"timezone";s:6:"+00:00";}s:12:"date_expires";O:11:"WC_DateTime":4:{s:13:"\0*\0utc_offset";i:0;s:4:"date";s:26:"2024-03-19 00:00:00.000000";s:13:"timezone_type";i:1;s:8:"timezone";s:6:"+00:00";}s:13:"discount_type";s:7:"percent";s:11:"description";s:21:"hubby''s birthday sale";s:11:"usage_count";i:8;s:14:"individual_use";b:0;s:11:"product_ids";a:0:{}s:20:"excluded_product_ids";a:0:{}s:11:"usage_limit";i:0;s:20:"usage_limit_per_user";i:0;s:22:"limit_usage_to_x_items";N;s:13:"free_shipping";b:0;s:18:"product_categories";a:0:{}s:27:"excluded_product_categories";a:0:{}s:18:"exclude_sale_items";b:0;s:14:"minimum_amount";s:0:"";s:14:"maximum_amount";s:0:"";s:18:"email_restrictions";a:0:{}s:7:"virtual";b:0;s:9:"meta_data";a:26:{i:0;O:12:"WC_Meta_Data":2:{s:15:"\0*\0current_data";a:3:{s:2:"id";i:14044;s:3:"key";s:26:"sa_cbl_locations_lookup_in";s:5:"value";a:1:{s:7:"address";s:7:"billing";}}s:7:"\0*\0data";a:3:{s:2:"id";i:14044;s:3:"key";s:26:"sa_cbl_locations_lookup_in";s:5:"value";a:1:{s:7:"address";s:7:"billing";}}}i:1;O:12:"WC_Meta_Data":2:{s:15:"\0*\0current_data";a:3:{s:2:"id";i:14047;s:3:"key";s:17:"wc_coupon_message";s:5:"value";s:0:"";}s:7:"\0*\0data";a:3:{s:2:"id";i:14047;s:3:"key";s:17:"wc_coupon_message";s:5:"value";s:0:"";}}i:2;O:12:"WC_Meta_Data":2:{s:15:"\0*\0current_data";a:3:{s:2:"id";i:14048;s:3:"key";s:16:"wc_email_message";s:5:"value";s:2:"no";}s:7:"\0*\0data";a:3:{s:2:"id";i:14048;s:3:"key";s:16:"wc_email_message";s:5:"value";s:2:"no";}}i:3;O:12:"WC_Meta_Data":2:{s:15:"\0*\0current_data";a:3:{s:2:"id";i:14059;s:3:"key";s:23:"sc_restrict_to_new_user";s:5:"value";s:2:"no";}s:7:"\0*\0data";a:3:{s:2:"id";i:14059;s:3:"key";s:23:"sc_restrict_to_new_user";s:5:"value";s:2:"no";}}i:4;O:12:"WC_Meta_Data":2:{s:15:"\0*\0current_data";a:3:{s:2:"id";i:14060;s:3:"key";s:20:"auto_generate_coupon";s:5:"value";s:3:"yes";}s:7:"\0*\0data";a:3:{s:2:"id";i:14060;s:3:"key";s:20:"auto_generate_coupon";s:5:"value";s:3:"yes";}}i:5;O:12:"WC_Meta_Data":2:{s:15:"\0*\0current_data";a:3:{s:2:"id";i:14061;s:3:"key";s:19:"coupon_title_prefix";s:5:"value";s:0:"";}s:7:"\0*\0data";a:3:{s:2:"id";i:14061;s:3:"key";s:19:"coupon_title_prefix";s:5:"value";s:0:"";}}i:6;O:12:"WC_Meta_Data":2:{s:15:"\0*\0current_data";a:3:{s:2:"id";i:14062;s:3:"key";s:19:"coupon_title_suffix";s:5:"value";s:0:"";}s:7:"\0*\0data";a:3:{s:2:"id";i:14062;s:3:"key";s:19:"coupon_title_suffix";s:5:"value";s:0:"";}}i:7;O:12:"WC_Meta_Data":2:{s:15:"\0*\0current_data";a:3:{s:2:"id";i:14063;s:3:"key";s:18:"sc_coupon_validity";s:5:"value";s:1:"1";}s:7:"\0*\0data";a:3:{s:2:"id";i:14063;s:3:"key";s:18:"sc_coupon_validity";s:5:"value";s:1:"1";}}i:8;O:12:"WC_Meta_Data":2:{s:15:"\0*\0current_data";a:3:{s:2:"id";i:14064;s:3:"key";s:15:"validity_suffix";s:5:"value";s:4:"days";}s:7:"\0*\0data";a:3:{s:2:"id";i:14064;s:3:"key";s:15:"validity_suffix";s:5:"value";s:4:"days";}}i:9;O:12:"WC_Meta_Data":2:{s:15:"\0*\0current_data";a:3:{s:2:"id";i:14065;s:3:"key";s:23:"sc_is_visible_storewide";s:5:"value";s:3:"yes";}s:7:"\0*\0data";a:3:{s:2:"id";i:14065;s:3:"key";s:23:"sc_is_visible_storewide";s:5:"value";s:3:"yes";}}i:10;O:12:"WC_Meta_Data":2:{s:15:"\0*\0current_data";a:3:{s:2:"id";i:14066;s:3:"key";s:28:"sc_disable_email_restriction";s:5:"value";s:2:"no";}s:7:"\0*\0data";a:3:{s:2:"id";i:14066;s:3:"key";s:28:"sc_disable_email_restriction";s:5:"value";s:2:"no";}}i:11;O:12:"WC_Meta_Data":2:{s:15:"\0*\0current_data";a:3:{s:2:"id";i:14067;s:3:"key";s:24:"is_pick_price_of_product";s:5:"value";s:2:"no";}s:7:"\0*\0data";a:3:{s:2:"id";i:14067;s:3:"key";s:24:"is_pick_price_of_product";s:5:"value";s:2:"no";}}i:12;O:12:"WC_Meta_Data":2:{s:15:"\0*\0current_data";a:3:{s:2:"id";i:14068;s:3:"key";s:25:"wc_sc_add_product_details";s:5:"value";a:0:{}}s:7:"\0*\0data";a:3:{s:2:"id";i:14068;s:3:"key";s:25:"wc_sc_add_product_details";s:5:"value";a:0:{}}}i:13;O:12:"WC_Meta_Data":2:{s:15:"\0*\0current_data";a:3:{s:2:"id";i:14069;s:3:"key";s:18:"wc_sc_max_discount";s:5:"value";s:0:"";}s:7:"\0*\0data";a:3:{s:2:"id";i:14069;s:3:"key";s:18:"wc_sc_max_discount";s:5:"value";s:0:"";}}i:14;O:12:"WC_Meta_Data":2:{s:15:"\0*\0current_data";a:3:{s:2:"id";i:14070;s:3:"key";s:17:"wc_sc_expiry_time";s:5:"value";s:5:"43200";}s:7:"\0*\0data";a:3:{s:2:"id";i:14070;s:3:"key";s:17:"wc_sc_expiry_time";s:5:"value";s:5:"43200";}}i:15;O:12:"WC_Meta_Data":2:{s:15:"\0*\0current_data";a:3:{s:2:"id";i:14071;s:3:"key";s:23:"wc_sc_auto_apply_coupon";s:5:"value";s:3:"yes";}s:7:"\0*\0data";a:3:{s:2:"id";i:14071;s:3:"key";s:23:"wc_sc_auto_apply_coupon";s:5:"value";s:3:"yes";}}i:16;O:12:"WC_Meta_Data":2:{s:15:"\0*\0current_data";a:3:{s:2:"id";i:14072;s:3:"key";s:24:"sa_cbl_billing_locations";s:5:"value";a:0:{}}s:7:"\0*\0data";a:3:{s:2:"id";i:14072;s:3:"key";s:24:"sa_cbl_billing_locations";s:5:"value";a:0:{}}}i:17;O:12:"WC_Meta_Data":2:{s:15:"\0*\0current_data";a:3:{s:2:"id";i:14073;s:3:"key";s:24:"wc_sc_payment_method_ids";s:5:"value";a:0:{}}s:7:"\0*\0data";a:3:{s:2:"id";i:14073;s:3:"key";s:24:"wc_sc_payment_method_ids";s:5:"value";a:0:{}}}i:18;O:12:"WC_Meta_Data":2:{s:15:"\0*\0current_data";a:3:{s:2:"id";i:14074;s:3:"key";s:25:"wc_sc_shipping_method_ids";s:5:"value";a:0:{}}s:7:"\0*\0data";a:3:{s:2:"id";i:14074;s:3:"key";s:25:"wc_sc_shipping_method_ids";s:5:"value";a:0:{}}}i:19;O:12:"WC_Meta_Data":2:{s:15:"\0*\0current_data";a:3:{s:2:"id";i:14075;s:3:"key";s:19:"wc_sc_user_role_ids";s:5:"value";a:0:{}}s:7:"\0*\0data";a:3:{s:2:"id";i:14075;s:3:"key";s:19:"wc_sc_user_role_ids";s:5:"value";a:0:{}}}i:20;O:12:"WC_Meta_Data":2:{s:15:"\0*\0current_data";a:3:{s:2:"id";i:14076;s:3:"key";s:27:"wc_sc_exclude_user_role_ids";s:5:"value";a:0:{}}s:7:"\0*\0data";a:3:{s:2:"id";i:14076;s:3:"key";s:27:"wc_sc_exclude_user_role_ids";s:5:"value";a:0:{}}}i:21;O:12:"WC_Meta_Data":2:{s:15:"\0*\0current_data";a:3:{s:2:"id";i:14077;s:3:"key";s:27:"wc_sc_product_attribute_ids";s:5:"value";s:0:"";}s:7:"\0*\0data";a:3:{s:2:"id";i:14077;s:3:"key";s:27:"wc_sc_product_attribute_ids";s:5:"value";s:0:"";}}i:22;O:12:"WC_Meta_Data":2:{s:15:"\0*\0current_data";a:3:{s:2:"id";i:14078;s:3:"key";s:35:"wc_sc_exclude_product_attribute_ids";s:5:"value";s:0:"";}s:7:"\0*\0data";a:3:{s:2:"id";i:14078;s:3:"key";s:35:"wc_sc_exclude_product_attribute_ids";s:5:"value";s:0:"";}}i:23;O:12:"WC_Meta_Data":2:{s:15:"\0*\0current_data";a:3:{s:2:"id";i:14079;s:3:"key";s:27:"wc_sc_taxonomy_restrictions";s:5:"value";a:0:{}}s:7:"\0*\0data";a:3:{s:2:"id";i:14079;s:3:"key";s:27:"wc_sc_taxonomy_restrictions";s:5:"value";a:0:{}}}i:24;O:12:"WC_Meta_Data":2:{s:15:"\0*\0current_data";a:3:{s:2:"id";i:14080;s:3:"key";s:15:"wptr_hide_title";s:5:"value";s:1:"0";}s:7:"\0*\0data";a:3:{s:2:"id";i:14080;s:3:"key";s:15:"wptr_hide_title";s:5:"value";s:1:"0";}}i:25;O:12:"WC_Meta_Data":2:{s:15:"\0*\0current_data";a:3:{s:2:"id";i:17931;s:3:"key";s:12:"_wp_old_slug";s:5:"value";s:17:"wheval22__trashed";}s:7:"\0*\0data";a:3:{s:2:"id";i:17931;s:3:"key";s:12:"_wp_old_slug";s:5:"value";s:17:"wheval22__trashed";}}}}'),
(2803, 293, '_product_id', '862'),
(2804, 293, '_variation_id', '0'),
(2805, 293, '_qty', '1'),
(2806, 293, '_tax_class', ''),
(2807, 293, '_line_subtotal', '200'),
(2808, 293, '_line_subtotal_tax', '0'),
(2809, 293, '_line_total', '100'),
(2810, 293, '_line_tax', '0'),
(2811, 293, '_line_tax_data', 'a:2:{s:5:"total";a:0:{}s:8:"subtotal";a:0:{}}'),
(2812, 294, '_product_id', '925'),
(2813, 294, '_variation_id', '1255'),
(2814, 294, '_qty', '1'),
(2815, 294, '_tax_class', ''),
(2816, 294, '_line_subtotal', '300'),
(2817, 294, '_line_subtotal_tax', '0'),
(2818, 294, '_line_total', '150'),
(2819, 294, '_line_tax', '0'),
(2820, 294, '_line_tax_data', 'a:2:{s:5:"total";a:0:{}s:8:"subtotal";a:0:{}}'),
(2821, 294, 'pa_lace-type', 'frontal'),
(2822, 294, 'pa_braid-color', 'default-as-shown'),
(2823, 295, 'method_id', 'flat_rate'),
(2824, 295, 'instance_id', '16'),
(2825, 295, 'cost', '45.00'),
(2826, 295, 'total_tax', '0'),
(2827, 295, 'taxes', 'a:1:{s:5:"total";a:0:{}}'),
(2828, 295, 'Items', 'Ada Goddess Stitch Braids &times; 1, Kemi Knotless &times; 1'),
(2829, 296, 'discount_amount', '250'),
(2830, 296, 'discount_amount_tax', '0'),
(2831, 296, 'coupon_data', 'a:25:{s:2:"id";i:1924;s:4:"code";s:5:"hbd46";s:6:"amount";s:2:"50";s:6:"status";s:7:"publish";s:12:"date_created";O:11:"WC_DateTime":4:{s:13:"\0*\0utc_offset";i:0;s:4:"date";s:26:"2022-02-03 04:25:35.000000";s:13:"timezone_type";i:1;s:8:"timezone";s:6:"+00:00";}s:13:"date_modified";O:11:"WC_DateTime":4:{s:13:"\0*\0utc_offset";i:0;s:4:"date";s:26:"2024-03-18 20:49:28.000000";s:13:"timezone_type";i:1;s:8:"timezone";s:6:"+00:00";}s:12:"date_expires";O:11:"WC_DateTime":4:{s:13:"\0*\0utc_offset";i:0;s:4:"date";s:26:"2024-03-19 00:00:00.000000";s:13:"timezone_type";i:1;s:8:"timezone";s:6:"+00:00";}s:13:"discount_type";s:7:"percent";s:11:"description";s:21:"hubby''s birthday sale";s:11:"usage_count";i:8;s:14:"individual_use";b:0;s:11:"product_ids";a:0:{}s:20:"excluded_product_ids";a:0:{}s:11:"usage_limit";i:0;s:20:"usage_limit_per_user";i:0;s:22:"limit_usage_to_x_items";N;s:13:"free_shipping";b:0;s:18:"product_categories";a:0:{}s:27:"excluded_product_categories";a:0:{}s:18:"exclude_sale_items";b:0;s:14:"minimum_amount";s:0:"";s:14:"maximum_amount";s:0:"";s:18:"email_restrictions";a:0:{}s:7:"virtual";b:0;s:9:"meta_data";a:26:{i:0;O:12:"WC_Meta_Data":2:{s:15:"\0*\0current_data";a:3:{s:2:"id";i:14044;s:3:"key";s:26:"sa_cbl_locations_lookup_in";s:5:"value";a:1:{s:7:"address";s:7:"billing";}}s:7:"\0*\0data";a:3:{s:2:"id";i:14044;s:3:"key";s:26:"sa_cbl_locations_lookup_in";s:5:"value";a:1:{s:7:"address";s:7:"billing";}}}i:1;O:12:"WC_Meta_Data":2:{s:15:"\0*\0current_data";a:3:{s:2:"id";i:14047;s:3:"key";s:17:"wc_coupon_message";s:5:"value";s:0:"";}s:7:"\0*\0data";a:3:{s:2:"id";i:14047;s:3:"key";s:17:"wc_coupon_message";s:5:"value";s:0:"";}}i:2;O:12:"WC_Meta_Data":2:{s:15:"\0*\0current_data";a:3:{s:2:"id";i:14048;s:3:"key";s:16:"wc_email_message";s:5:"value";s:2:"no";}s:7:"\0*\0data";a:3:{s:2:"id";i:14048;s:3:"key";s:16:"wc_email_message";s:5:"value";s:2:"no";}}i:3;O:12:"WC_Meta_Data":2:{s:15:"\0*\0current_data";a:3:{s:2:"id";i:14059;s:3:"key";s:23:"sc_restrict_to_new_user";s:5:"value";s:2:"no";}s:7:"\0*\0data";a:3:{s:2:"id";i:14059;s:3:"key";s:23:"sc_restrict_to_new_user";s:5:"value";s:2:"no";}}i:4;O:12:"WC_Meta_Data":2:{s:15:"\0*\0current_data";a:3:{s:2:"id";i:14060;s:3:"key";s:20:"auto_generate_coupon";s:5:"value";s:3:"yes";}s:7:"\0*\0data";a:3:{s:2:"id";i:14060;s:3:"key";s:20:"auto_generate_coupon";s:5:"value";s:3:"yes";}}i:5;O:12:"WC_Meta_Data":2:{s:15:"\0*\0current_data";a:3:{s:2:"id";i:14061;s:3:"key";s:19:"coupon_title_prefix";s:5:"value";s:0:"";}s:7:"\0*\0data";a:3:{s:2:"id";i:14061;s:3:"key";s:19:"coupon_title_prefix";s:5:"value";s:0:"";}}i:6;O:12:"WC_Meta_Data":2:{s:15:"\0*\0current_data";a:3:{s:2:"id";i:14062;s:3:"key";s:19:"coupon_title_suffix";s:5:"value";s:0:"";}s:7:"\0*\0data";a:3:{s:2:"id";i:14062;s:3:"key";s:19:"coupon_title_suffix";s:5:"value";s:0:"";}}i:7;O:12:"WC_Meta_Data":2:{s:15:"\0*\0current_data";a:3:{s:2:"id";i:14063;s:3:"key";s:18:"sc_coupon_validity";s:5:"value";s:1:"1";}s:7:"\0*\0data";a:3:{s:2:"id";i:14063;s:3:"key";s:18:"sc_coupon_validity";s:5:"value";s:1:"1";}}i:8;O:12:"WC_Meta_Data":2:{s:15:"\0*\0current_data";a:3:{s:2:"id";i:14064;s:3:"key";s:15:"validity_suffix";s:5:"value";s:4:"days";}s:7:"\0*\0data";a:3:{s:2:"id";i:14064;s:3:"key";s:15:"validity_suffix";s:5:"value";s:4:"days";}}i:9;O:12:"WC_Meta_Data":2:{s:15:"\0*\0current_data";a:3:{s:2:"id";i:14065;s:3:"key";s:23:"sc_is_visible_storewide";s:5:"value";s:3:"yes";}s:7:"\0*\0data";a:3:{s:2:"id";i:14065;s:3:"key";s:23:"sc_is_visible_storewide";s:5:"value";s:3:"yes";}}i:10;O:12:"WC_Meta_Data":2:{s:15:"\0*\0current_data";a:3:{s:2:"id";i:14066;s:3:"key";s:28:"sc_disable_email_restriction";s:5:"value";s:2:"no";}s:7:"\0*\0data";a:3:{s:2:"id";i:14066;s:3:"key";s:28:"sc_disable_email_restriction";s:5:"value";s:2:"no";}}i:11;O:12:"WC_Meta_Data":2:{s:15:"\0*\0current_data";a:3:{s:2:"id";i:14067;s:3:"key";s:24:"is_pick_price_of_product";s:5:"value";s:2:"no";}s:7:"\0*\0data";a:3:{s:2:"id";i:14067;s:3:"key";s:24:"is_pick_price_of_product";s:5:"value";s:2:"no";}}i:12;O:12:"WC_Meta_Data":2:{s:15:"\0*\0current_data";a:3:{s:2:"id";i:14068;s:3:"key";s:25:"wc_sc_add_product_details";s:5:"value";a:0:{}}s:7:"\0*\0data";a:3:{s:2:"id";i:14068;s:3:"key";s:25:"wc_sc_add_product_details";s:5:"value";a:0:{}}}i:13;O:12:"WC_Meta_Data":2:{s:15:"\0*\0current_data";a:3:{s:2:"id";i:14069;s:3:"key";s:18:"wc_sc_max_discount";s:5:"value";s:0:"";}s:7:"\0*\0data";a:3:{s:2:"id";i:14069;s:3:"key";s:18:"wc_sc_max_discount";s:5:"value";s:0:"";}}i:14;O:12:"WC_Meta_Data":2:{s:15:"\0*\0current_data";a:3:{s:2:"id";i:14070;s:3:"key";s:17:"wc_sc_expiry_time";s:5:"value";s:5:"43200";}s:7:"\0*\0data";a:3:{s:2:"id";i:14070;s:3:"key";s:17:"wc_sc_expiry_time";s:5:"value";s:5:"43200";}}i:15;O:12:"WC_Meta_Data":2:{s:15:"\0*\0current_data";a:3:{s:2:"id";i:14071;s:3:"key";s:23:"wc_sc_auto_apply_coupon";s:5:"value";s:3:"yes";}s:7:"\0*\0data";a:3:{s:2:"id";i:14071;s:3:"key";s:23:"wc_sc_auto_apply_coupon";s:5:"value";s:3:"yes";}}i:16;O:12:"WC_Meta_Data":2:{s:15:"\0*\0current_data";a:3:{s:2:"id";i:14072;s:3:"key";s:24:"sa_cbl_billing_locations";s:5:"value";a:0:{}}s:7:"\0*\0data";a:3:{s:2:"id";i:14072;s:3:"key";s:24:"sa_cbl_billing_locations";s:5:"value";a:0:{}}}i:17;O:12:"WC_Meta_Data":2:{s:15:"\0*\0current_data";a:3:{s:2:"id";i:14073;s:3:"key";s:24:"wc_sc_payment_method_ids";s:5:"value";a:0:{}}s:7:"\0*\0data";a:3:{s:2:"id";i:14073;s:3:"key";s:24:"wc_sc_payment_method_ids";s:5:"value";a:0:{}}}i:18;O:12:"WC_Meta_Data":2:{s:15:"\0*\0current_data";a:3:{s:2:"id";i:14074;s:3:"key";s:25:"wc_sc_shipping_method_ids";s:5:"value";a:0:{}}s:7:"\0*\0data";a:3:{s:2:"id";i:14074;s:3:"key";s:25:"wc_sc_shipping_method_ids";s:5:"value";a:0:{}}}i:19;O:12:"WC_Meta_Data":2:{s:15:"\0*\0current_data";a:3:{s:2:"id";i:14075;s:3:"key";s:19:"wc_sc_user_role_ids";s:5:"value";a:0:{}}s:7:"\0*\0data";a:3:{s:2:"id";i:14075;s:3:"key";s:19:"wc_sc_user_role_ids";s:5:"value";a:0:{}}}i:20;O:12:"WC_Meta_Data":2:{s:15:"\0*\0current_data";a:3:{s:2:"id";i:14076;s:3:"key";s:27:"wc_sc_exclude_user_role_ids";s:5:"value";a:0:{}}s:7:"\0*\0data";a:3:{s:2:"id";i:14076;s:3:"key";s:27:"wc_sc_exclude_user_role_ids";s:5:"value";a:0:{}}}i:21;O:12:"WC_Meta_Data":2:{s:15:"\0*\0current_data";a:3:{s:2:"id";i:14077;s:3:"key";s:27:"wc_sc_product_attribute_ids";s:5:"value";s:0:"";}s:7:"\0*\0data";a:3:{s:2:"id";i:14077;s:3:"key";s:27:"wc_sc_product_attribute_ids";s:5:"value";s:0:"";}}i:22;O:12:"WC_Meta_Data":2:{s:15:"\0*\0current_data";a:3:{s:2:"id";i:14078;s:3:"key";s:35:"wc_sc_exclude_product_attribute_ids";s:5:"value";s:0:"";}s:7:"\0*\0data";a:3:{s:2:"id";i:14078;s:3:"key";s:35:"wc_sc_exclude_product_attribute_ids";s:5:"value";s:0:"";}}i:23;O:12:"WC_Meta_Data":2:{s:15:"\0*\0current_data";a:3:{s:2:"id";i:14079;s:3:"key";s:27:"wc_sc_taxonomy_restrictions";s:5:"value";a:0:{}}s:7:"\0*\0data";a:3:{s:2:"id";i:14079;s:3:"key";s:27:"wc_sc_taxonomy_restrictions";s:5:"value";a:0:{}}}i:24;O:12:"WC_Meta_Data":2:{s:15:"\0*\0current_data";a:3:{s:2:"id";i:14080;s:3:"key";s:15:"wptr_hide_title";s:5:"value";s:1:"0";}s:7:"\0*\0data";a:3:{s:2:"id";i:14080;s:3:"key";s:15:"wptr_hide_title";s:5:"value";s:1:"0";}}i:25;O:12:"WC_Meta_Data":2:{s:15:"\0*\0current_data";a:3:{s:2:"id";i:17931;s:3:"key";s:12:"_wp_old_slug";s:5:"value";s:17:"wheval22__trashed";}s:7:"\0*\0data";a:3:{s:2:"id";i:17931;s:3:"key";s:12:"_wp_old_slug";s:5:"value";s:17:"wheval22__trashed";}}}}'),
(2832, 294, '_reduced_stock', '1'),
(2833, 297, '_product_id', '1710'),
(2834, 297, '_variation_id', '0'),
(2835, 297, '_qty', '1'),
(2836, 297, '_tax_class', ''),
(2837, 297, '_line_subtotal', '200'),
(2838, 297, '_line_subtotal_tax', '0'),
(2839, 297, '_line_total', '100'),
(2840, 297, '_line_tax', '0'),
(2841, 297, '_line_tax_data', 'a:2:{s:5:"total";a:0:{}s:8:"subtotal";a:0:{}}'),
(2842, 298, 'method_id', 'flat_rate'),
(2843, 298, 'instance_id', '16'),
(2844, 298, 'cost', '45.00'),
(2845, 298, 'total_tax', '0'),
(2846, 298, 'taxes', 'a:1:{s:5:"total";a:0:{}}'),
(2847, 298, 'Items', 'Aqua &times; 1'),
(2848, 299, 'discount_amount', '100'),
(2849, 299, 'discount_amount_tax', '0'),
(2850, 299, 'coupon_data', 'a:25:{s:2:"id";i:1924;s:4:"code";s:5:"hbd46";s:6:"amount";s:2:"50";s:6:"status";s:7:"publish";s:12:"date_created";O:11:"WC_DateTime":4:{s:13:"\0*\0utc_offset";i:0;s:4:"date";s:26:"2022-02-03 04:25:35.000000";s:13:"timezone_type";i:1;s:8:"timezone";s:6:"+00:00";}s:13:"date_modified";O:11:"WC_DateTime":4:{s:13:"\0*\0utc_offset";i:0;s:4:"date";s:26:"2024-03-18 20:49:28.000000";s:13:"timezone_type";i:1;s:8:"timezone";s:6:"+00:00";}s:12:"date_expires";O:11:"WC_DateTime":4:{s:13:"\0*\0utc_offset";i:0;s:4:"date";s:26:"2024-03-19 00:00:00.000000";s:13:"timezone_type";i:1;s:8:"timezone";s:6:"+00:00";}s:13:"discount_type";s:7:"percent";s:11:"description";s:21:"hubby''s birthday sale";s:11:"usage_count";i:9;s:14:"individual_use";b:0;s:11:"product_ids";a:0:{}s:20:"excluded_product_ids";a:0:{}s:11:"usage_limit";i:0;s:20:"usage_limit_per_user";i:0;s:22:"limit_usage_to_x_items";N;s:13:"free_shipping";b:0;s:18:"product_categories";a:0:{}s:27:"excluded_product_categories";a:0:{}s:18:"exclude_sale_items";b:0;s:14:"minimum_amount";s:0:"";s:14:"maximum_amount";s:0:"";s:18:"email_restrictions";a:0:{}s:7:"virtual";b:0;s:9:"meta_data";a:26:{i:0;O:12:"WC_Meta_Data":2:{s:15:"\0*\0current_data";a:3:{s:2:"id";i:14044;s:3:"key";s:26:"sa_cbl_locations_lookup_in";s:5:"value";a:1:{s:7:"address";s:7:"billing";}}s:7:"\0*\0data";a:3:{s:2:"id";i:14044;s:3:"key";s:26:"sa_cbl_locations_lookup_in";s:5:"value";a:1:{s:7:"address";s:7:"billing";}}}i:1;O:12:"WC_Meta_Data":2:{s:15:"\0*\0current_data";a:3:{s:2:"id";i:14047;s:3:"key";s:17:"wc_coupon_message";s:5:"value";s:0:"";}s:7:"\0*\0data";a:3:{s:2:"id";i:14047;s:3:"key";s:17:"wc_coupon_message";s:5:"value";s:0:"";}}i:2;O:12:"WC_Meta_Data":2:{s:15:"\0*\0current_data";a:3:{s:2:"id";i:14048;s:3:"key";s:16:"wc_email_message";s:5:"value";s:2:"no";}s:7:"\0*\0data";a:3:{s:2:"id";i:14048;s:3:"key";s:16:"wc_email_message";s:5:"value";s:2:"no";}}i:3;O:12:"WC_Meta_Data":2:{s:15:"\0*\0current_data";a:3:{s:2:"id";i:14059;s:3:"key";s:23:"sc_restrict_to_new_user";s:5:"value";s:2:"no";}s:7:"\0*\0data";a:3:{s:2:"id";i:14059;s:3:"key";s:23:"sc_restrict_to_new_user";s:5:"value";s:2:"no";}}i:4;O:12:"WC_Meta_Data":2:{s:15:"\0*\0current_data";a:3:{s:2:"id";i:14060;s:3:"key";s:20:"auto_generate_coupon";s:5:"value";s:3:"yes";}s:7:"\0*\0data";a:3:{s:2:"id";i:14060;s:3:"key";s:20:"auto_generate_coupon";s:5:"value";s:3:"yes";}}i:5;O:12:"WC_Meta_Data":2:{s:15:"\0*\0current_data";a:3:{s:2:"id";i:14061;s:3:"key";s:19:"coupon_title_prefix";s:5:"value";s:0:"";}s:7:"\0*\0data";a:3:{s:2:"id";i:14061;s:3:"key";s:19:"coupon_title_prefix";s:5:"value";s:0:"";}}i:6;O:12:"WC_Meta_Data":2:{s:15:"\0*\0current_data";a:3:{s:2:"id";i:14062;s:3:"key";s:19:"coupon_title_suffix";s:5:"value";s:0:"";}s:7:"\0*\0data";a:3:{s:2:"id";i:14062;s:3:"key";s:19:"coupon_title_suffix";s:5:"value";s:0:"";}}i:7;O:12:"WC_Meta_Data":2:{s:15:"\0*\0current_data";a:3:{s:2:"id";i:14063;s:3:"key";s:18:"sc_coupon_validity";s:5:"value";s:1:"1";}s:7:"\0*\0data";a:3:{s:2:"id";i:14063;s:3:"key";s:18:"sc_coupon_validity";s:5:"value";s:1:"1";}}i:8;O:12:"WC_Meta_Data":2:{s:15:"\0*\0current_data";a:3:{s:2:"id";i:14064;s:3:"key";s:15:"validity_suffix";s:5:"value";s:4:"days";}s:7:"\0*\0data";a:3:{s:2:"id";i:14064;s:3:"key";s:15:"validity_suffix";s:5:"value";s:4:"days";}}i:9;O:12:"WC_Meta_Data":2:{s:15:"\0*\0current_data";a:3:{s:2:"id";i:14065;s:3:"key";s:23:"sc_is_visible_storewide";s:5:"value";s:3:"yes";}s:7:"\0*\0data";a:3:{s:2:"id";i:14065;s:3:"key";s:23:"sc_is_visible_storewide";s:5:"value";s:3:"yes";}}i:10;O:12:"WC_Meta_Data":2:{s:15:"\0*\0current_data";a:3:{s:2:"id";i:14066;s:3:"key";s:28:"sc_disable_email_restriction";s:5:"value";s:2:"no";}s:7:"\0*\0data";a:3:{s:2:"id";i:14066;s:3:"key";s:28:"sc_disable_email_restriction";s:5:"value";s:2:"no";}}i:11;O:12:"WC_Meta_Data":2:{s:15:"\0*\0current_data";a:3:{s:2:"id";i:14067;s:3:"key";s:24:"is_pick_price_of_product";s:5:"value";s:2:"no";}s:7:"\0*\0data";a:3:{s:2:"id";i:14067;s:3:"key";s:24:"is_pick_price_of_product";s:5:"value";s:2:"no";}}i:12;O:12:"WC_Meta_Data":2:{s:15:"\0*\0current_data";a:3:{s:2:"id";i:14068;s:3:"key";s:25:"wc_sc_add_product_details";s:5:"value";a:0:{}}s:7:"\0*\0data";a:3:{s:2:"id";i:14068;s:3:"key";s:25:"wc_sc_add_product_details";s:5:"value";a:0:{}}}i:13;O:12:"WC_Meta_Data":2:{s:15:"\0*\0current_data";a:3:{s:2:"id";i:14069;s:3:"key";s:18:"wc_sc_max_discount";s:5:"value";s:0:"";}s:7:"\0*\0data";a:3:{s:2:"id";i:14069;s:3:"key";s:18:"wc_sc_max_discount";s:5:"value";s:0:"";}}i:14;O:12:"WC_Meta_Data":2:{s:15:"\0*\0current_data";a:3:{s:2:"id";i:14070;s:3:"key";s:17:"wc_sc_expiry_time";s:5:"value";s:5:"43200";}s:7:"\0*\0data";a:3:{s:2:"id";i:14070;s:3:"key";s:17:"wc_sc_expiry_time";s:5:"value";s:5:"43200";}}i:15;O:12:"WC_Meta_Data":2:{s:15:"\0*\0current_data";a:3:{s:2:"id";i:14071;s:3:"key";s:23:"wc_sc_auto_apply_coupon";s:5:"value";s:3:"yes";}s:7:"\0*\0data";a:3:{s:2:"id";i:14071;s:3:"key";s:23:"wc_sc_auto_apply_coupon";s:5:"value";s:3:"yes";}}i:16;O:12:"WC_Meta_Data":2:{s:15:"\0*\0current_data";a:3:{s:2:"id";i:14072;s:3:"key";s:24:"sa_cbl_billing_locations";s:5:"value";a:0:{}}s:7:"\0*\0data";a:3:{s:2:"id";i:14072;s:3:"key";s:24:"sa_cbl_billing_locations";s:5:"value";a:0:{}}}i:17;O:12:"WC_Meta_Data":2:{s:15:"\0*\0current_data";a:3:{s:2:"id";i:14073;s:3:"key";s:24:"wc_sc_payment_method_ids";s:5:"value";a:0:{}}s:7:"\0*\0data";a:3:{s:2:"id";i:14073;s:3:"key";s:24:"wc_sc_payment_method_ids";s:5:"value";a:0:{}}}i:18;O:12:"WC_Meta_Data":2:{s:15:"\0*\0current_data";a:3:{s:2:"id";i:14074;s:3:"key";s:25:"wc_sc_shipping_method_ids";s:5:"value";a:0:{}}s:7:"\0*\0data";a:3:{s:2:"id";i:14074;s:3:"key";s:25:"wc_sc_shipping_method_ids";s:5:"value";a:0:{}}}i:19;O:12:"WC_Meta_Data":2:{s:15:"\0*\0current_data";a:3:{s:2:"id";i:14075;s:3:"key";s:19:"wc_sc_user_role_ids";s:5:"value";a:0:{}}s:7:"\0*\0data";a:3:{s:2:"id";i:14075;s:3:"key";s:19:"wc_sc_user_role_ids";s:5:"value";a:0:{}}}i:20;O:12:"WC_Meta_Data":2:{s:15:"\0*\0current_data";a:3:{s:2:"id";i:14076;s:3:"key";s:27:"wc_sc_exclude_user_role_ids";s:5:"value";a:0:{}}s:7:"\0*\0data";a:3:{s:2:"id";i:14076;s:3:"key";s:27:"wc_sc_exclude_user_role_ids";s:5:"value";a:0:{}}}i:21;O:12:"WC_Meta_Data":2:{s:15:"\0*\0current_data";a:3:{s:2:"id";i:14077;s:3:"key";s:27:"wc_sc_product_attribute_ids";s:5:"value";s:0:"";}s:7:"\0*\0data";a:3:{s:2:"id";i:14077;s:3:"key";s:27:"wc_sc_product_attribute_ids";s:5:"value";s:0:"";}}i:22;O:12:"WC_Meta_Data":2:{s:15:"\0*\0current_data";a:3:{s:2:"id";i:14078;s:3:"key";s:35:"wc_sc_exclude_product_attribute_ids";s:5:"value";s:0:"";}s:7:"\0*\0data";a:3:{s:2:"id";i:14078;s:3:"key";s:35:"wc_sc_exclude_product_attribute_ids";s:5:"value";s:0:"";}}i:23;O:12:"WC_Meta_Data":2:{s:15:"\0*\0current_data";a:3:{s:2:"id";i:14079;s:3:"key";s:27:"wc_sc_taxonomy_restrictions";s:5:"value";a:0:{}}s:7:"\0*\0data";a:3:{s:2:"id";i:14079;s:3:"key";s:27:"wc_sc_taxonomy_restrictions";s:5:"value";a:0:{}}}i:24;O:12:"WC_Meta_Data":2:{s:15:"\0*\0current_data";a:3:{s:2:"id";i:14080;s:3:"key";s:15:"wptr_hide_title";s:5:"value";s:1:"0";}s:7:"\0*\0data";a:3:{s:2:"id";i:14080;s:3:"key";s:15:"wptr_hide_title";s:5:"value";s:1:"0";}}i:25;O:12:"WC_Meta_Data":2:{s:15:"\0*\0current_data";a:3:{s:2:"id";i:17931;s:3:"key";s:12:"_wp_old_slug";s:5:"value";s:17:"wheval22__trashed";}s:7:"\0*\0data";a:3:{s:2:"id";i:17931;s:3:"key";s:12:"_wp_old_slug";s:5:"value";s:17:"wheval22__trashed";}}}}'),
(2933, 310, '_product_id', '1373'),
(2934, 310, '_variation_id', '1387'),
(2935, 310, '_qty', '1'),
(2936, 310, '_tax_class', ''),
(2937, 310, '_line_subtotal', '250'),
(2938, 310, '_line_subtotal_tax', '0'),
(2939, 310, '_line_total', '125'),
(2940, 310, '_line_tax', '0'),
(2941, 310, '_line_tax_data', 'a:2:{s:5:"total";a:0:{}s:8:"subtotal";a:0:{}}'),
(2942, 310, 'pa_lace-type', 'full-lace'),
(2943, 310, 'pa_braid-color', '1b'),
(2944, 310, 'pa_braids-color', 'single-color'),
(2945, 311, '_product_id', '850'),
(2946, 311, '_variation_id', '0'),
(2947, 311, '_qty', '1'),
(2948, 311, '_tax_class', ''),
(2949, 311, '_line_subtotal', '155'),
(2950, 311, '_line_subtotal_tax', '0'),
(2951, 311, '_line_total', '77.5'),
(2952, 311, '_line_tax', '0'),
(2953, 311, '_line_tax_data', 'a:2:{s:5:"total";a:0:{}s:8:"subtotal";a:0:{}}'),
(2954, 312, '_product_id', '737'),
(2955, 312, '_variation_id', '739'),
(2956, 312, '_qty', '1'),
(2957, 312, '_tax_class', ''),
(2958, 312, '_line_subtotal', '225'),
(2959, 312, '_line_subtotal_tax', '0'),
(2960, 312, '_line_total', '112.5'),
(2961, 312, '_line_tax', '0'),
(2962, 312, '_line_tax_data', 'a:2:{s:5:"total";a:0:{}s:8:"subtotal";a:0:{}}'),
(2963, 312, 'pa_lace-type', 'frontal'),
(2964, 312, 'pa_braids-color', 'multi-color'),
(2965, 313, 'method_id', 'flat_rate'),
(2966, 313, 'instance_id', '16'),
(2967, 313, 'cost', '45.00'),
(2968, 313, 'total_tax', '0'),
(2969, 313, 'taxes', 'a:1:{s:5:"total";a:0:{}}'),
(2970, 313, 'Items', 'The Queen Wig &times; 1, Amaka Tribal Goddess Wig &times; 1, Sophie Messy Goddess Braided Wig &times; 1'),
(2971, 314, 'discount_amount', '315'),
(2972, 314, 'discount_amount_tax', '0'),
(2973, 314, 'coupon_data', 'a:25:{s:2:"id";i:1924;s:4:"code";s:5:"hbd46";s:6:"amount";s:2:"50";s:6:"status";s:7:"publish";s:12:"date_created";O:11:"WC_DateTime":4:{s:13:"\0*\0utc_offset";i:0;s:4:"date";s:26:"2022-02-03 04:25:35.000000";s:13:"timezone_type";i:1;s:8:"timezone";s:6:"+00:00";}s:13:"date_modified";O:11:"WC_DateTime":4:{s:13:"\0*\0utc_offset";i:0;s:4:"date";s:26:"2024-03-18 20:49:28.000000";s:13:"timezone_type";i:1;s:8:"timezone";s:6:"+00:00";}s:12:"date_expires";O:11:"WC_DateTime":4:{s:13:"\0*\0utc_offset";i:0;s:4:"date";s:26:"2024-03-19 00:00:00.000000";s:13:"timezone_type";i:1;s:8:"timezone";s:6:"+00:00";}s:13:"discount_type";s:7:"percent";s:11:"description";s:21:"hubby''s birthday sale";s:11:"usage_count";i:10;s:14:"individual_use";b:0;s:11:"product_ids";a:0:{}s:20:"excluded_product_ids";a:0:{}s:11:"usage_limit";i:0;s:20:"usage_limit_per_user";i:0;s:22:"limit_usage_to_x_items";N;s:13:"free_shipping";b:0;s:18:"product_categories";a:0:{}s:27:"excluded_product_categories";a:0:{}s:18:"exclude_sale_items";b:0;s:14:"minimum_amount";s:0:"";s:14:"maximum_amount";s:0:"";s:18:"email_restrictions";a:0:{}s:7:"virtual";b:0;s:9:"meta_data";a:26:{i:0;O:12:"WC_Meta_Data":2:{s:15:"\0*\0current_data";a:3:{s:2:"id";i:14044;s:3:"key";s:26:"sa_cbl_locations_lookup_in";s:5:"value";a:1:{s:7:"address";s:7:"billing";}}s:7:"\0*\0data";a:3:{s:2:"id";i:14044;s:3:"key";s:26:"sa_cbl_locations_lookup_in";s:5:"value";a:1:{s:7:"address";s:7:"billing";}}}i:1;O:12:"WC_Meta_Data":2:{s:15:"\0*\0current_data";a:3:{s:2:"id";i:14047;s:3:"key";s:17:"wc_coupon_message";s:5:"value";s:0:"";}s:7:"\0*\0data";a:3:{s:2:"id";i:14047;s:3:"key";s:17:"wc_coupon_message";s:5:"value";s:0:"";}}i:2;O:12:"WC_Meta_Data":2:{s:15:"\0*\0current_data";a:3:{s:2:"id";i:14048;s:3:"key";s:16:"wc_email_message";s:5:"value";s:2:"no";}s:7:"\0*\0data";a:3:{s:2:"id";i:14048;s:3:"key";s:16:"wc_email_message";s:5:"value";s:2:"no";}}i:3;O:12:"WC_Meta_Data":2:{s:15:"\0*\0current_data";a:3:{s:2:"id";i:14059;s:3:"key";s:23:"sc_restrict_to_new_user";s:5:"value";s:2:"no";}s:7:"\0*\0data";a:3:{s:2:"id";i:14059;s:3:"key";s:23:"sc_restrict_to_new_user";s:5:"value";s:2:"no";}}i:4;O:12:"WC_Meta_Data":2:{s:15:"\0*\0current_data";a:3:{s:2:"id";i:14060;s:3:"key";s:20:"auto_generate_coupon";s:5:"value";s:3:"yes";}s:7:"\0*\0data";a:3:{s:2:"id";i:14060;s:3:"key";s:20:"auto_generate_coupon";s:5:"value";s:3:"yes";}}i:5;O:12:"WC_Meta_Data":2:{s:15:"\0*\0current_data";a:3:{s:2:"id";i:14061;s:3:"key";s:19:"coupon_title_prefix";s:5:"value";s:0:"";}s:7:"\0*\0data";a:3:{s:2:"id";i:14061;s:3:"key";s:19:"coupon_title_prefix";s:5:"value";s:0:"";}}i:6;O:12:"WC_Meta_Data":2:{s:15:"\0*\0current_data";a:3:{s:2:"id";i:14062;s:3:"key";s:19:"coupon_title_suffix";s:5:"value";s:0:"";}s:7:"\0*\0data";a:3:{s:2:"id";i:14062;s:3:"key";s:19:"coupon_title_suffix";s:5:"value";s:0:"";}}i:7;O:12:"WC_Meta_Data":2:{s:15:"\0*\0current_data";a:3:{s:2:"id";i:14063;s:3:"key";s:18:"sc_coupon_validity";s:5:"value";s:1:"1";}s:7:"\0*\0data";a:3:{s:2:"id";i:14063;s:3:"key";s:18:"sc_coupon_validity";s:5:"value";s:1:"1";}}i:8;O:12:"WC_Meta_Data":2:{s:15:"\0*\0current_data";a:3:{s:2:"id";i:14064;s:3:"key";s:15:"validity_suffix";s:5:"value";s:4:"days";}s:7:"\0*\0data";a:3:{s:2:"id";i:14064;s:3:"key";s:15:"validity_suffix";s:5:"value";s:4:"days";}}i:9;O:12:"WC_Meta_Data":2:{s:15:"\0*\0current_data";a:3:{s:2:"id";i:14065;s:3:"key";s:23:"sc_is_visible_storewide";s:5:"value";s:3:"yes";}s:7:"\0*\0data";a:3:{s:2:"id";i:14065;s:3:"key";s:23:"sc_is_visible_storewide";s:5:"value";s:3:"yes";}}i:10;O:12:"WC_Meta_Data":2:{s:15:"\0*\0current_data";a:3:{s:2:"id";i:14066;s:3:"key";s:28:"sc_disable_email_restriction";s:5:"value";s:2:"no";}s:7:"\0*\0data";a:3:{s:2:"id";i:14066;s:3:"key";s:28:"sc_disable_email_restriction";s:5:"value";s:2:"no";}}i:11;O:12:"WC_Meta_Data":2:{s:15:"\0*\0current_data";a:3:{s:2:"id";i:14067;s:3:"key";s:24:"is_pick_price_of_product";s:5:"value";s:2:"no";}s:7:"\0*\0data";a:3:{s:2:"id";i:14067;s:3:"key";s:24:"is_pick_price_of_product";s:5:"value";s:2:"no";}}i:12;O:12:"WC_Meta_Data":2:{s:15:"\0*\0current_data";a:3:{s:2:"id";i:14068;s:3:"key";s:25:"wc_sc_add_product_details";s:5:"value";a:0:{}}s:7:"\0*\0data";a:3:{s:2:"id";i:14068;s:3:"key";s:25:"wc_sc_add_product_details";s:5:"value";a:0:{}}}i:13;O:12:"WC_Meta_Data":2:{s:15:"\0*\0current_data";a:3:{s:2:"id";i:14069;s:3:"key";s:18:"wc_sc_max_discount";s:5:"value";s:0:"";}s:7:"\0*\0data";a:3:{s:2:"id";i:14069;s:3:"key";s:18:"wc_sc_max_discount";s:5:"value";s:0:"";}}i:14;O:12:"WC_Meta_Data":2:{s:15:"\0*\0current_data";a:3:{s:2:"id";i:14070;s:3:"key";s:17:"wc_sc_expiry_time";s:5:"value";s:5:"43200";}s:7:"\0*\0data";a:3:{s:2:"id";i:14070;s:3:"key";s:17:"wc_sc_expiry_time";s:5:"value";s:5:"43200";}}i:15;O:12:"WC_Meta_Data":2:{s:15:"\0*\0current_data";a:3:{s:2:"id";i:14071;s:3:"key";s:23:"wc_sc_auto_apply_coupon";s:5:"value";s:3:"yes";}s:7:"\0*\0data";a:3:{s:2:"id";i:14071;s:3:"key";s:23:"wc_sc_auto_apply_coupon";s:5:"value";s:3:"yes";}}i:16;O:12:"WC_Meta_Data":2:{s:15:"\0*\0current_data";a:3:{s:2:"id";i:14072;s:3:"key";s:24:"sa_cbl_billing_locations";s:5:"value";a:0:{}}s:7:"\0*\0data";a:3:{s:2:"id";i:14072;s:3:"key";s:24:"sa_cbl_billing_locations";s:5:"value";a:0:{}}}i:17;O:12:"WC_Meta_Data":2:{s:15:"\0*\0current_data";a:3:{s:2:"id";i:14073;s:3:"key";s:24:"wc_sc_payment_method_ids";s:5:"value";a:0:{}}s:7:"\0*\0data";a:3:{s:2:"id";i:14073;s:3:"key";s:24:"wc_sc_payment_method_ids";s:5:"value";a:0:{}}}i:18;O:12:"WC_Meta_Data":2:{s:15:"\0*\0current_data";a:3:{s:2:"id";i:14074;s:3:"key";s:25:"wc_sc_shipping_method_ids";s:5:"value";a:0:{}}s:7:"\0*\0data";a:3:{s:2:"id";i:14074;s:3:"key";s:25:"wc_sc_shipping_method_ids";s:5:"value";a:0:{}}}i:19;O:12:"WC_Meta_Data":2:{s:15:"\0*\0current_data";a:3:{s:2:"id";i:14075;s:3:"key";s:19:"wc_sc_user_role_ids";s:5:"value";a:0:{}}s:7:"\0*\0data";a:3:{s:2:"id";i:14075;s:3:"key";s:19:"wc_sc_user_role_ids";s:5:"value";a:0:{}}}i:20;O:12:"WC_Meta_Data":2:{s:15:"\0*\0current_data";a:3:{s:2:"id";i:14076;s:3:"key";s:27:"wc_sc_exclude_user_role_ids";s:5:"value";a:0:{}}s:7:"\0*\0data";a:3:{s:2:"id";i:14076;s:3:"key";s:27:"wc_sc_exclude_user_role_ids";s:5:"value";a:0:{}}}i:21;O:12:"WC_Meta_Data":2:{s:15:"\0*\0current_data";a:3:{s:2:"id";i:14077;s:3:"key";s:27:"wc_sc_product_attribute_ids";s:5:"value";s:0:"";}s:7:"\0*\0data";a:3:{s:2:"id";i:14077;s:3:"key";s:27:"wc_sc_product_attribute_ids";s:5:"value";s:0:"";}}i:22;O:12:"WC_Meta_Data":2:{s:15:"\0*\0current_data";a:3:{s:2:"id";i:14078;s:3:"key";s:35:"wc_sc_exclude_product_attribute_ids";s:5:"value";s:0:"";}s:7:"\0*\0data";a:3:{s:2:"id";i:14078;s:3:"key";s:35:"wc_sc_exclude_product_attribute_ids";s:5:"value";s:0:"";}}i:23;O:12:"WC_Meta_Data":2:{s:15:"\0*\0current_data";a:3:{s:2:"id";i:14079;s:3:"key";s:27:"wc_sc_taxonomy_restrictions";s:5:"value";a:0:{}}s:7:"\0*\0data";a:3:{s:2:"id";i:14079;s:3:"key";s:27:"wc_sc_taxonomy_restrictions";s:5:"value";a:0:{}}}i:24;O:12:"WC_Meta_Data":2:{s:15:"\0*\0current_data";a:3:{s:2:"id";i:14080;s:3:"key";s:15:"wptr_hide_title";s:5:"value";s:1:"0";}s:7:"\0*\0data";a:3:{s:2:"id";i:14080;s:3:"key";s:15:"wptr_hide_title";s:5:"value";s:1:"0";}}i:25;O:12:"WC_Meta_Data":2:{s:15:"\0*\0current_data";a:3:{s:2:"id";i:17931;s:3:"key";s:12:"_wp_old_slug";s:5:"value";s:17:"wheval22__trashed";}s:7:"\0*\0data";a:3:{s:2:"id";i:17931;s:3:"key";s:12:"_wp_old_slug";s:5:"value";s:17:"wheval22__trashed";}}}}'),
(3028, 322, '_product_id', '2105'),
(3029, 322, '_variation_id', '0'),
(3030, 322, '_qty', '1'),
(3031, 322, '_tax_class', ''),
(3032, 322, '_line_subtotal', '300'),
(3033, 322, '_line_subtotal_tax', '0'),
(3034, 322, '_line_total', '150'),
(3035, 322, '_line_tax', '0'),
(3036, 322, '_line_tax_data', 'a:2:{s:5:"total";a:0:{}s:8:"subtotal";a:0:{}}'),
(3037, 323, '_product_id', '1347'),
(3038, 323, '_variation_id', '0'),
(3039, 323, '_qty', '1'),
(3040, 323, '_tax_class', ''),
(3041, 323, '_line_subtotal', '150'),
(3042, 323, '_line_subtotal_tax', '0'),
(3043, 323, '_line_total', '75'),
(3044, 323, '_line_tax', '0'),
(3045, 323, '_line_tax_data', 'a:2:{s:5:"total";a:0:{}s:8:"subtotal";a:0:{}}'),
(3046, 324, '_product_id', '1710'),
(3047, 324, '_variation_id', '0'),
(3048, 324, '_qty', '1'),
(3049, 324, '_tax_class', ''),
(3050, 324, '_line_subtotal', '200'),
(3051, 324, '_line_subtotal_tax', '0'),
(3052, 324, '_line_total', '100'),
(3053, 324, '_line_tax', '0'),
(3054, 324, '_line_tax_data', 'a:2:{s:5:"total";a:0:{}s:8:"subtotal";a:0:{}}'),
(3055, 325, '_product_id', '1717'),
(3056, 325, '_variation_id', '0'),
(3057, 325, '_qty', '1'),
(3058, 325, '_tax_class', ''),
(3059, 325, '_line_subtotal', '155'),
(3060, 325, '_line_subtotal_tax', '0'),
(3061, 325, '_line_total', '77.5'),
(3062, 325, '_line_tax', '0'),
(3063, 325, '_line_tax_data', 'a:2:{s:5:"total";a:0:{}s:8:"subtotal";a:0:{}}'),
(3064, 326, '_product_id', '943'),
(3065, 326, '_variation_id', '0'),
(3066, 326, '_qty', '1'),
(3067, 326, '_tax_class', ''),
(3068, 326, '_line_subtotal', '125'),
(3069, 326, '_line_subtotal_tax', '0'),
(3070, 326, '_line_total', '62.5'),
(3071, 326, '_line_tax', '0'),
(3072, 326, '_line_tax_data', 'a:2:{s:5:"total";a:0:{}s:8:"subtotal";a:0:{}}'),
(3073, 327, 'method_id', 'flat_rate'),
(3074, 327, 'instance_id', '16'),
(3075, 327, 'cost', '45.00'),
(3076, 327, 'total_tax', '0'),
(3077, 327, 'taxes', 'a:1:{s:5:"total";a:0:{}}'),
(3078, 327, 'Items', 'Blonde Mix &times; 1, Frontal full cornrow wig. &times; 1, Aqua &times; 1, Amara &times; 1, Wig Chi &times; 1'),
(3079, 328, 'discount_amount', '465'),
(3080, 328, 'discount_amount_tax', '0'),
(3081, 328, 'coupon_data', 'a:25:{s:2:"id";i:1924;s:4:"code";s:5:"hbd46";s:6:"amount";s:2:"50";s:6:"status";s:7:"publish";s:12:"date_created";O:11:"WC_DateTime":4:{s:13:"\0*\0utc_offset";i:0;s:4:"date";s:26:"2022-02-03 04:25:35.000000";s:13:"timezone_type";i:1;s:8:"timezone";s:6:"+00:00";}s:13:"date_modified";O:11:"WC_DateTime":4:{s:13:"\0*\0utc_offset";i:0;s:4:"date";s:26:"2024-03-19 12:03:08.000000";s:13:"timezone_type";i:1;s:8:"timezone";s:6:"+00:00";}s:12:"date_expires";O:11:"WC_DateTime":4:{s:13:"\0*\0utc_offset";i:0;s:4:"date";s:26:"2024-03-20 00:00:00.000000";s:13:"timezone_type";i:1;s:8:"timezone";s:6:"+00:00";}s:13:"discount_type";s:7:"percent";s:11:"description";s:21:"hubby''s birthday sale";s:11:"usage_count";i:11;s:14:"individual_use";b:0;s:11:"product_ids";a:0:{}s:20:"excluded_product_ids";a:1:{i:0;i:1724;}s:11:"usage_limit";i:0;s:20:"usage_limit_per_user";i:0;s:22:"limit_usage_to_x_items";N;s:13:"free_shipping";b:0;s:18:"product_categories";a:0:{}s:27:"excluded_product_categories";a:0:{}s:18:"exclude_sale_items";b:1;s:14:"minimum_amount";s:0:"";s:14:"maximum_amount";s:0:"";s:18:"email_restrictions";a:0:{}s:7:"virtual";b:0;s:9:"meta_data";a:26:{i:0;O:12:"WC_Meta_Data":2:{s:15:"\0*\0current_data";a:3:{s:2:"id";i:14044;s:3:"key";s:26:"sa_cbl_locations_lookup_in";s:5:"value";a:1:{s:7:"address";s:7:"billing";}}s:7:"\0*\0data";a:3:{s:2:"id";i:14044;s:3:"key";s:26:"sa_cbl_locations_lookup_in";s:5:"value";a:1:{s:7:"address";s:7:"billing";}}}i:1;O:12:"WC_Meta_Data":2:{s:15:"\0*\0current_data";a:3:{s:2:"id";i:14047;s:3:"key";s:17:"wc_coupon_message";s:5:"value";s:0:"";}s:7:"\0*\0data";a:3:{s:2:"id";i:14047;s:3:"key";s:17:"wc_coupon_message";s:5:"value";s:0:"";}}i:2;O:12:"WC_Meta_Data":2:{s:15:"\0*\0current_data";a:3:{s:2:"id";i:14048;s:3:"key";s:16:"wc_email_message";s:5:"value";s:2:"no";}s:7:"\0*\0data";a:3:{s:2:"id";i:14048;s:3:"key";s:16:"wc_email_message";s:5:"value";s:2:"no";}}i:3;O:12:"WC_Meta_Data":2:{s:15:"\0*\0current_data";a:3:{s:2:"id";i:14059;s:3:"key";s:23:"sc_restrict_to_new_user";s:5:"value";s:2:"no";}s:7:"\0*\0data";a:3:{s:2:"id";i:14059;s:3:"key";s:23:"sc_restrict_to_new_user";s:5:"value";s:2:"no";}}i:4;O:12:"WC_Meta_Data":2:{s:15:"\0*\0current_data";a:3:{s:2:"id";i:14060;s:3:"key";s:20:"auto_generate_coupon";s:5:"value";s:3:"yes";}s:7:"\0*\0data";a:3:{s:2:"id";i:14060;s:3:"key";s:20:"auto_generate_coupon";s:5:"value";s:3:"yes";}}i:5;O:12:"WC_Meta_Data":2:{s:15:"\0*\0current_data";a:3:{s:2:"id";i:14061;s:3:"key";s:19:"coupon_title_prefix";s:5:"value";s:0:"";}s:7:"\0*\0data";a:3:{s:2:"id";i:14061;s:3:"key";s:19:"coupon_title_prefix";s:5:"value";s:0:"";}}i:6;O:12:"WC_Meta_Data":2:{s:15:"\0*\0current_data";a:3:{s:2:"id";i:14062;s:3:"key";s:19:"coupon_title_suffix";s:5:"value";s:0:"";}s:7:"\0*\0data";a:3:{s:2:"id";i:14062;s:3:"key";s:19:"coupon_title_suffix";s:5:"value";s:0:"";}}i:7;O:12:"WC_Meta_Data":2:{s:15:"\0*\0current_data";a:3:{s:2:"id";i:14063;s:3:"key";s:18:"sc_coupon_validity";s:5:"value";s:1:"1";}s:7:"\0*\0data";a:3:{s:2:"id";i:14063;s:3:"key";s:18:"sc_coupon_validity";s:5:"value";s:1:"1";}}i:8;O:12:"WC_Meta_Data":2:{s:15:"\0*\0current_data";a:3:{s:2:"id";i:14064;s:3:"key";s:15:"validity_suffix";s:5:"value";s:4:"days";}s:7:"\0*\0data";a:3:{s:2:"id";i:14064;s:3:"key";s:15:"validity_suffix";s:5:"value";s:4:"days";}}i:9;O:12:"WC_Meta_Data":2:{s:15:"\0*\0current_data";a:3:{s:2:"id";i:14065;s:3:"key";s:23:"sc_is_visible_storewide";s:5:"value";s:3:"yes";}s:7:"\0*\0data";a:3:{s:2:"id";i:14065;s:3:"key";s:23:"sc_is_visible_storewide";s:5:"value";s:3:"yes";}}i:10;O:12:"WC_Meta_Data":2:{s:15:"\0*\0current_data";a:3:{s:2:"id";i:14066;s:3:"key";s:28:"sc_disable_email_restriction";s:5:"value";s:2:"no";}s:7:"\0*\0data";a:3:{s:2:"id";i:14066;s:3:"key";s:28:"sc_disable_email_restriction";s:5:"value";s:2:"no";}}i:11;O:12:"WC_Meta_Data":2:{s:15:"\0*\0current_data";a:3:{s:2:"id";i:14067;s:3:"key";s:24:"is_pick_price_of_product";s:5:"value";s:2:"no";}s:7:"\0*\0data";a:3:{s:2:"id";i:14067;s:3:"key";s:24:"is_pick_price_of_product";s:5:"value";s:2:"no";}}i:12;O:12:"WC_Meta_Data":2:{s:15:"\0*\0current_data";a:3:{s:2:"id";i:14068;s:3:"key";s:25:"wc_sc_add_product_details";s:5:"value";a:0:{}}s:7:"\0*\0data";a:3:{s:2:"id";i:14068;s:3:"key";s:25:"wc_sc_add_product_details";s:5:"value";a:0:{}}}i:13;O:12:"WC_Meta_Data":2:{s:15:"\0*\0current_data";a:3:{s:2:"id";i:14069;s:3:"key";s:18:"wc_sc_max_discount";s:5:"value";s:0:"";}s:7:"\0*\0data";a:3:{s:2:"id";i:14069;s:3:"key";s:18:"wc_sc_max_discount";s:5:"value";s:0:"";}}i:14;O:12:"WC_Meta_Data":2:{s:15:"\0*\0current_data";a:3:{s:2:"id";i:14070;s:3:"key";s:17:"wc_sc_expiry_time";s:5:"value";s:5:"46920";}s:7:"\0*\0data";a:3:{s:2:"id";i:14070;s:3:"key";s:17:"wc_sc_expiry_time";s:5:"value";s:5:"46920";}}i:15;O:12:"WC_Meta_Data":2:{s:15:"\0*\0current_data";a:3:{s:2:"id";i:14071;s:3:"key";s:23:"wc_sc_auto_apply_coupon";s:5:"value";s:3:"yes";}s:7:"\0*\0data";a:3:{s:2:"id";i:14071;s:3:"key";s:23:"wc_sc_auto_apply_coupon";s:5:"value";s:3:"yes";}}i:16;O:12:"WC_Meta_Data":2:{s:15:"\0*\0current_data";a:3:{s:2:"id";i:14072;s:3:"key";s:24:"sa_cbl_billing_locations";s:5:"value";a:0:{}}s:7:"\0*\0data";a:3:{s:2:"id";i:14072;s:3:"key";s:24:"sa_cbl_billing_locations";s:5:"value";a:0:{}}}i:17;O:12:"WC_Meta_Data":2:{s:15:"\0*\0current_data";a:3:{s:2:"id";i:14073;s:3:"key";s:24:"wc_sc_payment_method_ids";s:5:"value";a:0:{}}s:7:"\0*\0data";a:3:{s:2:"id";i:14073;s:3:"key";s:24:"wc_sc_payment_method_ids";s:5:"value";a:0:{}}}i:18;O:12:"WC_Meta_Data":2:{s:15:"\0*\0current_data";a:3:{s:2:"id";i:14074;s:3:"key";s:25:"wc_sc_shipping_method_ids";s:5:"value";a:0:{}}s:7:"\0*\0data";a:3:{s:2:"id";i:14074;s:3:"key";s:25:"wc_sc_shipping_method_ids";s:5:"value";a:0:{}}}i:19;O:12:"WC_Meta_Data":2:{s:15:"\0*\0current_data";a:3:{s:2:"id";i:14075;s:3:"key";s:19:"wc_sc_user_role_ids";s:5:"value";a:0:{}}s:7:"\0*\0data";a:3:{s:2:"id";i:14075;s:3:"key";s:19:"wc_sc_user_role_ids";s:5:"value";a:0:{}}}i:20;O:12:"WC_Meta_Data":2:{s:15:"\0*\0current_data";a:3:{s:2:"id";i:14076;s:3:"key";s:27:"wc_sc_exclude_user_role_ids";s:5:"value";a:0:{}}s:7:"\0*\0data";a:3:{s:2:"id";i:14076;s:3:"key";s:27:"wc_sc_exclude_user_role_ids";s:5:"value";a:0:{}}}i:21;O:12:"WC_Meta_Data":2:{s:15:"\0*\0current_data";a:3:{s:2:"id";i:14077;s:3:"key";s:27:"wc_sc_product_attribute_ids";s:5:"value";s:0:"";}s:7:"\0*\0data";a:3:{s:2:"id";i:14077;s:3:"key";s:27:"wc_sc_product_attribute_ids";s:5:"value";s:0:"";}}i:22;O:12:"WC_Meta_Data":2:{s:15:"\0*\0current_data";a:3:{s:2:"id";i:14078;s:3:"key";s:35:"wc_sc_exclude_product_attribute_ids";s:5:"value";s:0:"";}s:7:"\0*\0data";a:3:{s:2:"id";i:14078;s:3:"key";s:35:"wc_sc_exclude_product_attribute_ids";s:5:"value";s:0:"";}}i:23;O:12:"WC_Meta_Data":2:{s:15:"\0*\0current_data";a:3:{s:2:"id";i:14079;s:3:"key";s:27:"wc_sc_taxonomy_restrictions";s:5:"value";a:0:{}}s:7:"\0*\0data";a:3:{s:2:"id";i:14079;s:3:"key";s:27:"wc_sc_taxonomy_restrictions";s:5:"value";a:0:{}}}i:24;O:12:"WC_Meta_Data":2:{s:15:"\0*\0current_data";a:3:{s:2:"id";i:14080;s:3:"key";s:15:"wptr_hide_title";s:5:"value";s:1:"0";}s:7:"\0*\0data";a:3:{s:2:"id";i:14080;s:3:"key";s:15:"wptr_hide_title";s:5:"value";s:1:"0";}}i:25;O:12:"WC_Meta_Data":2:{s:15:"\0*\0current_data";a:3:{s:2:"id";i:17931;s:3:"key";s:12:"_wp_old_slug";s:5:"value";s:17:"wheval22__trashed";}s:7:"\0*\0data";a:3:{s:2:"id";i:17931;s:3:"key";s:12:"_wp_old_slug";s:5:"value";s:17:"wheval22__trashed";}}}}'),
(3082, 329, '_product_id', '1714'),
(3083, 329, '_variation_id', '0'),
(3084, 329, '_qty', '1'),
(3085, 329, '_tax_class', ''),
(3086, 329, '_line_subtotal', '200'),
(3087, 329, '_line_subtotal_tax', '0'),
(3088, 329, '_line_total', '100'),
(3089, 329, '_line_tax', '0'),
(3090, 329, '_line_tax_data', 'a:2:{s:5:"total";a:0:{}s:8:"subtotal";a:0:{}}'),
(3091, 330, 'method_id', 'flat_rate'),
(3092, 330, 'instance_id', '16'),
(3093, 330, 'cost', '45.00'),
(3094, 330, 'total_tax', '0'),
(3095, 330, 'taxes', 'a:1:{s:5:"total";a:0:{}}'),
(3096, 330, 'Items', 'Goldie &times; 1'),
(3097, 331, 'discount_amount', '100'),
(3098, 331, 'discount_amount_tax', '0'),
(3099, 331, 'coupon_data', 'a:25:{s:2:"id";i:1924;s:4:"code";s:5:"hbd46";s:6:"amount";s:2:"50";s:6:"status";s:7:"publish";s:12:"date_created";O:11:"WC_DateTime":4:{s:13:"\0*\0utc_offset";i:0;s:4:"date";s:26:"2022-02-03 04:25:35.000000";s:13:"timezone_type";i:1;s:8:"timezone";s:6:"+00:00";}s:13:"date_modified";O:11:"WC_DateTime":4:{s:13:"\0*\0utc_offset";i:0;s:4:"date";s:26:"2024-03-20 23:39:07.000000";s:13:"timezone_type";i:1;s:8:"timezone";s:6:"+00:00";}s:12:"date_expires";O:11:"WC_DateTime":4:{s:13:"\0*\0utc_offset";i:0;s:4:"date";s:26:"2024-03-21 00:00:00.000000";s:13:"timezone_type";i:1;s:8:"timezone";s:6:"+00:00";}s:13:"discount_type";s:7:"percent";s:11:"description";s:21:"hubby''s birthday sale";s:11:"usage_count";i:12;s:14:"individual_use";b:0;s:11:"product_ids";a:0:{}s:20:"excluded_product_ids";a:2:{i:0;i:1710;i:1;i:1724;}s:11:"usage_limit";i:0;s:20:"usage_limit_per_user";i:0;s:22:"limit_usage_to_x_items";N;s:13:"free_shipping";b:0;s:18:"product_categories";a:0:{}s:27:"excluded_product_categories";a:0:{}s:18:"exclude_sale_items";b:1;s:14:"minimum_amount";s:0:"";s:14:"maximum_amount";s:0:"";s:18:"email_restrictions";a:0:{}s:7:"virtual";b:0;s:9:"meta_data";a:26:{i:0;O:12:"WC_Meta_Data":2:{s:15:"\0*\0current_data";a:3:{s:2:"id";i:14044;s:3:"key";s:26:"sa_cbl_locations_lookup_in";s:5:"value";a:1:{s:7:"address";s:7:"billing";}}s:7:"\0*\0data";a:3:{s:2:"id";i:14044;s:3:"key";s:26:"sa_cbl_locations_lookup_in";s:5:"value";a:1:{s:7:"address";s:7:"billing";}}}i:1;O:12:"WC_Meta_Data":2:{s:15:"\0*\0current_data";a:3:{s:2:"id";i:14047;s:3:"key";s:17:"wc_coupon_message";s:5:"value";s:0:"";}s:7:"\0*\0data";a:3:{s:2:"id";i:14047;s:3:"key";s:17:"wc_coupon_message";s:5:"value";s:0:"";}}i:2;O:12:"WC_Meta_Data":2:{s:15:"\0*\0current_data";a:3:{s:2:"id";i:14048;s:3:"key";s:16:"wc_email_message";s:5:"value";s:2:"no";}s:7:"\0*\0data";a:3:{s:2:"id";i:14048;s:3:"key";s:16:"wc_email_message";s:5:"value";s:2:"no";}}i:3;O:12:"WC_Meta_Data":2:{s:15:"\0*\0current_data";a:3:{s:2:"id";i:14059;s:3:"key";s:23:"sc_restrict_to_new_user";s:5:"value";s:2:"no";}s:7:"\0*\0data";a:3:{s:2:"id";i:14059;s:3:"key";s:23:"sc_restrict_to_new_user";s:5:"value";s:2:"no";}}i:4;O:12:"WC_Meta_Data":2:{s:15:"\0*\0current_data";a:3:{s:2:"id";i:14060;s:3:"key";s:20:"auto_generate_coupon";s:5:"value";s:3:"yes";}s:7:"\0*\0data";a:3:{s:2:"id";i:14060;s:3:"key";s:20:"auto_generate_coupon";s:5:"value";s:3:"yes";}}i:5;O:12:"WC_Meta_Data":2:{s:15:"\0*\0current_data";a:3:{s:2:"id";i:14061;s:3:"key";s:19:"coupon_title_prefix";s:5:"value";s:0:"";}s:7:"\0*\0data";a:3:{s:2:"id";i:14061;s:3:"key";s:19:"coupon_title_prefix";s:5:"value";s:0:"";}}i:6;O:12:"WC_Meta_Data":2:{s:15:"\0*\0current_data";a:3:{s:2:"id";i:14062;s:3:"key";s:19:"coupon_title_suffix";s:5:"value";s:0:"";}s:7:"\0*\0data";a:3:{s:2:"id";i:14062;s:3:"key";s:19:"coupon_title_suffix";s:5:"value";s:0:"";}}i:7;O:12:"WC_Meta_Data":2:{s:15:"\0*\0current_data";a:3:{s:2:"id";i:14063;s:3:"key";s:18:"sc_coupon_validity";s:5:"value";s:1:"1";}s:7:"\0*\0data";a:3:{s:2:"id";i:14063;s:3:"key";s:18:"sc_coupon_validity";s:5:"value";s:1:"1";}}i:8;O:12:"WC_Meta_Data":2:{s:15:"\0*\0current_data";a:3:{s:2:"id";i:14064;s:3:"key";s:15:"validity_suffix";s:5:"value";s:4:"days";}s:7:"\0*\0data";a:3:{s:2:"id";i:14064;s:3:"key";s:15:"validity_suffix";s:5:"value";s:4:"days";}}i:9;O:12:"WC_Meta_Data":2:{s:15:"\0*\0current_data";a:3:{s:2:"id";i:14065;s:3:"key";s:23:"sc_is_visible_storewide";s:5:"value";s:3:"yes";}s:7:"\0*\0data";a:3:{s:2:"id";i:14065;s:3:"key";s:23:"sc_is_visible_storewide";s:5:"value";s:3:"yes";}}i:10;O:12:"WC_Meta_Data":2:{s:15:"\0*\0current_data";a:3:{s:2:"id";i:14066;s:3:"key";s:28:"sc_disable_email_restriction";s:5:"value";s:2:"no";}s:7:"\0*\0data";a:3:{s:2:"id";i:14066;s:3:"key";s:28:"sc_disable_email_restriction";s:5:"value";s:2:"no";}}i:11;O:12:"WC_Meta_Data":2:{s:15:"\0*\0current_data";a:3:{s:2:"id";i:14067;s:3:"key";s:24:"is_pick_price_of_product";s:5:"value";s:2:"no";}s:7:"\0*\0data";a:3:{s:2:"id";i:14067;s:3:"key";s:24:"is_pick_price_of_product";s:5:"value";s:2:"no";}}i:12;O:12:"WC_Meta_Data":2:{s:15:"\0*\0current_data";a:3:{s:2:"id";i:14068;s:3:"key";s:25:"wc_sc_add_product_details";s:5:"value";a:0:{}}s:7:"\0*\0data";a:3:{s:2:"id";i:14068;s:3:"key";s:25:"wc_sc_add_product_details";s:5:"value";a:0:{}}}i:13;O:12:"WC_Meta_Data":2:{s:15:"\0*\0current_data";a:3:{s:2:"id";i:14069;s:3:"key";s:18:"wc_sc_max_discount";s:5:"value";s:0:"";}s:7:"\0*\0data";a:3:{s:2:"id";i:14069;s:3:"key";s:18:"wc_sc_max_discount";s:5:"value";s:0:"";}}i:14;O:12:"WC_Meta_Data":2:{s:15:"\0*\0current_data";a:3:{s:2:"id";i:14070;s:3:"key";s:17:"wc_sc_expiry_time";s:5:"value";s:5:"46920";}s:7:"\0*\0data";a:3:{s:2:"id";i:14070;s:3:"key";s:17:"wc_sc_expiry_time";s:5:"value";s:5:"46920";}}i:15;O:12:"WC_Meta_Data":2:{s:15:"\0*\0current_data";a:3:{s:2:"id";i:14071;s:3:"key";s:23:"wc_sc_auto_apply_coupon";s:5:"value";s:3:"yes";}s:7:"\0*\0data";a:3:{s:2:"id";i:14071;s:3:"key";s:23:"wc_sc_auto_apply_coupon";s:5:"value";s:3:"yes";}}i:16;O:12:"WC_Meta_Data":2:{s:15:"\0*\0current_data";a:3:{s:2:"id";i:14072;s:3:"key";s:24:"sa_cbl_billing_locations";s:5:"value";a:0:{}}s:7:"\0*\0data";a:3:{s:2:"id";i:14072;s:3:"key";s:24:"sa_cbl_billing_locations";s:5:"value";a:0:{}}}i:17;O:12:"WC_Meta_Data":2:{s:15:"\0*\0current_data";a:3:{s:2:"id";i:14073;s:3:"key";s:24:"wc_sc_payment_method_ids";s:5:"value";a:0:{}}s:7:"\0*\0data";a:3:{s:2:"id";i:14073;s:3:"key";s:24:"wc_sc_payment_method_ids";s:5:"value";a:0:{}}}i:18;O:12:"WC_Meta_Data":2:{s:15:"\0*\0current_data";a:3:{s:2:"id";i:14074;s:3:"key";s:25:"wc_sc_shipping_method_ids";s:5:"value";a:0:{}}s:7:"\0*\0data";a:3:{s:2:"id";i:14074;s:3:"key";s:25:"wc_sc_shipping_method_ids";s:5:"value";a:0:{}}}i:19;O:12:"WC_Meta_Data":2:{s:15:"\0*\0current_data";a:3:{s:2:"id";i:14075;s:3:"key";s:19:"wc_sc_user_role_ids";s:5:"value";a:0:{}}s:7:"\0*\0data";a:3:{s:2:"id";i:14075;s:3:"key";s:19:"wc_sc_user_role_ids";s:5:"value";a:0:{}}}i:20;O:12:"WC_Meta_Data":2:{s:15:"\0*\0current_data";a:3:{s:2:"id";i:14076;s:3:"key";s:27:"wc_sc_exclude_user_role_ids";s:5:"value";a:0:{}}s:7:"\0*\0data";a:3:{s:2:"id";i:14076;s:3:"key";s:27:"wc_sc_exclude_user_role_ids";s:5:"value";a:0:{}}}i:21;O:12:"WC_Meta_Data":2:{s:15:"\0*\0current_data";a:3:{s:2:"id";i:14077;s:3:"key";s:27:"wc_sc_product_attribute_ids";s:5:"value";s:0:"";}s:7:"\0*\0data";a:3:{s:2:"id";i:14077;s:3:"key";s:27:"wc_sc_product_attribute_ids";s:5:"value";s:0:"";}}i:22;O:12:"WC_Meta_Data":2:{s:15:"\0*\0current_data";a:3:{s:2:"id";i:14078;s:3:"key";s:35:"wc_sc_exclude_product_attribute_ids";s:5:"value";s:0:"";}s:7:"\0*\0data";a:3:{s:2:"id";i:14078;s:3:"key";s:35:"wc_sc_exclude_product_attribute_ids";s:5:"value";s:0:"";}}i:23;O:12:"WC_Meta_Data":2:{s:15:"\0*\0current_data";a:3:{s:2:"id";i:14079;s:3:"key";s:27:"wc_sc_taxonomy_restrictions";s:5:"value";a:0:{}}s:7:"\0*\0data";a:3:{s:2:"id";i:14079;s:3:"key";s:27:"wc_sc_taxonomy_restrictions";s:5:"value";a:0:{}}}i:24;O:12:"WC_Meta_Data":2:{s:15:"\0*\0current_data";a:3:{s:2:"id";i:14080;s:3:"key";s:15:"wptr_hide_title";s:5:"value";s:1:"0";}s:7:"\0*\0data";a:3:{s:2:"id";i:14080;s:3:"key";s:15:"wptr_hide_title";s:5:"value";s:1:"0";}}i:25;O:12:"WC_Meta_Data":2:{s:15:"\0*\0current_data";a:3:{s:2:"id";i:17931;s:3:"key";s:12:"_wp_old_slug";s:5:"value";s:17:"wheval22__trashed";}s:7:"\0*\0data";a:3:{s:2:"id";i:17931;s:3:"key";s:12:"_wp_old_slug";s:5:"value";s:17:"wheval22__trashed";}}}}'),
(3117, 335, '_product_id', '2240'),
(3118, 335, '_variation_id', '0'),
(3119, 335, '_qty', '1'),
(3120, 335, '_tax_class', ''),
(3121, 335, '_line_subtotal', '800'),
(3122, 335, '_line_subtotal_tax', '0'),
(3123, 335, '_line_total', '400'),
(3124, 335, '_line_tax', '0'),
(3125, 335, '_line_tax_data', 'a:2:{s:5:"total";a:0:{}s:8:"subtotal";a:0:{}}'),
(3126, 336, 'method_id', 'advanced_flat_rate_shipping'),
(3127, 336, 'instance_id', '0'),
(3128, 336, 'cost', '50.00'),
(3129, 336, 'total_tax', '0'),
(3130, 336, 'taxes', 'a:1:{s:5:"total";a:0:{}}'),
(3131, 337, 'discount_amount', '400'),
(3132, 337, 'discount_amount_tax', '0'),
(3133, 337, 'coupon_info', '[7346,"hbd2y","percent",50]'),
(3164, 342, '_product_id', '1720'),
(3165, 342, '_variation_id', '0'),
(3166, 342, '_qty', '1'),
(3167, 342, '_tax_class', ''),
(3168, 342, '_line_subtotal', '210'),
(3169, 342, '_line_subtotal_tax', '0'),
(3170, 342, '_line_total', '210'),
(3171, 342, '_line_tax', '0'),
(3172, 342, '_line_tax_data', 'a:2:{s:5:"total";a:0:{}s:8:"subtotal";a:0:{}}'),
(3173, 343, '_product_id', '1037'),
(3174, 343, '_variation_id', '0'),
(3175, 343, '_qty', '1'),
(3176, 343, '_tax_class', ''),
(3177, 343, '_line_subtotal', '160'),
(3178, 343, '_line_subtotal_tax', '0'),
(3179, 343, '_line_total', '160'),
(3180, 343, '_line_tax', '0'),
(3181, 343, '_line_tax_data', 'a:2:{s:5:"total";a:0:{}s:8:"subtotal";a:0:{}}');
INSERT INTO `wh_woocommerce_order_itemmeta` VALUES
(3182, 344, '_fee_amount', '23.5'),
(3183, 344, '_tax_class', '0'),
(3184, 344, '_tax_status', 'taxable'),
(3185, 344, '_line_total', '23.5'),
(3186, 344, '_line_tax', '0'),
(3187, 344, '_line_tax_data', 'a:1:{s:5:"total";a:0:{}}'),
(3188, 345, 'method_id', 'advanced_flat_rate_shipping'),
(3189, 345, 'instance_id', '0'),
(3190, 345, 'cost', '100.00'),
(3191, 345, 'total_tax', '0'),
(3192, 345, 'taxes', 'a:1:{s:5:"total";a:0:{}}'),
(3193, 344, '_last_added_fee', 'PayPal Service Charge'),
(3259, 354, '_product_id', '2240'),
(3260, 354, '_variation_id', '0'),
(3261, 354, '_qty', '1'),
(3262, 354, '_tax_class', ''),
(3263, 354, '_line_subtotal', '800'),
(3264, 354, '_line_subtotal_tax', '0'),
(3265, 354, '_line_total', '800'),
(3266, 354, '_line_tax', '0'),
(3267, 354, '_line_tax_data', 'a:2:{s:5:"total";a:0:{}s:8:"subtotal";a:0:{}}'),
(3268, 355, '_product_id', '2105'),
(3269, 355, '_variation_id', '0'),
(3270, 355, '_qty', '2'),
(3271, 355, '_tax_class', ''),
(3272, 355, '_line_subtotal', '600'),
(3273, 355, '_line_subtotal_tax', '0'),
(3274, 355, '_line_total', '600'),
(3275, 355, '_line_tax', '0'),
(3276, 355, '_line_tax_data', 'a:2:{s:5:"total";a:0:{}s:8:"subtotal";a:0:{}}'),
(3277, 356, '_product_id', '1859'),
(3278, 356, '_variation_id', '0'),
(3279, 356, '_qty', '3'),
(3280, 356, '_tax_class', ''),
(3281, 356, '_line_subtotal', '900'),
(3282, 356, '_line_subtotal_tax', '0'),
(3283, 356, '_line_total', '900'),
(3284, 356, '_line_tax', '0'),
(3285, 356, '_line_tax_data', 'a:2:{s:5:"total";a:0:{}s:8:"subtotal";a:0:{}}'),
(3286, 357, 'method_id', 'advanced_flat_rate_shipping'),
(3287, 357, 'instance_id', '0'),
(3288, 357, 'cost', '0.00'),
(3289, 357, 'total_tax', '0'),
(3290, 357, 'taxes', 'a:1:{s:5:"total";a:0:{}}'),
(3323, 362, '_product_id', '2240'),
(3324, 362, '_variation_id', '0'),
(3325, 362, '_qty', '1'),
(3326, 362, '_tax_class', ''),
(3327, 362, '_line_subtotal', '800'),
(3328, 362, '_line_subtotal_tax', '0'),
(3329, 362, '_line_total', '800'),
(3330, 362, '_line_tax', '0'),
(3331, 362, '_line_tax_data', 'a:2:{s:5:"total";a:0:{}s:8:"subtotal";a:0:{}}'),
(3332, 363, '_product_id', '2105'),
(3333, 363, '_variation_id', '0'),
(3334, 363, '_qty', '2'),
(3335, 363, '_tax_class', ''),
(3336, 363, '_line_subtotal', '600'),
(3337, 363, '_line_subtotal_tax', '0'),
(3338, 363, '_line_total', '600'),
(3339, 363, '_line_tax', '0'),
(3340, 363, '_line_tax_data', 'a:2:{s:5:"total";a:0:{}s:8:"subtotal";a:0:{}}'),
(3341, 364, '_product_id', '1859'),
(3342, 364, '_variation_id', '0'),
(3343, 364, '_qty', '3'),
(3344, 364, '_tax_class', ''),
(3345, 364, '_line_subtotal', '900'),
(3346, 364, '_line_subtotal_tax', '0'),
(3347, 364, '_line_total', '900'),
(3348, 364, '_line_tax', '0'),
(3349, 364, '_line_tax_data', 'a:2:{s:5:"total";a:0:{}s:8:"subtotal";a:0:{}}'),
(3350, 365, 'method_id', 'advanced_flat_rate_shipping'),
(3351, 365, 'instance_id', '0'),
(3352, 365, 'cost', '0.00'),
(3353, 365, 'total_tax', '0'),
(3354, 365, 'taxes', 'a:1:{s:5:"total";a:0:{}}'),
(3362, 367, '_product_id', '3862'),
(3363, 367, '_variation_id', '0'),
(3364, 367, '_qty', '1'),
(3365, 367, '_tax_class', ''),
(3366, 367, '_line_subtotal', '395'),
(3367, 367, '_line_subtotal_tax', '0'),
(3368, 367, '_line_total', '395'),
(3369, 367, '_line_tax', '0'),
(3370, 367, '_line_tax_data', 'a:2:{s:5:"total";a:0:{}s:8:"subtotal";a:0:{}}'),
(3371, 368, '_fee_amount', '23.3'),
(3372, 368, '_tax_class', '0'),
(3373, 368, '_tax_status', 'taxable'),
(3374, 368, '_line_total', '23.3'),
(3375, 368, '_line_tax', '0'),
(3376, 368, '_line_tax_data', 'a:1:{s:5:"total";a:0:{}}'),
(3377, 369, 'method_id', 'advanced_flat_rate_shipping'),
(3378, 369, 'instance_id', '0'),
(3379, 369, 'cost', '71.00'),
(3380, 369, 'total_tax', '0'),
(3381, 369, 'taxes', 'a:1:{s:5:"total";a:0:{}}'),
(3382, 368, '_last_added_fee', 'PayPal Service Charge');

-- --------------------------------------------------------

-- Delete any existing table `wh_woocommerce_order_items`
--
-- Table structure for table `wh_woocommerce_order_items`
--

CREATE TABLE `wh_woocommerce_order_items` (
  `order_item_id` bigint(20) unsigned NOT NULL AUTO_INCREMENT,
  `order_item_name` text NOT NULL,
  `order_item_type` varchar(200) NOT NULL DEFAULT '',
  `order_id` bigint(20) unsigned NOT NULL,
  PRIMARY KEY (`order_item_id`),
  KEY `order_id` (`order_id`)
) ENGINE=InnoDB  DEFAULT CHARSET=utf8mb4 COLLATE=utf8mb4_unicode_ci AUTO_INCREMENT=370 ;

--
-- Dumping data for table `wh_woocommerce_order_items`
--

INSERT INTO `wh_woocommerce_order_items` VALUES
(3, 'Test Naira Wig', 'line_item', 407),
(4, 'Local pickup', 'shipping', 407),
(8, 'Test Dollar Wig', 'line_item', 500),
(9, 'DHL Express', 'shipping', 500),
(12, 'Ava Knotless Messy Goddess Box Braids', 'line_item', 882),
(13, 'DHL Express', 'shipping', 882),
(14, 'Wig Bella', 'line_item', 905),
(15, 'Free shipping', 'shipping', 905),
(16, 'tribeq1', 'coupon', 905),
(23, 'Ada Goddess Stitch Braids', 'line_item', 908),
(24, 'Free shipping', 'shipping', 908),
(25, 'tribeq1', 'coupon', 908),
(26, 'Amelia Micro Twist', 'line_item', 909),
(27, 'Free shipping', 'shipping', 909),
(28, 'tribeq1', 'coupon', 909),
(29, 'Wig Chi', 'line_item', 952),
(30, 'Free shipping', 'shipping', 952),
(31, 'tribeq1', 'coupon', 952),
(32, 'Cynthia Bob', 'line_item', 967),
(33, 'DHL Express', 'shipping', 967),
(34, 'sasha wig', 'line_item', 1014),
(35, 'DHL Express', 'shipping', 1014),
(36, 'Tiwa Stitch  Wig', 'line_item', 1016),
(37, 'DHL Express', 'shipping', 1016),
(38, 'tribeq1', 'coupon', 1016),
(39, 'Kinky Bob', 'line_item', 1024),
(40, 'Free shipping', 'shipping', 1024),
(41, 'tribeq1', 'coupon', 1024),
(42, 'Kemi Knotless', 'line_item', 1026),
(43, 'Free shipping', 'shipping', 1026),
(44, 'tribeq1', 'coupon', 1026),
(45, 'Kemi Knotless', 'line_item', 1027),
(46, 'Free shipping', 'shipping', 1027),
(47, 'tribeq1', 'coupon', 1027),
(48, 'Oma Goddess Locs Wig RTS', 'line_item', 1065),
(49, 'DHL Express', 'shipping', 1065),
(50, 'Oma Goddess Locs', 'line_item', 1066),
(51, 'DHL Express', 'shipping', 1066),
(52, 'Avery Long Feathers Wig', 'line_item', 1067),
(53, 'DHL Express', 'shipping', 1067),
(54, 'SHAY KNOTLESS', 'line_item', 1073),
(55, 'Free shipping', 'shipping', 1073),
(56, 'tribeq1', 'coupon', 1073),
(57, 'Kinky Bob', 'line_item', 1074),
(58, 'DHL Express', 'shipping', 1074),
(62, 'SHAY KNOTLESS', 'line_item', 1095),
(63, 'Free shipping', 'shipping', 1095),
(64, 'tribeq1', 'coupon', 1095),
(65, 'island knotless', 'line_item', 1158),
(66, 'DHL Express', 'shipping', 1158),
(71, 'Wig Amara', 'line_item', 1175),
(72, 'DHL Express', 'shipping', 1175),
(73, 'Nene Micro Twist Wig', 'line_item', 1177),
(74, 'Hxp butterfly locs', 'line_item', 1177),
(75, 'Avery Long Feathers Wig', 'line_item', 1177),
(76, 'DHL Express', 'shipping', 1177),
(77, 'Wig Sherida (Knotless Collection)', 'line_item', 1183),
(78, 'DHL Express', 'shipping', 1183),
(79, 'Amelia Micro Twist', 'line_item', 1211),
(80, 'Free shipping', 'shipping', 1211),
(81, 'easter21', 'coupon', 1211),
(84, 'khali knotless  (knotless Collection}', 'line_item', 1212),
(85, 'DHL Express', 'shipping', 1212),
(86, 'Tricia Bob', 'line_item', 1214),
(87, 'Free shipping', 'shipping', 1214),
(88, 'easter21', 'coupon', 1214),
(89, 'Wig Naya (Curly)', 'line_item', 1218),
(90, 'DHL Express', 'shipping', 1218),
(91, 'Wig Amara', 'line_item', 1219),
(92, 'DHL Express', 'shipping', 1219),
(93, 'Avery Long Feathers Wig', 'line_item', 1230),
(94, 'DHL Express', 'shipping', 1230),
(95, 'Wendy Watermelon wig 2', 'line_item', 1231),
(96, 'DHL Express', 'shipping', 1231),
(97, 'Cynthia Bob', 'line_item', 1253),
(98, 'DHL Express', 'shipping', 1253),
(99, 'Amelia Micro Twist', 'line_item', 1257),
(100, 'DHL Express', 'shipping', 1257),
(103, 'SHAY KNOTLESS', 'line_item', 1258),
(104, 'DHL Express', 'shipping', 1258),
(105, 'Oma Goddess Locs Wig RTS', 'line_item', 1268),
(106, 'DHL Express', 'shipping', 1268),
(107, 'Wendy watermelon wig', 'line_item', 1280),
(108, 'DHL Express', 'shipping', 1280),
(109, 'Oma Goddess Locs', 'line_item', 1281),
(110, 'DHL Express', 'shipping', 1281),
(111, 'Mabel', 'line_item', 1282),
(112, 'DHL Express', 'shipping', 1282),
(113, 'Mabel', 'line_item', 1283),
(114, 'DHL Express', 'shipping', 1283),
(115, 'Amelia Micro Twist', 'line_item', 1295),
(116, 'DHL Express', 'shipping', 1295),
(119, 'Kim Knotless', 'line_item', 1299),
(120, 'DHL Express', 'shipping', 1299),
(121, 'Kim Knotless', 'line_item', 1326),
(122, 'DHL Express', 'shipping', 1326),
(123, 'Wig Sherida (Knotless Collection)', 'line_item', 1360),
(124, 'DHL Express', 'shipping', 1360),
(125, 'Frontal full cornrow wig.', 'line_item', 1361),
(126, 'DHL Express', 'shipping', 1361),
(127, 'Head Band Wig 1', 'line_item', 1369),
(128, 'DHL Express', 'shipping', 1369),
(129, 'Interlock braids', 'line_item', 1370),
(130, 'DHL Express', 'shipping', 1370),
(131, 'Clair Messy Goddess Braided Wig', 'line_item', 1371),
(132, 'DHL Express', 'shipping', 1371),
(133, 'Clair Messy Goddess Braided Wig', 'line_item', 1372),
(134, 'DHL Express', 'shipping', 1372),
(135, 'Knotless twists (ombré)', 'line_item', 1414),
(136, 'DHL Express', 'shipping', 1414),
(137, 'khali knotless  (knotless Collection}', 'line_item', 1418),
(138, 'DHL Express', 'shipping', 1418),
(139, 'Ejaya micro twist', 'line_item', 1419),
(140, 'DHL Express', 'shipping', 1419),
(141, 'island knotless', 'line_item', 1431),
(142, 'DHL Express', 'shipping', 1431),
(143, 'Head Band Wig 4', 'line_item', 1563),
(144, 'DHL Express', 'shipping', 1563),
(145, 'Head Band Wig 4', 'line_item', 1564),
(146, 'DHL Express', 'shipping', 1564),
(147, 'Ava Knotless Messy Goddess Box Braids - Frontal', 'line_item', 1567),
(148, 'Free shipping', 'shipping', 1567),
(149, 'tribeq7', 'coupon', 1567),
(150, 'Wig Bella', 'line_item', 1569),
(151, 'DHL Express', 'shipping', 1569),
(152, 'Amaka Tribal Goddess Wig', 'line_item', 1759),
(153, 'Free shipping', 'shipping', 1759),
(154, 'freeshipaugust', 'coupon', 1759),
(155, 'Avery feathers (full lace)', 'line_item', 1768),
(156, 'DHL Express', 'shipping', 1768),
(157, 'Kinky', 'line_item', 1825),
(158, 'Bob Twist Frontal Braided Wig', 'line_item', 1825),
(159, 'DHL Express', 'shipping', 1825),
(160, 'Aqua', 'line_item', 1837),
(161, 'DHL Express', 'shipping', 1837),
(162, 'Bebe', 'line_item', 1845),
(163, 'DHL Express', 'shipping', 1845),
(164, 'Wig CeeCee', 'line_item', 1847),
(165, 'DHL Express', 'shipping', 1847),
(166, 'Avery Long Feathers Wig', 'line_item', 1850),
(167, 'DHL Express', 'shipping', 1850),
(170, 'Amelia (Ripple Curl)', 'line_item', 1860),
(171, 'DHL Express', 'shipping', 1860),
(172, 'Amelia (Ripple Curl)', 'line_item', 1861),
(173, 'DHL Express', 'shipping', 1861),
(176, 'Mermaid', 'line_item', 1864),
(177, 'DHL Express', 'shipping', 1864),
(178, 'Aqua', 'line_item', 1877),
(179, 'Free shipping', 'shipping', 1877),
(180, 'moreexpress', 'coupon', 1877),
(181, 'Wig CeeCee', 'line_item', 1880),
(182, 'DHL Express', 'shipping', 1880),
(183, 'Amelia (Ripple Curl)', 'line_item', 1882),
(184, 'DHL Express', 'shipping', 1882),
(187, 'Crisscross', 'line_item', 1883),
(188, 'DHL Express', 'shipping', 1883),
(189, 'Head Band wig 10', 'line_item', 1896),
(190, 'Head Band Wig 4', 'line_item', 1896),
(191, 'DHL Express', 'shipping', 1896),
(192, 'Nene', 'line_item', 1925),
(193, 'Free shipping', 'shipping', 1925),
(194, 'wheval22', 'coupon', 1925),
(195, 'Holly', 'line_item', 1926),
(196, 'DHL Express', 'shipping', 1926),
(197, 'Holly', 'line_item', 1928),
(198, 'DHL Express', 'shipping', 1928),
(199, 'Cynthia Bob', 'line_item', 1980),
(200, 'DHL Express', 'shipping', 1980),
(201, 'Micro braids', 'line_item', 2001),
(202, 'DHL Express', 'shipping', 2001),
(203, 'Head Band wig 10', 'line_item', 2011),
(204, 'Head Band Wig 4', 'line_item', 2011),
(205, 'DHL Express', 'shipping', 2011),
(206, 'Wig Amara', 'line_item', 2013),
(207, 'DHL Express', 'shipping', 2013),
(208, 'Interlock braids', 'line_item', 2014),
(209, 'DHL Express', 'shipping', 2014),
(210, 'Interlock braids', 'line_item', 2015),
(211, 'DHL Express', 'shipping', 2015),
(212, 'Interlock braids', 'line_item', 2016),
(213, 'DHL Express', 'shipping', 2016),
(214, 'Interlock braids', 'line_item', 2017),
(215, 'DHL Express', 'shipping', 2017),
(216, 'Ava Knotless Messy Goddess Box Braids - Frontal', 'line_item', 2025),
(217, 'DHL Express', 'shipping', 2025),
(218, 'Oma Messy Goddess Locs', 'line_item', 2028),
(219, 'DHL Express', 'shipping', 2028),
(220, 'Amelia (Ripple Curl)', 'line_item', 2031),
(221, 'DHL Express', 'shipping', 2031),
(222, 'Amara', 'line_item', 2078),
(223, 'Free shipping', 'shipping', 2078),
(224, 'hxpjuly4', 'coupon', 2078),
(225, 'Oma Goddess Locs', 'line_item', 2095),
(226, 'DHL Express', 'shipping', 2095),
(227, 'Oma Goddess Locs', 'line_item', 2096),
(228, 'DHL Express', 'shipping', 2096),
(229, 'Oma Goddess Locs', 'line_item', 2097),
(230, 'DHL Express', 'shipping', 2097),
(231, 'Sassy', 'line_item', 2098),
(232, 'DHL Express', 'shipping', 2098),
(233, 'Nene Feathers', 'line_item', 2114),
(234, 'DHL Express', 'shipping', 2114),
(235, 'thanx22', 'coupon', 2114),
(236, 'khali knotless  (knotless Collection}', 'line_item', 2116),
(237, 'DHL Express', 'shipping', 2116),
(238, 'thanx22', 'coupon', 2116),
(239, 'Root Twist', 'line_item', 2120),
(240, 'DHL Express', 'shipping', 2120),
(241, 'christ22', 'coupon', 2120),
(242, 'The Queen Wig', 'line_item', 2134),
(243, 'DHL Express', 'shipping', 2134),
(244, 'Sophie Messy Goddess Braided Wig', 'line_item', 2135),
(245, 'DHL Express', 'shipping', 2135),
(246, 'Sisi Passion Twists', 'line_item', 2137),
(247, 'DHL Express', 'shipping', 2137),
(248, 'Wig Chi', 'line_item', 2216),
(249, 'DHL Express', 'shipping', 2216),
(250, 'Bob Twist Frontal Braided Wig', 'line_item', 2224),
(251, 'Free shipping', 'shipping', 2224),
(252, '42u4xpbf', 'coupon', 2224),
(253, 'Vsw1', 'line_item', 2374),
(254, 'Free shipping', 'shipping', 2374),
(255, 'love24', 'coupon', 2374),
(256, 'Vsw1', 'line_item', 2381),
(257, 'Free shipping', 'shipping', 2381),
(258, 'love24', 'coupon', 2381),
(259, 'Jane 2X', 'line_item', 2502),
(260, 'Free shipping', 'shipping', 2502),
(261, 'love24', 'coupon', 2502),
(262, 'Vsw 7', 'line_item', 2541),
(263, 'Jane 2X', 'line_item', 2541),
(264, 'Free shipping', 'shipping', 2541),
(265, 'love24', 'coupon', 2541),
(266, 'Vsw 5', 'line_item', 2582),
(267, 'Free shipping', 'shipping', 2582),
(268, 'love24', 'coupon', 2582),
(269, 'Vsw 7', 'line_item', 2735),
(270, 'Free shipping', 'shipping', 2735),
(271, 'love24', 'coupon', 2735),
(272, 'Vsw 7', 'line_item', 2750),
(273, 'Free shipping', 'shipping', 2750),
(274, 'love24', 'coupon', 2750),
(278, 'Vsw 7', 'line_item', 2758),
(279, 'DHL Express', 'shipping', 2758),
(280, 'love24', 'coupon', 2758),
(281, 'Jane 2X', 'line_item', 4349),
(282, 'DHL Express', 'shipping', 4349),
(283, 'Vsw 4', 'line_item', 4435),
(284, 'DHL Express', 'shipping', 4435),
(285, 'Micro locs twists', 'line_item', 4448),
(286, 'DHL Express', 'shipping', 4448),
(290, 'Aqua', 'line_item', 5606),
(291, 'DHL Express', 'shipping', 5606),
(292, 'hbd46', 'coupon', 5606),
(293, 'Ada Goddess Stitch Braids', 'line_item', 5791),
(294, 'Kemi Knotless', 'line_item', 5791),
(295, 'DHL Express', 'shipping', 5791),
(296, 'hbd46', 'coupon', 5791),
(297, 'Aqua', 'line_item', 5924),
(298, 'DHL Express', 'shipping', 5924),
(299, 'hbd46', 'coupon', 5924),
(310, 'The Queen Wig', 'line_item', 6218),
(311, 'Amaka Tribal Goddess Wig', 'line_item', 6218),
(312, 'Sophie Messy Goddess Braided Wig', 'line_item', 6218),
(313, 'DHL Express', 'shipping', 6218),
(314, 'hbd46', 'coupon', 6218),
(322, 'Blonde Mix', 'line_item', 6403),
(323, 'Frontal full cornrow wig.', 'line_item', 6403),
(324, 'Aqua', 'line_item', 6403),
(325, 'Amara', 'line_item', 6403),
(326, 'Wig Chi', 'line_item', 6403),
(327, 'DHL Express', 'shipping', 6403),
(328, 'hbd46', 'coupon', 6403),
(329, 'Goldie', 'line_item', 6517),
(330, 'DHL Express', 'shipping', 6517),
(331, 'hbd46', 'coupon', 6517),
(335, 'Luxe Nano Curly', 'line_item', 7355),
(336, 'International Zone 2', 'shipping', 7355),
(337, 'hbd2y', 'coupon', 7355),
(342, 'Watermelon', 'line_item', 7453),
(343, 'Wendy watermelon wig', 'line_item', 7453),
(344, 'PayPal Service Charge', 'fee', 7453),
(345, 'International Zone 2(A)', 'shipping', 7453),
(354, 'Luxe Nano Curly', 'line_item', 7552),
(355, 'Blonde Mix', 'line_item', 7552),
(356, 'Amelia (Ripple Curl)', 'line_item', 7552),
(357, 'Free Shipping', 'shipping', 7552),
(362, 'Luxe Nano Curly', 'line_item', 7557),
(363, 'Blonde Mix', 'line_item', 7557),
(364, 'Amelia (Ripple Curl)', 'line_item', 7557),
(365, 'Free Shipping', 'shipping', 7557),
(367, 'Micro mini Black', 'line_item', 7641),
(368, 'PayPal Service Charge', 'fee', 7641),
(369, 'International Zone (NA)', 'shipping', 7641);

-- --------------------------------------------------------

-- Delete any existing table `wh_woocommerce_payment_tokenmeta`
--
-- Table structure for table `wh_woocommerce_payment_tokenmeta`
--

CREATE TABLE `wh_woocommerce_payment_tokenmeta` (
  `meta_id` bigint(20) unsigned NOT NULL AUTO_INCREMENT,
  `payment_token_id` bigint(20) unsigned NOT NULL,
  `meta_key` varchar(255) DEFAULT NULL,
  `meta_value` longtext DEFAULT NULL,
  PRIMARY KEY (`meta_id`),
  KEY `payment_token_id` (`payment_token_id`),
  KEY `meta_key` (`meta_key`(32))
) ENGINE=InnoDB  DEFAULT CHARSET=utf8mb4 COLLATE=utf8mb4_unicode_ci AUTO_INCREMENT=5 ;

--
-- Dumping data for table `wh_woocommerce_payment_tokenmeta`
--

INSERT INTO `wh_woocommerce_payment_tokenmeta` VALUES
(1, 1, 'last4', '6825'),
(2, 1, 'expiry_year', '2029'),
(3, 1, 'expiry_month', '01'),
(4, 1, 'card_type', 'mastercard');

-- --------------------------------------------------------

-- Delete any existing table `wh_woocommerce_shipping_zones`
--
-- Table structure for table `wh_woocommerce_shipping_zones`
--

CREATE TABLE `wh_woocommerce_shipping_zones` (
  `zone_id` bigint(20) unsigned NOT NULL AUTO_INCREMENT,
  `zone_name` varchar(200) NOT NULL,
  `zone_order` bigint(20) unsigned NOT NULL,
  PRIMARY KEY (`zone_id`)
) ENGINE=InnoDB  DEFAULT CHARSET=utf8mb4 COLLATE=utf8mb4_unicode_ci AUTO_INCREMENT=17 ;

--
-- Dumping data for table `wh_woocommerce_shipping_zones`
--

INSERT INTO `wh_woocommerce_shipping_zones` VALUES
(5, 'International Zone 1', 0),
(6, 'International Zone 2', 0),
(7, 'International Zone 3', 0),
(8, 'International Zone 4', 0),
(9, 'International Zone 5', 0),
(10, 'International Zone 6', 0),
(11, 'International Zone 7', 0),
(12, 'International Zone 8', 0),
(13, 'Nigeria Zone 1', 0),
(14, 'Nigeria Zone 2', 0),
(15, 'Nigeria Zone 3', 0),
(16, 'Nigeria Zone 4', 0);

-- --------------------------------------------------------

-- Delete any existing table `wh_woocommerce_shipping_zone_locations`
--
-- Table structure for table `wh_woocommerce_shipping_zone_locations`
--

CREATE TABLE `wh_woocommerce_shipping_zone_locations` (
  `location_id` bigint(20) unsigned NOT NULL AUTO_INCREMENT,
  `zone_id` bigint(20) unsigned NOT NULL,
  `location_code` varchar(200) NOT NULL,
  `location_type` varchar(40) NOT NULL,
  PRIMARY KEY (`location_id`),
  KEY `location_id` (`location_id`),
  KEY `location_type_code` (`location_type`(10),`location_code`(20)),
  KEY `zone_id` (`zone_id`)
) ENGINE=InnoDB  DEFAULT CHARSET=utf8mb4 COLLATE=utf8mb4_unicode_ci AUTO_INCREMENT=275 ;

--
-- Dumping data for table `wh_woocommerce_shipping_zone_locations`
--

INSERT INTO `wh_woocommerce_shipping_zone_locations` VALUES
(12, 5, 'GG', 'country'),
(13, 5, 'IE', 'country'),
(14, 5, 'JE', 'country'),
(15, 5, 'GB', 'country'),
(16, 6, 'BJ', 'country'),
(17, 6, 'BF', 'country'),
(18, 6, 'CM', 'country'),
(19, 6, 'CV', 'country'),
(20, 6, 'CF', 'country'),
(21, 6, 'TD', 'country'),
(22, 6, 'CG', 'country'),
(23, 6, 'CD', 'country'),
(24, 6, 'GQ', 'country'),
(25, 6, 'GA', 'country'),
(26, 6, 'GH', 'country'),
(27, 6, 'GN', 'country'),
(28, 6, 'GW', 'country'),
(29, 6, 'CI', 'country'),
(30, 6, 'LR', 'country'),
(31, 6, 'ML', 'country'),
(32, 6, 'NE', 'country'),
(33, 6, 'ST', 'country'),
(34, 6, 'SN', 'country'),
(35, 6, 'SL', 'country'),
(36, 6, 'TG', 'country'),
(37, 7, 'CA', 'country'),
(38, 7, 'MX', 'country'),
(39, 7, 'US', 'country'),
(40, 8, 'CY', 'country'),
(41, 8, 'AL', 'country'),
(42, 8, 'AD', 'country'),
(43, 8, 'AT', 'country'),
(44, 8, 'BY', 'country'),
(45, 8, 'BE', 'country'),
(46, 8, 'BA', 'country'),
(47, 8, 'BG', 'country'),
(48, 8, 'HR', 'country'),
(49, 8, 'CZ', 'country'),
(50, 8, 'DK', 'country'),
(51, 8, 'EE', 'country'),
(52, 8, 'FI', 'country'),
(53, 8, 'FR', 'country'),
(54, 8, 'DE', 'country'),
(55, 8, 'GI', 'country'),
(56, 8, 'GR', 'country'),
(57, 8, 'HU', 'country'),
(58, 8, 'IS', 'country'),
(59, 8, 'IT', 'country'),
(60, 8, 'LV', 'country'),
(61, 8, 'LI', 'country'),
(62, 8, 'LT', 'country'),
(63, 8, 'LU', 'country'),
(64, 8, 'MT', 'country'),
(65, 8, 'MD', 'country'),
(66, 8, 'MC', 'country'),
(67, 8, 'ME', 'country'),
(68, 8, 'NL', 'country'),
(69, 8, 'MK', 'country'),
(70, 8, 'NO', 'country'),
(71, 8, 'PL', 'country'),
(72, 8, 'PT', 'country'),
(73, 8, 'RO', 'country'),
(74, 8, 'RU', 'country'),
(75, 8, 'SM', 'country'),
(76, 8, 'RS:RS25', 'state'),
(77, 8, 'SK', 'country'),
(78, 8, 'SI', 'country'),
(79, 8, 'ES', 'country'),
(80, 8, 'SE', 'country'),
(81, 8, 'CH', 'country'),
(82, 8, 'TR', 'country'),
(83, 8, 'UA', 'country'),
(84, 8, 'VA', 'country'),
(85, 8, 'GL', 'country'),
(86, 8, 'FJ', 'country'),
(87, 9, 'DZ', 'country'),
(88, 9, 'AO', 'country'),
(89, 9, 'BW', 'country'),
(90, 9, 'BI', 'country'),
(91, 9, 'KM', 'country'),
(92, 9, 'DJ', 'country'),
(93, 9, 'EG', 'country'),
(94, 9, 'ER', 'country'),
(95, 9, 'ET', 'country'),
(96, 9, 'KE', 'country'),
(97, 9, 'LS', 'country'),
(98, 9, 'LY', 'country'),
(99, 9, 'MG', 'country'),
(100, 9, 'MW', 'country'),
(101, 9, 'MR', 'country'),
(102, 9, 'MU', 'country'),
(103, 9, 'YT', 'country'),
(104, 9, 'MA', 'country'),
(105, 9, 'MZ', 'country'),
(106, 9, 'NA', 'country'),
(107, 9, 'RE', 'country'),
(108, 9, 'RW', 'country'),
(109, 9, 'SC', 'country'),
(110, 9, 'SO', 'country'),
(111, 9, 'ZA', 'country'),
(112, 9, 'SS', 'country'),
(113, 9, 'SD', 'country'),
(114, 9, 'SZ', 'country'),
(115, 9, 'TZ', 'country'),
(116, 9, 'TN', 'country'),
(117, 9, 'UG', 'country'),
(118, 9, 'ZM', 'country'),
(119, 9, 'ZW', 'country'),
(120, 10, 'AF', 'country'),
(121, 10, 'BH', 'country'),
(122, 10, 'IR', 'country'),
(123, 10, 'IQ', 'country'),
(124, 10, 'IL', 'country'),
(125, 10, 'JO', 'country'),
(126, 10, 'KW', 'country'),
(127, 10, 'LB', 'country'),
(128, 10, 'OM', 'country'),
(129, 10, 'QA', 'country'),
(130, 10, 'SA', 'country'),
(131, 10, 'SY', 'country'),
(132, 10, 'AE', 'country'),
(133, 10, 'YE', 'country'),
(134, 11, 'AM', 'country'),
(135, 11, 'AZ', 'country'),
(136, 11, 'BD', 'country'),
(137, 11, 'BT', 'country'),
(138, 11, 'BN', 'country'),
(139, 11, 'KH', 'country'),
(140, 11, 'CN', 'country'),
(141, 11, 'GE', 'country'),
(142, 11, 'HK', 'country'),
(143, 11, 'IN', 'country'),
(144, 11, 'ID', 'country'),
(145, 11, 'JP', 'country'),
(146, 11, 'KZ', 'country'),
(147, 11, 'KG', 'country'),
(148, 11, 'LA', 'country'),
(149, 11, 'MO', 'country'),
(150, 11, 'MY', 'country'),
(151, 11, 'MV', 'country'),
(152, 11, 'MN', 'country'),
(153, 11, 'MM', 'country'),
(154, 11, 'NP', 'country'),
(155, 11, 'KP', 'country'),
(156, 11, 'PK', 'country'),
(157, 11, 'PH', 'country'),
(158, 11, 'SG', 'country'),
(159, 11, 'KR', 'country'),
(160, 11, 'LK', 'country'),
(161, 11, 'TW', 'country'),
(162, 11, 'TJ', 'country'),
(163, 11, 'TH', 'country'),
(164, 11, 'TM', 'country'),
(165, 11, 'UZ', 'country'),
(166, 11, 'VN', 'country'),
(167, 11, 'AU', 'country'),
(168, 12, 'SH', 'country'),
(169, 12, 'AI', 'country'),
(170, 12, 'AW', 'country'),
(171, 12, 'BS', 'country'),
(172, 12, 'BB', 'country'),
(173, 12, 'BZ', 'country'),
(174, 12, 'BM', 'country'),
(175, 12, 'BQ', 'country'),
(176, 12, 'KY', 'country'),
(177, 12, 'CR', 'country'),
(178, 12, 'CU', 'country'),
(179, 12, 'CW', 'country'),
(180, 12, 'DM', 'country'),
(181, 12, 'DO', 'country'),
(182, 12, 'SV', 'country'),
(183, 12, 'GD', 'country'),
(184, 12, 'GP', 'country'),
(185, 12, 'GT', 'country'),
(186, 12, 'HT', 'country'),
(187, 12, 'HN', 'country'),
(188, 12, 'JM', 'country'),
(189, 12, 'MQ', 'country'),
(190, 12, 'MS', 'country'),
(191, 12, 'NI', 'country'),
(192, 12, 'PA', 'country'),
(193, 12, 'PR', 'country'),
(194, 12, 'BL', 'country'),
(195, 12, 'KN', 'country'),
(196, 12, 'LC', 'country'),
(197, 12, 'SX', 'country'),
(198, 12, 'MF', 'country'),
(199, 12, 'VC', 'country'),
(200, 12, 'TT', 'country'),
(201, 12, 'TC', 'country'),
(202, 12, 'VG', 'country'),
(203, 12, 'VI', 'country'),
(204, 12, 'AS', 'country'),
(205, 12, 'CK', 'country'),
(206, 12, 'FJ', 'country'),
(207, 12, 'GU', 'country'),
(208, 12, 'KI', 'country'),
(209, 12, 'MH', 'country'),
(210, 12, 'FM', 'country'),
(211, 12, 'NR', 'country'),
(212, 12, 'NC', 'country'),
(213, 12, 'NZ', 'country'),
(214, 12, 'NU', 'country'),
(215, 12, 'MP', 'country'),
(216, 12, 'PG', 'country'),
(217, 12, 'WS', 'country'),
(218, 12, 'SB', 'country'),
(219, 12, 'TO', 'country'),
(220, 12, 'TV', 'country'),
(221, 12, 'VU', 'country'),
(222, 12, 'AR', 'country'),
(223, 12, 'BO', 'country'),
(224, 12, 'BR', 'country'),
(225, 12, 'CL', 'country'),
(226, 12, 'CO', 'country'),
(227, 12, 'EC', 'country'),
(228, 12, 'FK', 'country'),
(229, 12, 'GF', 'country'),
(230, 12, 'GY', 'country'),
(231, 12, 'PY', 'country'),
(232, 12, 'PE', 'country'),
(233, 12, 'SR', 'country'),
(234, 12, 'UY', 'country'),
(235, 12, 'VE', 'country'),
(236, 13, 'NG:RI', 'state'),
(240, 14, 'NG:EK', 'state'),
(241, 14, 'NG:KW', 'state'),
(242, 14, 'NG:LA', 'state'),
(243, 14, 'NG:OG', 'state'),
(244, 14, 'NG:ON', 'state'),
(245, 14, 'NG:OS', 'state'),
(246, 14, 'NG:OY', 'state'),
(247, 15, 'NG:AB', 'state'),
(248, 15, 'NG:AK', 'state'),
(249, 15, 'NG:AN', 'state'),
(250, 15, 'NG:BY', 'state'),
(251, 15, 'NG:BE', 'state'),
(252, 15, 'NG:CR', 'state'),
(253, 15, 'NG:DE', 'state'),
(254, 15, 'NG:EB', 'state'),
(255, 15, 'NG:ED', 'state'),
(256, 15, 'NG:EN', 'state'),
(257, 15, 'NG:IM', 'state'),
(258, 16, 'NG:AD', 'state'),
(259, 16, 'NG:BA', 'state'),
(260, 16, 'NG:BO', 'state'),
(261, 16, 'NG:GO', 'state'),
(262, 16, 'NG:JI', 'state'),
(263, 16, 'NG:KD', 'state'),
(264, 16, 'NG:KN', 'state'),
(265, 16, 'NG:KT', 'state'),
(266, 16, 'NG:KE', 'state'),
(267, 16, 'NG:KO', 'state'),
(268, 16, 'NG:NA', 'state'),
(269, 16, 'NG:NI', 'state'),
(270, 16, 'NG:PL', 'state'),
(271, 16, 'NG:SO', 'state'),
(272, 16, 'NG:TA', 'state'),
(273, 16, 'NG:YO', 'state'),
(274, 16, 'NG:ZA', 'state');

-- --------------------------------------------------------

-- Delete any existing table `wh_woocommerce_shipping_zone_methods`
--
-- Table structure for table `wh_woocommerce_shipping_zone_methods`
--

CREATE TABLE `wh_woocommerce_shipping_zone_methods` (
  `zone_id` bigint(20) unsigned NOT NULL,
  `instance_id` bigint(20) unsigned NOT NULL AUTO_INCREMENT,
  `method_id` varchar(200) NOT NULL,
  `method_order` bigint(20) unsigned NOT NULL,
  `is_enabled` tinyint(1) NOT NULL DEFAULT 1,
  PRIMARY KEY (`instance_id`)
) ENGINE=InnoDB  DEFAULT CHARSET=utf8mb4 COLLATE=utf8mb4_unicode_ci AUTO_INCREMENT=42 ;

--
-- Dumping data for table `wh_woocommerce_shipping_zone_methods`
--

INSERT INTO `wh_woocommerce_shipping_zone_methods` VALUES
(5, 12, 'flat_rate', 1, 0),
(5, 13, 'free_shipping', 2, 0),
(6, 14, 'flat_rate', 1, 1),
(6, 15, 'free_shipping', 2, 1),
(7, 16, 'flat_rate', 1, 0),
(7, 17, 'free_shipping', 2, 0),
(8, 18, 'flat_rate', 1, 1),
(8, 19, 'free_shipping', 2, 1),
(9, 20, 'flat_rate', 1, 1),
(9, 22, 'free_shipping', 3, 1),
(10, 23, 'flat_rate', 1, 1),
(10, 24, 'free_shipping', 2, 1),
(11, 25, 'flat_rate', 1, 1),
(11, 26, 'free_shipping', 2, 1),
(12, 27, 'flat_rate', 1, 1),
(12, 28, 'free_shipping', 2, 1),
(13, 29, 'flat_rate', 1, 1),
(13, 30, 'local_pickup', 4, 1),
(13, 31, 'free_shipping', 3, 1),
(13, 32, 'flat_rate', 2, 1),
(14, 33, 'flat_rate', 1, 1),
(14, 34, 'free_shipping', 3, 1),
(14, 35, 'flat_rate', 2, 1),
(15, 36, 'flat_rate', 1, 1),
(15, 37, 'flat_rate', 2, 1),
(15, 38, 'free_shipping', 3, 1),
(16, 39, 'flat_rate', 1, 1),
(16, 40, 'flat_rate', 2, 1),
(16, 41, 'free_shipping', 3, 1);

-- --------------------------------------------------------

-- Delete any existing table `wh_woocommerce_tax_rates`
--
-- Table structure for table `wh_woocommerce_tax_rates`
--

CREATE TABLE `wh_woocommerce_tax_rates` (
  `tax_rate_id` bigint(20) unsigned NOT NULL AUTO_INCREMENT,
  `tax_rate_country` varchar(2) NOT NULL DEFAULT '',
  `tax_rate_state` varchar(200) NOT NULL DEFAULT '',
  `tax_rate` varchar(8) NOT NULL DEFAULT '',
  `tax_rate_name` varchar(200) NOT NULL DEFAULT '',
  `tax_rate_priority` bigint(20) unsigned NOT NULL,
  `tax_rate_compound` int(1) NOT NULL DEFAULT 0,
  `tax_rate_shipping` int(1) NOT NULL DEFAULT 1,
  `tax_rate_order` bigint(20) unsigned NOT NULL,
  `tax_rate_class` varchar(200) NOT NULL DEFAULT '',
  PRIMARY KEY (`tax_rate_id`),
  KEY `tax_rate_country` (`tax_rate_country`),
  KEY `tax_rate_state` (`tax_rate_state`(2)),
  KEY `tax_rate_class` (`tax_rate_class`(10)),
  KEY `tax_rate_priority` (`tax_rate_priority`)
) ENGINE=InnoDB DEFAULT CHARSET=utf8mb4 COLLATE=utf8mb4_unicode_ci AUTO_INCREMENT=1 ;

-- --------------------------------------------------------

-- Delete any existing table `wh_woocommerce_tax_rate_locations`
--
-- Table structure for table `wh_woocommerce_tax_rate_locations`
--

CREATE TABLE `wh_woocommerce_tax_rate_locations` (
  `location_id` bigint(20) unsigned NOT NULL AUTO_INCREMENT,
  `location_code` varchar(200) NOT NULL,
  `tax_rate_id` bigint(20) unsigned NOT NULL,
  `location_type` varchar(40) NOT NULL,
  PRIMARY KEY (`location_id`),
  KEY `tax_rate_id` (`tax_rate_id`),
  KEY `location_type_code` (`location_type`(10),`location_code`(20))
) ENGINE=InnoDB DEFAULT CHARSET=utf8mb4 COLLATE=utf8mb4_unicode_ci AUTO_INCREMENT=1 ;

-- --------------------------------------------------------

-- Delete any existing table `wp_termmeta`
--
-- Table structure for table `wp_termmeta`
--

CREATE TABLE `wp_termmeta` (
  `meta_id` bigint(20) unsigned NOT NULL AUTO_INCREMENT,
  `term_id` bigint(20) unsigned NOT NULL DEFAULT 0,
  `meta_key` varchar(255) DEFAULT NULL,
  `meta_value` longtext DEFAULT NULL,
  PRIMARY KEY (`meta_id`),
  KEY `term_id` (`term_id`),
  KEY `meta_key` (`meta_key`(191))
) ENGINE=InnoDB DEFAULT CHARSET=utf8mb3 COLLATE=utf8mb3_general_ci AUTO_INCREMENT=1 ;

-- --------------------------------------------------------

